000
CXUS53 KEAX 010736
CF6IRK
PRELIMINARY LOCAL CLIMATOLOGICAL DATA (WS FORM: F-6)
STATION: KIRKSVILLE MO
MONTH: JULY
YEAR: 2022
LATITUDE: 40 5 N
LONGITUDE: 92 33 W
TEMPERATURE IN F: :PCPN: SNOW: WIND :SUNSHINE: SKY :PK WND
================================================================================
1 2 3 4 5 6A 6B 7 8 9 10 11 12 13 14 15 16 17 18
12Z AVG MX 2MIN
DY MAX MIN AVG DEP HDD CDD WTR SNW DPTH SPD SPD DIR MIN PSBL S-S WX SPD DR
================================================================================
1 81 64 73 -2 0 8 0.03 M M 6.9 15 40 M M 6 38 19 20
2 79 61 70 -5 0 5 T M M 5.8 12 110 M M 2 1 17 100
3 87 60 74 -1 0 9 0.00 M M 7.8 14 130 M M 3 19 110
4 94 72 83 8 0 18 0.00 M M 9.4 18 200 M M 1 1 28 210
5 97 71 84 9 0 19 0.21 M M 8.2 26 360 M M 1 13 39 350
6 84 70 77 2 0 12 0.17 M M 5.4 17 50 M M 6 13 21 40
7 81 69 75 0 0 10 1.40 M M 6.3 22 290 M M 8 13 35 290
8 86 71 79 4 0 14 1.29 M M 8.1 17 360 M M 8 13 24 20
9 83 66 75 0 0 10 0.00 M M 8.6 16 40 M M 3 1 22 40
10 85 63 74 -1 0 9 0.00 M M 5.1 14 210 M M 1 12 20 170
11 88 68 78 3 0 13 0.00 M M 7.2 16 340 M M 0 31 320
12 84 61 73 -3 0 8 0.00 M M 5.1 14 350 M M 0 25 10
13 87 59 73 -3 0 8 0.00 M M 3.5 12 300 M M 0 1 15 310
14 91 63 77 1 0 12 0.00 M M 5.0 12 180 M M 1 16 180
15 90 69 80 4 0 15 0.05 M M 8.8 18 190 M M 2 26 180
16 78 71 75 -1 0 10 0.01 M M 5.9 10 20 M M 9 1 14 20
17 84 67 76 0 0 11 0.97 M M 4.0 10 30 M M 5 13 14 30
18 86 63 75 -1 0 10 0.00 M M 1.6 7 30 M M 1 12 10 330
19 89 65 77 1 0 12 0.00 M M 6.3 17 170 M M 0 23 190
20 88 67 78 2 0 13 0.00 M M 7.2 16 300 M M 0 1 24 310
21 90 62 76 0 0 11 0.00 M M 6.1 15 230 M M 0 1 22 240
22 91 63 77 1 0 12 0.00 M M 6.5 15 170 M M 0 20 200
23 93 75 84 8 0 19 0.00 M M 8.7 18 210 M M 0 28 200
24 84 63 74 -2 0 9 0.00 M M 8.1 17 340 M M 1 24 330
25 73 59 66 -10 0 1 0.11 M M 3.5 12 50 M M 4 1 16 50
26 73 62 68 -8 0 3 0.66 M M 4.8 14 130 M M 10 13 18 140
27 86 63 75 -1 0 10 0.02 M M 5.7 14 280 M M 4 1 18 260
28 82 60 71 -5 0 6 0.00 M M 5.9 14 20 M M 1 1 19 10
29 80 53 67 -9 0 2 0.00 M M 3.1 10 340 M M 1 1 16 340
30 82 55 69 -7 0 4 0.00 M M 4.3 13 160 M M 2 1 18 150
31 83 67 75 -1 0 10 0.02 M M 6.4 14 210 M M 6 1 20 190
================================================================================
SM 2639 2002 0 313 4.94 M 189.3 M 86
================================================================================
AV 85.1 64.6 6.1 FASTST M M 3 MAX(MPH)
MISC ----> 26 360 39 350
================================================================================
NOTES:
# LAST OF SEVERAL OCCURRENCES
COLUMN 17 PEAK WIND IN M.P.H.
PRELIMINARY LOCAL CLIMATOLOGICAL DATA (WS FORM: F-6) , PAGE 2
STATION: KIRKSVILLE MO
MONTH: JULY
YEAR: 2022
LATITUDE: 40 5 N
LONGITUDE: 92 33 W
[TEMPERATURE DATA] [PRECIPITATION DATA] SYMBOLS USED IN COLUMN 16
AVERAGE MONTHLY: 74.9 TOTAL FOR MONTH: 4.94 1 = FOG OR MIST
DPTR FM NORMAL: -0.5 DPTR FM NORMAL: 0.59 2 = FOG REDUCING VISIBILITY
HIGHEST: 97 ON 5 GRTST 24HR 2.22 ON 7- 8 TO 1/4 MILE OR LESS
LOWEST: 53 ON 29 3 = THUNDER
SNOW, ICE PELLETS, HAIL 4 = ICE PELLETS
TOTAL MONTH: M 5 = HAIL
GRTST 24HR M ON M 6 = FREEZING RAIN OR DRIZZLE
GRTST DEPTH: M ON M 7 = DUSTSTORM OR SANDSTORM:
VSBY 1/2 MILE OR LESS
8 = SMOKE OR HAZE
[NO. OF DAYS WITH] [WEATHER - DAYS WITH] 9 = BLOWING SNOW
X = TORNADO
MAX 32 OR BELOW: 0 0.01 INCH OR MORE: 12
MAX 90 OR ABOVE: 7 0.10 INCH OR MORE: 7
MIN 32 OR BELOW: 0 0.50 INCH OR MORE: 4
MIN 0 OR BELOW: 0 1.00 INCH OR MORE: 2
[HDD (BASE 65) ]
TOTAL THIS MO. 0 CLEAR (SCALE 0-3) 21
DPTR FM NORMAL -2 PTCLDY (SCALE 4-7) 8
TOTAL FM JUL 1 0 CLOUDY (SCALE 8-10) 2
DPTR FM NORMAL 0
[CDD (BASE 65) ]
TOTAL THIS MO. 313
DPTR FM NORMAL -11 [PRESSURE DATA]
TOTAL FM JAN 1 678 HIGHEST SLP M ON M
DPTR FM NORMAL 66 LOWEST SLP 29.72 ON 19
[REMARKS]
#FINAL-07-22#