000
CXUS55 KEAX 010736
CF6IRK
PRELIMINARY LOCAL CLIMATOLOGICAL DATA (WS FORM: F-6)
STATION: KIRKSVILLE MO
MONTH: APRIL
YEAR: 2021
LATITUDE: 40 5 N
LONGITUDE: 92 33 W
TEMPERATURE IN F: :PCPN: SNOW: WIND :SUNSHINE: SKY :PK WND
================================================================================
1 2 3 4 5 6A 6B 7 8 9 10 11 12 13 14 15 16 17 18
12Z AVG MX 2MIN
DY MAX MIN AVG DEP HDD CDD WTR SNW DPTH SPD SPD DIR MIN PSBL S-S WX SPD DR
================================================================================
1 47 19 33 -14 32 0 0.00 M M 5.3 13 320 M M 0 19 10
2 61 25 43 -4 22 0 0.00 M M 13.1 24 160 M M 0 31 160
3 73 45 59 11 6 0 0.00 M M 11.1 22 220 M M 0 31 200
4 79 51 65 17 0 0 0.00 M M 10.0 21 220 M M 0 32 210
5 79 57 68 20 0 3 0.00 M M 14.0 26 190 M M 0 36 190
6 79 55 67 18 0 2 0.00 M M 13.3 23 210 M M 1 30 160
7 69 49 59 10 6 0 0.90 M M 12.3 33 160 M M 6 123 47 200
8 55 46 51 2 14 0 0.10 M M 10.6 17 190 M M 10 18 24 190
9 71 48 60 10 5 0 0.07 M M 9.6 17 280 M M 3 26 270
10 52 45 49 -1 16 0 1.57 M M 15.5 26 330 M M 10 1 38 340
11 67 42 55 5 10 0 0.00 M M 11.6 22 290 M M 3 31 290
12 61 41 51 0 14 0 0.00 M M 9.4 20 280 M M 2 27 300
13 60 34 47 -4 18 0 0.00 M M 7.7 20 270 M M 0 8 31 270
14 54 31 43 -8 22 0 0.00 M M 8.9 20 280 M M 0 8 27 280
15 58 32 45 -7 20 0 0.00 M M 6.7 15 350 M M 1 20 340
16 54 33 44 -8 21 0 0.01 M M 5.2 10 300 M M 5 1 14 310
17 60 43 52 0 13 0 0.05 M M 5.9 13 220 M M 8 1 16 230
18 62 43 53 0 12 0 T M M 7.6 14 290 M M 6 19 290
19 52 34 43 -10 22 0 0.00 M M 10.1 20 10 M M 5 28 20
20 44 27 36 -17 29 0 0.19 M M 7.9 16 320 M M 7 18 24 320
21 50 24 37 -17 28 0 0.01 M M 8.2 23 290 M M 4 34 300
22 57 25 41 -13 24 0 0.00 M M 7.3 14 220 M M 2 19 180
23 59 44 52 -2 13 0 0.03 M M 8.3 16 170 M M 10 1 22 170
24 64 42 53 -1 12 0 0.00 M M 8.5 18 20 M M 3 1 26 20
25 67 38 53 -2 12 0 0.00 M M 10.9 23 140 M M 0 30 140
26 85 50 68 13 0 3 0.00 M M 17.5 31 210 M M 0 44 210
27 84 63 74 18 0 9 0.00 M M 13.5 23 210 M M 0 33 220
28 75 59 67 11 0 2 0.78 M M 6.4 16 30 M M 10 138 21 10
29 74 50 62 6 3 0 T M M 9.0 21 350 M M 3 1 27 340
30 79 43 61 5 4 0 0.00 M M 6.0 13 10 M M 1 20 320
================================================================================
SM 1931 1238 378 19 3.71 M 291.4 M 100
================================================================================
AV 64.4 41.3 9.7 FASTST M M 3 MAX(MPH)
MISC ----> 33 160 47 200
================================================================================
NOTES:
# LAST OF SEVERAL OCCURRENCES
COLUMN 17 PEAK WIND IN M.P.H.
PRELIMINARY LOCAL CLIMATOLOGICAL DATA (WS FORM: F-6) , PAGE 2
STATION: KIRKSVILLE MO
MONTH: APRIL
YEAR: 2021
LATITUDE: 40 5 N
LONGITUDE: 92 33 W
[TEMPERATURE DATA] [PRECIPITATION DATA] SYMBOLS USED IN COLUMN 16
AVERAGE MONTHLY: 52.8 TOTAL FOR MONTH: 3.71 1 = FOG OR MIST
DPTR FM NORMAL: 1.0 DPTR FM NORMAL: -0.13 2 = FOG REDUCING VISIBILITY
HIGHEST: 85 ON 26 GRTST 24HR 1.57 ON 10-10 TO 1/4 MILE OR LESS
LOWEST: 19 ON 1 3 = THUNDER
SNOW, ICE PELLETS, HAIL 4 = ICE PELLETS
TOTAL MONTH: M 5 = HAIL
GRTST 24HR M ON M 6 = FREEZING RAIN OR DRIZZLE
GRTST DEPTH: M ON M 7 = DUSTSTORM OR SANDSTORM:
VSBY 1/2 MILE OR LESS
8 = SMOKE OR HAZE
[NO. OF DAYS WITH] [WEATHER - DAYS WITH] 9 = BLOWING SNOW
X = TORNADO
MAX 32 OR BELOW: 0 0.01 INCH OR MORE: 10
MAX 90 OR ABOVE: 0 0.10 INCH OR MORE: 5
MIN 32 OR BELOW: 7 0.50 INCH OR MORE: 3
MIN 0 OR BELOW: 0 1.00 INCH OR MORE: 1
[HDD (BASE 65) ]
TOTAL THIS MO. 378 CLEAR (SCALE 0-3) 19
DPTR FM NORMAL -25 PTCLDY (SCALE 4-7) 7
TOTAL FM JUL 1 5451 CLOUDY (SCALE 8-10) 4
DPTR FM NORMAL -238
[CDD (BASE 65) ]
TOTAL THIS MO. 19
DPTR FM NORMAL 12 [PRESSURE DATA]
TOTAL FM JAN 1 19 HIGHEST SLP M ON M
DPTR FM NORMAL 12 LOWEST SLP 29.48 ON 8
[REMARKS]
#FINAL-04-21#