000
CXUS51 KOKX 010910
CF6ISP
PRELIMINARY LOCAL CLIMATOLOGICAL DATA (WS FORM: F-6)
STATION: ISLIP NY
MONTH: MAY
YEAR: 2023
LATITUDE: 40 47 N
LONGITUDE: 73 6 W
TEMPERATURE IN F: :PCPN: SNOW: WIND :SUNSHINE: SKY :PK WND
================================================================================
1 2 3 4 5 6A 6B 7 8 9 10 11 12 13 14 15 16 17 18
12Z AVG MX 2MIN
DY MAX MIN AVG DEP HDD CDD WTR SNW DPTH SPD SPD DIR MIN PSBL S-S WX SPD DR
================================================================================
1 62 50 56 1 9 0 0.01 0.0 0 15.7 25 270 M M 6 1 34 290
2 57 45 51 -4 14 0 0.06 0.0 0 9.7 23 240 M M 8 1 30 240
3 57 41 49 -7 16 0 T 0.0 0 7.5 18 190 M M 6 24 190
4 56 46 51 -5 14 0 0.05 0.0 0 7.3 18 40 M M 9 1 22 30
5 62 41 52 -4 13 0 0.00 0.0 0 6.5 14 150 M M 5 1 19 170
6 72 46 59 2 6 0 0.00 0.0 0 8.1 18 320 M M 3 26 330
7 75 49 62 5 3 0 0.03 0.0 0 9.6 18 190 M M 5 25 220
8 77 55 66 9 0 1 0.01 0.0 0 10.5 20 300 M M 6 25 310
9 65 47 56 -2 9 0 0.00 0.0 0 6.8 15 120 M M 6 19 130
10 67 42 55 -3 10 0 0.00 0.0 0 7.2 20 230 M M 5 23 230
11 78 46 62 4 3 0 0.00 0.0 0 7.1 21 230 M M 4 24 210
12 85 55 70 12 0 5 0.00 0.0 0 8.0 21 220 M M 6 27 220
13 81 60 71 12 0 6 T 0.0 0 5.5 13 290 M M 7 17 280
14 71 54 63 4 2 0 0.00 0.0 0 10.3 21 10 M M 5 27 340
15 72 46 59 0 6 0 0.00 0.0 0 9.4 22 240 M M 5 26 230
16 76 51 64 4 1 0 0.00 0.0 0 11.5 23 230 M M 5 29 210
17 64 48 56 -4 9 0 0.00 0.0 0 15.4 26 330 M M 3 35 340
18 57 38 48 -12 17 0 0.00 0.0 0 7.8 16 170 M M 2 24 180
19 67 51 59 -1 6 0 0.00 0.0 0 11.1 22 170 M M 6 28 160
20 65 57 61 0 4 0 1.73 0.0 0 9.2 22 160 M M 10 12 27 160
21 71 56 64 3 1 0 T 0.0 0 9.8 17 290 M M 6 12 23 290
22 74 53 64 3 1 0 0.00 0.0 0 8.5 17 30 M M 5 22 40
23 65 49 57 -5 8 0 0.00 0.0 0 7.0 20 140 M M 6 23 150
24 70 46 58 -4 7 0 0.02 0.0 0 6.9 18 350 M M 5 26 360
25 67 49 58 -4 7 0 0.00 0.0 0 12.7 22 10 M M 3 29 10
26 72 48 60 -2 5 0 0.00 0.0 0 7.3 16 210 M M 2 23 330
27 75 48 62 -1 3 0 0.00 0.0 0 6.1 15 20 M M 5 19 30
28 74 50 62 -1 3 0 0.00 0.0 0 6.2 14 220 M M 4 18 210
29 77 53 65 2 0 0 0.00 0.0 0 10.5 21 110 M M 3 28 60
30 68 47 58 -6 7 0 0.00 0.0 0 8.4 18 150 M M 3 8 23 140
31 73 49 61 -3 4 0 0.00 0.0 0 4.5 13 150 M M 6 12 17 150
================================================================================
SM 2152 1516 188 12 1.91 0.0 272.1 M 160
================================================================================
AV 69.4 48.9 8.8 FASTST M M 5 MAX(MPH)
MISC ----> 26 330 35 340
================================================================================
NOTES:
# LAST OF SEVERAL OCCURRENCES
COLUMN 17 PEAK WIND IN M.P.H.
PRELIMINARY LOCAL CLIMATOLOGICAL DATA (WS FORM: F-6) , PAGE 2
STATION: ISLIP NY
MONTH: MAY
YEAR: 2023
LATITUDE: 40 47 N
LONGITUDE: 73 6 W
[TEMPERATURE DATA] [PRECIPITATION DATA] SYMBOLS USED IN COLUMN 16
AVERAGE MONTHLY: 59.2 TOTAL FOR MONTH: 1.91 1 = FOG OR MIST
DPTR FM NORMAL: -0.3 DPTR FM NORMAL: -1.37 2 = FOG REDUCING VISIBILITY
HIGHEST: 85 ON 12 GRTST 24HR 1.73 ON 20-20 TO 1/4 MILE OR LESS
LOWEST: 38 ON 18 3 = THUNDER
SNOW, ICE PELLETS, HAIL 4 = ICE PELLETS
TOTAL MONTH: 0.0 INCH 5 = HAIL
GRTST 24HR 0.0 6 = FREEZING RAIN OR DRIZZLE
GRTST DEPTH: 0 7 = DUSTSTORM OR SANDSTORM:
VSBY 1/2 MILE OR LESS
8 = SMOKE OR HAZE
[NO. OF DAYS WITH] [WEATHER - DAYS WITH] 9 = BLOWING SNOW
X = TORNADO
MAX 32 OR BELOW: 0 0.01 INCH OR MORE: 7
MAX 90 OR ABOVE: 0 0.10 INCH OR MORE: 1
MIN 32 OR BELOW: 0 0.50 INCH OR MORE: 1
MIN 0 OR BELOW: 0 1.00 INCH OR MORE: 1
[HDD (BASE 65) ]
TOTAL THIS MO. 188 CLEAR (SCALE 0-3) 6
DPTR FM NORMAL -8 PTCLDY (SCALE 4-7) 23
TOTAL FM JUL 1 4396 CLOUDY (SCALE 8-10) 2
DPTR FM NORMAL -758
[CDD (BASE 65) ]
TOTAL THIS MO. 12
DPTR FM NORMAL -15 [PRESSURE DATA]
TOTAL FM JAN 1 24 HIGHEST SLP M ON M
DPTR FM NORMAL -5 LOWEST SLP 29.00 ON 1
[REMARKS]
#FINAL-05-23#