000
CXUS52 TJSJ 010440
CF6IST
PRELIMINARY LOCAL CLIMATOLOGICAL DATA (WS FORM: F-6)
STATION: CYRIL E. KING AP/ST THOMAS
MONTH: JUNE
YEAR: 2023
LATITUDE: 18 19 N
LONGITUDE: 64 58 W
TEMPERATURE IN F: :PCPN: SNOW: WIND :SUNSHINE: SKY :PK WND
================================================================================
1 2 3 4 5 6A 6B 7 8 9 10 11 12 13 14 15 16 17 18
12Z AVG MX 2MIN
DY MAX MIN AVG DEP HDD CDD WTR SNW DPTH SPD SPD DIR MIN PSBL S-S WX SPD DR
================================================================================
1 88 80 84 1 0 19 T M M 11.9 20 130 M M 4 24 130
2 88 82 85 2 0 20 0.00 M M 13.0 17 130 M M M 22 130
3 88 82 85 1 0 20 0.00 0.0 0 13.9 18 160 M M M 23 160
4 88 83 86 2 0 21 T M M 12.5 21 140 M M M 22 150
5 89 81 85 1 0 20 0.00 M M 11.2 21 140 M M M 17 130
6 89 81 85 1 0 20 T M M 10.4 18 130 M M 2 22 130
7 89 81 85 1 0 20 0.00 M M 11.6 18 120 M M 2 23 110
8 89 83 86 2 0 21 T M M 12.7 18 120 M M 1 26 130
9 89 80 85 1 0 20 0.30 M M 12.9 21 110 M M 4 1 27 100
10 89 81 85 1 0 20 0.00 M M 12.8 21 130 M M 2 27 120
11 89 81 85 1 0 20 0.00 M M 12.8 21 120 M M 1 26 120
12 91 82 87 3 0 22 T M M 13.3 21 80 M M 3 25 90
13 90 80 85 1 0 20 0.02 M M 12.9 22 130 M M 2 1 27 130
14 89 81 85 1 0 20 0.05 M M 12.7 20 130 M M 2 1 26 110
15 91 83 87 3 0 22 T M M 14.2 22 120 M M 2 28 120
16 90 81 86 2 0 21 0.00 M M 12.2 21 130 M M 2 26 130
17 89 78 84 0 0 19 0.11 M M 9.9 17 120 M M 3 26 40
18 88 79 84 0 0 19 0.13 M M 9.6 17 120 M M 2 23 120
19 89 79 84 0 0 19 0.04 M M 11.3 17 130 M M 2 23 110
20 89 79 84 0 0 19 0.12 M M 12.8 20 140 M M 2 8 29 140
21 90 80 85 1 0 20 0.01 M M 14.6 23 100 M M 3 29 100
22 93 83 88 4 0 23 T M M 13.8 22 90 M M 2 29 90
23 93 79 86 2 0 21 0.09 M M 11.9 21 80 M M 2 8 26 70
24 88 79 84 0 0 19 0.18 M M 10.7 21 90 M M 3 28 90
25 91 79 85 1 0 20 T M M 7.8 16 130 M M 2 21 360
26 91 78 85 1 0 20 0.00 M M 6.3 15 140 M M 1 18 140
27 90 81 86 2 0 21 T M M 8.8 20 90 M M 1 3 24 90
28 90 79 85 1 0 20 0.08 M M 10.2 20 130 M M 3 138 24 130
29 85 75 80 -4 0 15 0.39 M M 12.3 28 150 M M 5 138 36 170
30 88 80 84 0 0 19 T M M 10.4 17 140 M M 3 22 140
================================================================================
SM 2680 2410 0 600 1.52 0.0 351.4 M 61
================================================================================
AV 89.3 80.3 11.7 FASTST M M 2 MAX(MPH)
MISC ----> 28 150 36 170
================================================================================
NOTES:
# LAST OF SEVERAL OCCURRENCES
COLUMN 17 PEAK WIND IN M.P.H.
PRELIMINARY LOCAL CLIMATOLOGICAL DATA (WS FORM: F-6) , PAGE 2
STATION: CYRIL E. KING AP/ST THOMAS
MONTH: JUNE
YEAR: 2023
LATITUDE: 18 19 N
LONGITUDE: 64 58 W
[TEMPERATURE DATA] [PRECIPITATION DATA] SYMBOLS USED IN COLUMN 16
AVERAGE MONTHLY: 84.8 TOTAL FOR MONTH: 1.52 1 = FOG OR MIST
DPTR FM NORMAL: 0.7 DPTR FM NORMAL: -0.83 2 = FOG REDUCING VISIBILITY
HIGHEST: 93 ON 23,22 GRTST 24HR 0.47 ON 28-29 TO 1/4 MILE OR LESS
LOWEST: 75 ON 29 3 = THUNDER
SNOW, ICE PELLETS, HAIL 4 = ICE PELLETS
TOTAL MONTH: 0.0 INCH 5 = HAIL
GRTST 24HR 0.0 6 = FREEZING RAIN OR DRIZZLE
GRTST DEPTH: 0 7 = DUSTSTORM OR SANDSTORM:
VSBY 1/2 MILE OR LESS
8 = SMOKE OR HAZE
[NO. OF DAYS WITH] [WEATHER - DAYS WITH] 9 = BLOWING SNOW
X = TORNADO
MAX 32 OR BELOW: 0 0.01 INCH OR MORE: 12
MAX 90 OR ABOVE: 11 0.10 INCH OR MORE: 6
MIN 32 OR BELOW: 0 0.50 INCH OR MORE: 0
MIN 0 OR BELOW: 0 1.00 INCH OR MORE: 0
[HDD (BASE 65) ]
TOTAL THIS MO. 0 CLEAR (SCALE 0-3) 21
DPTR FM NORMAL 0 PTCLDY (SCALE 4-7) 5
TOTAL FM JUL 1 0 CLOUDY (SCALE 8-10) 4
DPTR FM NORMAL 0
[CDD (BASE 65) ]
TOTAL THIS MO. 600
DPTR FM NORMAL 27 [PRESSURE DATA]
TOTAL FM JAN 1 2853 HIGHEST SLP M ON M
DPTR FM NORMAL 17 LOWEST SLP 29.88 ON 28
[REMARKS]
#FINAL-06-23#