654
CXUS52 TJSJ 010431
CF6IST
PRELIMINARY LOCAL CLIMATOLOGICAL DATA (WS FORM: F-6)
STATION: CYRIL E. KING AP/ST THOMAS
MONTH: APRIL
YEAR: 2020
LATITUDE: 18 19 N
LONGITUDE: 64 58 W
TEMPERATURE IN F: :PCPN: SNOW: WIND :SUNSHINE: SKY :PK WND
================================================================================
1 2 3 4 5 6A 6B 7 8 9 10 11 12 13 14 15 16 17 18
12Z AVG MX 2MIN
DY MAX MIN AVG DEP HDD CDD WTR SNW DPTH SPD SPD DIR MIN PSBL S-S WX SPD DR
================================================================================
1 M M M M M M 0.00 0.0 0 9.3 12 140 M M 1 M M
2 85 73 79 -1 0 14 0.00 0.0 0 8.5 14 130 M M 1 17 120
3 84 76 80 0 0 15 0.00 0.0 0 6.3 10 160 M M 2 14 150
4 84 73 79 -1 0 14 0.00 0.0 0 3.5 9 170 M M 3 12 160
5 85 74 80 0 0 15 T 0.0 0 3.9 15 30 M M 3 20 20
6 86 77 82 2 0 17 T 0.0 0 8.9 15 20 M M 1 22 20
7 87 77 82 2 0 17 T 0.0 0 8.6 20 30 M M 3 23 60
8 86 78 82 2 0 17 T 0.0 0 9.2 17 120 M M 4 22 110
9 85 78 82 2 0 17 0.22 0.0 0 7.6 12 200 M M 3 1 14 160
10 86 79 83 3 0 18 0.00 0.0 0 8.2 13 140 M M 3 16 180
11 86 79 83 3 0 18 0.00 0.0 0 6.4 10 150 M M 1 13 160
12 86 78 82 2 0 17 T 0.0 0 10.3 16 60 M M 2 23 60
13 89 79 84 3 0 19 T 0.0 0 13.1 22 70 M M 3 27 60
14 89 78 84 3 0 19 T 0.0 0 11.4 20 90 M M 2 28 90
15 87 77 82 1 0 17 0.06 0.0 0 10.6 20 130 M M 3 23 130
16 86 75 81 0 0 16 0.00 0.0 0 9.8 21 130 M M 2 25 130
17 86 77 82 1 0 17 0.00 0.0 0 10.7 17 130 M M 2 21 130
18 87 76 82 1 0 17 0.00 0.0 0 10.6 17 130 M M 1 21 90
19 86 77 82 1 0 17 0.00 0.0 0 10.3 18 140 M M 1 22 130
20 87 76 82 1 0 17 T 0.0 0 10.5 21 120 M M 2 8 26 130
21 87 78 83 2 0 18 0.00 0.0 0 11.1 20 140 M M 2 24 140
22 87 79 83 2 0 18 T 0.0 0 9.5 15 130 M M 5 18 140
23 86 79 83 2 0 18 0.01 0.0 0 10.3 21 110 M M 5 24 130
24 89 78 84 3 0 19 0.04 0.0 0 10.9 21 130 M M 4 8 30 80
25 87 75 81 0 0 16 T 0.0 0 12.0 24 120 M M 4 31 130
26 91 77 84 3 0 19 T 0.0 0 12.3 24 120 M M 2 30 120
27 86 77 82 1 0 17 0.04 0.0 0 10.2 21 130 M M 2 26 120
28 86 76 81 0 0 16 0.11 0.0 0 7.1 20 120 M M 6 18 26 110
29 87 76 82 1 0 17 0.13 0.0 0 10.9 20 130 M M 2 1 26 130
30 87 76 82 1 0 17 0.31 0.0 0 11.1 21 90 M M 2 1 27 110
================================================================================
SM 2510 2228 0 493 0.92 0.0 283.1 M 77
================================================================================
AV 86.6 76.8 9.4 FASTST M M 3 MAX(MPH)
MISC ----> # 24 120 # 31 130
================================================================================
NOTES:
# LAST OF SEVERAL OCCURRENCES
COLUMN 17 PEAK WIND IN M.P.H.
PRELIMINARY LOCAL CLIMATOLOGICAL DATA (WS FORM: F-6) , PAGE 2
STATION: CYRIL E. KING AP/ST THOMAS
MONTH: APRIL
YEAR: 2020
LATITUDE: 18 19 N
LONGITUDE: 64 58 W
[TEMPERATURE DATA] [PRECIPITATION DATA] SYMBOLS USED IN COLUMN 16
AVERAGE MONTHLY: 81.7 TOTAL FOR MONTH: 0.92 1 = FOG OR MIST
DPTR FM NORMAL: 1.1 DPTR FM NORMAL: -1.82 2 = FOG REDUCING VISIBILITY
HIGHEST: 91 ON 26 GRTST 24HR 0.31 ON 30-30 TO 1/4 MILE OR LESS
LOWEST: 73 ON 4, 2 3 = THUNDER
SNOW, ICE PELLETS, HAIL 4 = ICE PELLETS
TOTAL MONTH: 0.0 INCH 5 = HAIL
GRTST 24HR 0.0 6 = FREEZING RAIN OR DRIZZLE
GRTST DEPTH: 0 7 = DUSTSTORM OR SANDSTORM:
VSBY 1/2 MILE OR LESS
8 = SMOKE OR HAZE
[NO. OF DAYS WITH] [WEATHER - DAYS WITH] 9 = BLOWING SNOW
X = TORNADO
MAX 32 OR BELOW: 0 0.01 INCH OR MORE: 8
MAX 90 OR ABOVE: 1 0.10 INCH OR MORE: 4
MIN 32 OR BELOW: 0 0.50 INCH OR MORE: 0
MIN 0 OR BELOW: 0 1.00 INCH OR MORE: 0
[HDD (BASE 65) ]
TOTAL THIS MO. 0 CLEAR (SCALE 0-3) 21
DPTR FM NORMAL 0 PTCLDY (SCALE 4-7) 9
TOTAL FM JUL 1 0 CLOUDY (SCALE 8-10) 0
DPTR FM NORMAL 0
[CDD (BASE 65) ]
TOTAL THIS MO. 493
DPTR FM NORMAL 24 [PRESSURE DATA]
TOTAL FM JAN 1 1786 HIGHEST SLP M ON M
DPTR FM NORMAL 58 LOWEST SLP 29.85 ON M
[REMARKS]
#FINAL-04-20#