000
CXCA52 TJSJ 010441
CLMIST
CLIMATE REPORT
NATIONAL WEATHER SERVICE SAN JUAN PR
1241 AM AST SAT JUL 01 2023
...................................
...THE CYRIL E. KING AP/ST THOMAS CLIMATE SUMMARY FOR THE MONTH OF JUNE 2023...
CLIMATE NORMAL PERIOD: 1991 TO 2020
CLIMATE RECORD PERIOD: 1953 TO 2023
WEATHER OBSERVED NORMAL DEPART LAST YEAR`S
VALUE DATE(S) VALUE FROM VALUE
NORMAL
..............................................................
TEMPERATURE (F)
RECORD
HIGH 99 06/23/1996
LOW 67 06/21/1972
06/20/1972
HIGHEST 93 06/22 90 3 93
06/23
LOWEST 75 06/29 78 -3 76
AVG. MAXIMUM 89.3 88.9 0.4 87.6
AVG. MINIMUM 80.3 79.3 1.0 78.4
MEAN 84.8 84.1 0.7 83.0
DAYS MAX >= 90 11 10.8 0.2 5
DAYS MAX <= 32 0 0.0 0.0 0
DAYS MIN <= 32 0 0.0 0.0 0
DAYS MIN <= 0 0 0.0 0.0 0
PRECIPITATION (INCHES)
RECORD
MAXIMUM 9.51 2010
MINIMUM 0.07 2007
TOTALS 1.52 2.35 -0.83 0.34
DAILY AVG. 0.05 0.08 -0.03 0.01
DAYS >= .01 12 10.9 1.1 7
DAYS >= .10 6 4.7 1.3 1
DAYS >= .50 0 1.3 -1.3 0
DAYS >= 1.00 0 0.6 -0.6 0
GREATEST
24 HR. TOTAL 0.47 06/28 TO 06/29
STORM TOTAL 0.39
DEGREE DAYS
HEATING TOTAL 0 0 0 0
SINCE 7/1 0
COOLING TOTAL 600 573 27 547
SINCE 1/1 2853
FREEZE DATES
..............................................................
WIND (MPH)
AVERAGE WIND SPEED 11.7
HIGHEST WIND SPEED/DIRECTION 28/150 DATE 06/29
HIGHEST GUST SPEED/DIRECTION 36/170 DATE 06/29
SKY COVER
AVERAGE SKY COVER 0.23
AVERAGE RH (PERCENT) 76
WEATHER CONDITIONS. NUMBER OF DAYS WITH
THUNDERSTORM 3 MIXED PRECIP 0
HEAVY RAIN 2 RAIN 2
LIGHT RAIN 7 FREEZING RAIN 0
LT FREEZING RAIN 0 HAIL 0
HEAVY SNOW 0 SNOW 0
LIGHT SNOW 0 SLEET 0
FOG 5 FOG W/VIS <= 1/4 MILE 0
HAZE 4
- INDICATES NEGATIVE NUMBERS.
R INDICATES RECORD WAS SET OR TIED.
MM INDICATES DATA IS MISSING.
T INDICATES TRACE AMOUNT.
$$