000
CXCA52 TJSJ 250203
CLMIST
CLIMATE REPORT
NATIONAL WEATHER SERVICE SAN JUAN PR
1003 PM AST FRI MAR 24 2023
...................................
...THE CYRIL E. KING AP/ST THOMAS CLIMATE SUMMARY FOR THE MONTH OF AUGUST 2022...
CLIMATE NORMAL PERIOD: 1991 TO 2020
CLIMATE RECORD PERIOD: 1953 TO 2023
WEATHER OBSERVED NORMAL DEPART LAST YEAR`S
VALUE DATE(S) VALUE FROM VALUE
NORMAL
..............................................................
TEMPERATURE (F)
RECORD
HIGH 99 08/04/1994
08/08/1979
LOW 65 08/07/2001
HIGHEST 94 08/04 90 4 93
08/08
LOWEST 77 08/17 78 -1 76
AVG. MAXIMUM 90.6 89.8 0.8 89.8
AVG. MINIMUM 79.9 79.6 0.3 80.2
MEAN 85.3 84.7 0.6 85.0
DAYS MAX >= 90 19 15.6 3.4 20
DAYS MAX <= 32 0 0.0 0.0 0
DAYS MIN <= 32 0 0.0 0.0 0
DAYS MIN <= 0 0 0.0 0.0 0
PRECIPITATION (INCHES)
RECORD
MAXIMUM 9.14 2011
MINIMUM 0.70 1993
TOTALS 5.85 4.37 1.48 4.35
DAILY AVG. 0.19 0.14 0.05 0.14
DAYS >= .01 17 15.8 1.2 11
DAYS >= .10 7 7.4 -0.4 6
DAYS >= .50 1 2.4 -1.4 2
DAYS >= 1.00 1 1.0 0.0 1
GREATEST
24 HR. TOTAL 4.61
STORM TOTAL 4.24
DEGREE DAYS
HEATING TOTAL 0 0 0 0
SINCE 7/1 0
COOLING TOTAL 638 611 27 630
SINCE 1/1 3899
FREEZE DATES
..............................................................
WIND (MPH)
AVERAGE WIND SPEED 9.8
HIGHEST WIND SPEED/DIRECTION 25/080 DATE 08/03
HIGHEST GUST SPEED/DIRECTION 34/090 DATE 08/03
SKY COVER
AVERAGE SKY COVER 0.24
AVERAGE RH (PERCENT) 72
WEATHER CONDITIONS. NUMBER OF DAYS WITH
THUNDERSTORM MM MIXED PRECIP MM
HEAVY RAIN 1 RAIN 3
LIGHT RAIN 11 FREEZING RAIN MM
LT FREEZING RAIN MM HAIL MM
HEAVY SNOW MM SNOW MM
LIGHT SNOW MM SLEET MM
FOG 6 FOG W/VIS <= 1/4 MILE MM
HAZE 5
- INDICATES NEGATIVE NUMBERS.
R INDICATES RECORD WAS SET OR TIED.
MM INDICATES DATA IS MISSING.
T INDICATES TRACE AMOUNT.
$$