000
CXUS53 KGRB 010741
CF6ISW
PRELIMINARY LOCAL CLIMATOLOGICAL DATA (WS FORM: F-6)
STATION: WISCONSIN RAPIDS ASOS
MONTH: FEBRUARY
YEAR: 2020
LATITUDE: 44 22 N
LONGITUDE: 89 50 W
TEMPERATURE IN F: :PCPN: SNOW: WIND :SUNSHINE: SKY :PK WND
================================================================================
1 2 3 4 5 6A 6B 7 8 9 10 11 12 13 14 15 16 17 18
12Z AVG MX 2MIN
DY MAX MIN AVG DEP HDD CDD WTR SNW DPTH SPD SPD DIR MIN PSBL S-S WX SPD DR
================================================================================
1 38 30 34 17 31 0 0.00 0.0 6 9.7 18 230 M M 8 1 27 230
2 49 23 36 19 29 0 0.00 0.0 6 10.1 23 290 M M 1 1 35 290
3 39 24 32 15 33 0 0.00 0.0 5 6.6 16 360 M M 5 12 22 360
4 27 11 19 2 46 0 0.00 0.0 5 9.7 20 350 M M 4 25 360
5 28 2 15 -2 50 0 0.00 0.0 4 0.9 7 350 M M 1 10 340
6 34 5 20 2 45 0 0.00 0.0 4 0.7 9 350 M M 2 12 340
7 31 11 21 3 44 0 T T 4 4.3 15 300 M M 10 18 18 310
8 26 8 17 -1 48 0 T T 4 4.5 13 80 M M 7 1 16 80
9 22 6 14 -4 51 0 0.73 8.5 11 5.8 14 40 M M 6 128 20 30
10 27 -6 11 -7 54 0 0.00 0.0 11 3.5 13 220 M M 1 18 18 220
11 25 15 20 1 45 0 T T 11 7.9 17 250 M M 7 18 26 280
12 37 12 25 6 40 0 0.13 2.0 12 10.9 23 10 M M 4 1 33 20
13 12 -9 2 -17 63 0 T T 12 11.4 21 360 M M 2 1 28 20
14 12 -21 -4 -24 69 0 0.00 0.0 12 7.0 15 200 M M 0 24 190
15 33 8 21 1 44 0 T T 12 9.7 18 240 M M 4 26 220
16 27 8 18 -2 47 0 0.00 0.0 12 5.2 12 290 M M 4 17 280
17 34 20 27 7 38 0 M M 12 8.1 16 140 M M 9 18 25 130
18 30 8 19 -2 46 0 0.29 3.5 15 13.3 24 300 M M 4 1 34 310
19 14 -7 4 -17 61 0 0.00 0.0 15 7.4 16 310 M M 1 22 300
20 17 -15 1 -20 64 0 0.00 0.0 15 5.4 15 260 M M 0 21 230
21 38 1 20 -2 45 0 0.00 0.0 13 12.0 26 220 M M 0 37 230
22 44 15 30 8 35 0 0.00 0.0 12 7.6 16 210 M M 0 20 210
23 51 27 39 17 26 0 0.00 0.0 12 8.7 18 260 M M 0 25 260
24 41 17 29 6 36 0 0.00 0.0 12 3.3 9 350 M M 0 1 14 310
25 34 26 30 7 35 0 0.00 0.0 12 10.8 20 20 M M 3 27 20
26 28 21 25 2 40 0 0.00 0.0 12 10.8 20 360 M M 9 28 40
27 21 8 15 -9 50 0 M M M 8.5 20 300 M M 6 26 290
28 23 -1 11 -13 54 0 0.00 0.0 M 8.6 22 310 M M 0 30 310
29 35 1 18 -6 47 0 0.00 0.0 M 5.2 12 210 M M 1 15 200
================================================================================
SM 877 248 1316 0 1.15 14.0 217.6 M 99
================================================================================
AV 30.2 8.6 7.5 FASTST M M 3 MAX(MPH)
MISC ----> # 26 220 # 37 230
================================================================================
NOTES:
# LAST OF SEVERAL OCCURRENCES
COLUMN 17 PEAK WIND IN M.P.H.
PRELIMINARY LOCAL CLIMATOLOGICAL DATA (WS FORM: F-6) , PAGE 2
STATION: WISCONSIN RAPIDS ASOS
MONTH: FEBRUARY
YEAR: 2020
LATITUDE: 44 22 N
LONGITUDE: 89 50 W
[TEMPERATURE DATA] [PRECIPITATION DATA] SYMBOLS USED IN COLUMN 16
AVERAGE MONTHLY: 19.4 TOTAL FOR MONTH: 1.15 1 = FOG OR MIST
DPTR FM NORMAL: -0.5 DPTR FM NORMAL: 0.34 2 = FOG REDUCING VISIBILITY
HIGHEST: 51 ON 23 GRTST 24HR 0.73 ON 9- 9 TO 1/4 MILE OR LESS
LOWEST: -21 ON 14 3 = THUNDER
SNOW, ICE PELLETS, HAIL 4 = ICE PELLETS
TOTAL MONTH: 14.0 INCHES 5 = HAIL
GRTST 24HR 8.5 ON 9- 9 6 = FREEZING RAIN OR DRIZZLE
GRTST DEPTH: 15 ON 20,19 7 = DUSTSTORM OR SANDSTORM:
VSBY 1/2 MILE OR LESS
8 = SMOKE OR HAZE
[NO. OF DAYS WITH] [WEATHER - DAYS WITH] 9 = BLOWING SNOW
X = TORNADO
MAX 32 OR BELOW: 16 0.01 INCH OR MORE: 3
MAX 90 OR ABOVE: 0 0.10 INCH OR MORE: 3
MIN 32 OR BELOW: 29 0.50 INCH OR MORE: 1
MIN 0 OR BELOW: 6 1.00 INCH OR MORE: 0
[HDD (BASE 65) ]
TOTAL THIS MO. 1316 CLEAR (SCALE 0-3) 15
DPTR FM NORMAL 53 PTCLDY (SCALE 4-7) 11
TOTAL FM JUL 1 5693 CLOUDY (SCALE 8-10) 3
DPTR FM NORMAL -312
[CDD (BASE 65) ]
TOTAL THIS MO. 0
DPTR FM NORMAL 0 [PRESSURE DATA]
TOTAL FM JAN 1 0 HIGHEST SLP M ON M
DPTR FM NORMAL 0 LOWEST SLP 29.30 ON 2
[REMARKS]
#FINAL-02-20#