000
CXUS52 TJSJ 012220
CF6ISX
PRELIMINARY LOCAL CLIMATOLOGICAL DATA (WS FORM: F-6)
STATION: HENRY E. ROHLSEN AP/ST CROIX
MONTH: MARCH
YEAR: 2022
LATITUDE: 17 42 N
LONGITUDE: 64 48 W
TEMPERATURE IN F: :PCPN: SNOW: WIND :SUNSHINE: SKY :PK WND
================================================================================
1 2 3 4 5 6A 6B 7 8 9 10 11 12 13 14 15 16 17 18
12Z AVG MX 2MIN
DY MAX MIN AVG DEP HDD CDD WTR SNW DPTH SPD SPD DIR MIN PSBL S-S WX SPD DR
================================================================================
1 85 72 79 1 0 14 0.00 M M 10.3 20 100 M M 3 24 100
2 85 74 80 2 0 15 0.09 M M 9.1 16 100 M M 4 1 21 100
3 86 73 80 2 0 15 0.22 M M 9.4 18 100 M M 6 1 24 90
4 85 74 80 2 0 15 T M M 12.3 23 90 M M 5 27 90
5 86 74 80 2 0 15 0.05 M M 13.5 25 100 M M 6 31 90
6 85 74 80 2 0 15 0.00 M M 13.4 32 80 M M 5 38 90
7 85 70 78 0 0 13 0.00 M M 13.8 24 90 M M 4 31 80
8 84 72 78 0 0 13 0.07 M M 12.8 30 90 M M 4 1 37 90
9 86 74 80 2 0 15 0.02 M M 14.2 25 90 M M 3 1 31 80
10 85 74 80 2 0 15 0.01 M M 15.0 25 90 M M 4 8 30 100
11 85 73 79 1 0 14 0.05 M M 13.8 24 100 M M 4 18 30 110
12 85 74 80 2 0 15 0.05 M M 16.3 30 80 M M 6 35 80
13 85 72 79 1 0 14 0.01 M M 13.2 24 100 M M 4 29 90
14 86 72 79 1 0 14 0.02 M M 16.4 30 90 M M 5 1 37 70
15 86 74 80 2 0 15 T M M 16.0 29 90 M M 5 37 90
16 85 72 79 1 0 14 0.06 M M 15.2 26 90 M M 5 18 38 90
17 85 72 79 1 0 14 0.08 M M M M M M M 5 M M
18 85 74 80 2 0 15 0.02 M M M 25 100 M M M 31 90
19 86 74 80 2 0 15 0.02 M M 14.7 25 100 M M M 33 100
20 86 73 80 2 0 15 T M M 15.8 25 100 M M 4 31 90
21 83 71 77 -1 0 12 0.07 M M 9.0 22 120 M M M 28 120
22 86 73 80 2 0 15 0.04 M M 11.5 24 100 M M M 29 90
23 85 73 79 1 0 14 0.00 M M 12.9 24 110 M M M 30 110
24 85 72 79 1 0 14 T M M 16.0 26 90 M M 0 33 90
25 85 73 79 1 0 14 0.06 M M M M M M M 4 M M
26 85 72 79 1 0 14 0.01 M M M M M M M 5 M M
27 82 73 78 0 0 13 0.00 M M 6.3 9 150 M M 3 M M
28 85 71 78 0 0 13 0.05 M M M M M M M 4 M M
29 85 72 79 0 0 14 0.01 M M 8.6 18 100 M M 6 1 23 90
30 83 72 78 -1 0 13 0.17 M M M M M M M 4 M M
31 87 72 80 1 0 15 T M M 16.8 29 100 M M 4 34 90
================================================================================
SM 2637 2255 0 441 1.18 M 326.3 M 112
================================================================================
AV 85.1 72.7 13.1 FASTST M M 4 MAX(MPH)
MISC ----> 32 80 # 38 90
================================================================================
NOTES:
# LAST OF SEVERAL OCCURRENCES
COLUMN 17 PEAK WIND IN M.P.H.
PRELIMINARY LOCAL CLIMATOLOGICAL DATA (WS FORM: F-6) , PAGE 2
STATION: HENRY E. ROHLSEN AP/ST CROIX
MONTH: MARCH
YEAR: 2022
LATITUDE: 17 42 N
LONGITUDE: 64 48 W
[TEMPERATURE DATA] [PRECIPITATION DATA] SYMBOLS USED IN COLUMN 16
AVERAGE MONTHLY: 78.9 TOTAL FOR MONTH: 1.18 1 = FOG OR MIST
DPTR FM NORMAL: 0.7 DPTR FM NORMAL: -0.44 2 = FOG REDUCING VISIBILITY
HIGHEST: 87 ON 31 GRTST 24HR 0.22 ON 3- 3 TO 1/4 MILE OR LESS
LOWEST: 70 ON 7 3 = THUNDER
SNOW, ICE PELLETS, HAIL 4 = ICE PELLETS
TOTAL MONTH: M 5 = HAIL
GRTST 24HR M ON M 6 = FREEZING RAIN OR DRIZZLE
GRTST DEPTH: M ON M 7 = DUSTSTORM OR SANDSTORM:
VSBY 1/2 MILE OR LESS
8 = SMOKE OR HAZE
[NO. OF DAYS WITH] [WEATHER - DAYS WITH] 9 = BLOWING SNOW
X = TORNADO
MAX 32 OR BELOW: 0 0.01 INCH OR MORE: 21
MAX 90 OR ABOVE: 0 0.10 INCH OR MORE: 2
MIN 32 OR BELOW: 0 0.50 INCH OR MORE: 0
MIN 0 OR BELOW: 0 1.00 INCH OR MORE: 0
[HDD (BASE 65) ]
TOTAL THIS MO. 0 CLEAR (SCALE 0-3) 2
DPTR FM NORMAL 0 PTCLDY (SCALE 4-7) 24
TOTAL FM JUL 1 0 CLOUDY (SCALE 8-10) 5
DPTR FM NORMAL 0
[CDD (BASE 65) ]
TOTAL THIS MO. 441
DPTR FM NORMAL 30 [PRESSURE DATA]
TOTAL FM JAN 1 1246 HIGHEST SLP 30.06 ON 31
DPTR FM NORMAL 77 LOWEST SLP 29.95 ON 31
[REMARKS]
#FINAL-03-22#