000
CXUS53 KGLD 010800
CF6ITR
PRELIMINARY LOCAL CLIMATOLOGICAL DATA (WS FORM: F-6)
STATION: BURLINGTON CO
MONTH: NOVEMBER
YEAR: 2020
LATITUDE: 39 15 N
LONGITUDE: 102 17 W
TEMPERATURE IN F: :PCPN: SNOW: WIND :SUNSHINE: SKY :PK WND
================================================================================
1 2 3 4 5 6A 6B 7 8 9 10 11 12 13 14 15 16 17 18
12Z AVG MX 2MIN
DY MAX MIN AVG DEP HDD CDD WTR SNW DPTH SPD SPD DIR MIN PSBL S-S WX SPD DR
================================================================================
1 69 27 48 3 17 0 0.00 M M 11.2 25 190 M M 0 32 180
2 78 35 57 13 8 0 0.00 M M 10.4 22 230 M M 0 28 220
3 83 38 61 17 4 0 0.00 M M 8.1 14 260 M M 0 14 170
4 82 44 63 20 2 0 0.00 M M 12.7 23 330 M M 0 31 340
5 76 39 58 15 7 0 0.00 M M 10.2 16 200 M M 0 20 200
6 82 46 64 22 1 0 0.00 M M 19.0 31 190 M M 0 41 200
7 82 51 67 25 0 2 0.00 M M 24.9 40 170 M M 0 51 180
8 69 45 57 15 8 0 0.00 M M 24.2 40 220 M M 0 53 180
9 57 27 42 1 23 0 T M M 15.5 30 170 M M 7 18 41 180
10 44 19 32 -9 33 0 0.01 M M 7.8 17 350 M M 3 18 21 350
11 50 18 34 -6 31 0 0.00 M M 7.6 18 150 M M 0 26 130
12 46 17 32 -8 33 0 0.00 M M 10.7 24 330 M M 0 34 320
13 62 19 41 2 24 0 0.00 M M 17.0 28 200 M M 0 35 210
14 54 25 40 1 25 0 0.00 M M 19.3 47 330 M M 3 8 63 320
15 59 18 39 1 26 0 0.00 M M 11.5 25 200 M M 0 33 200
16 68 29 49 11 16 0 0.00 M M 10.2 16 190 M M 0 21 150
17 74 34 54 16 11 0 0.00 M M 12.4 22 200 M M 0 26 190
18 80 40 60 23 5 0 0.00 M M 13.3 24 240 M M 0 29 230
19 70 40 55 18 10 0 T M M 10.8 20 350 M M 0 28 360
20 57 25 41 5 24 0 0.00 M M 8.1 13 330 M M 0 16 70
21 49 32 41 5 24 0 0.00 M M 9.7 23 160 M M 8 28 170
22 49 16 33 -2 32 0 0.00 M M 11.2 29 170 M M 1 18 39 160
23 65 40 53 18 12 0 0.00 M M 18.3 35 180 M M 1 44 180
24 44 25 35 1 30 0 T M M 16.8 31 10 M M 8 12 40 350
25 56 19 38 4 27 0 0.00 M M 12.8 24 210 M M 0 29 210
26 50 24 37 4 28 0 0.00 M M 9.4 16 10 M M 0 M M
27 50 22 36 3 29 0 0.00 M M 8.5 15 310 M M 0 19 310
28 60 20 40 7 25 0 0.00 M M 13.2 28 200 M M 0 35 210
29 43 11 27 -5 38 0 0.00 M M 14.4 24 350 M M 0 35 360
30 62 15 39 7 26 0 0.00 M M 12.2 30 240 M M 0 39 240
================================================================================
SM 1870 860 579 2 0.01 M 391.4 M 31
================================================================================
AV 62.3 28.7 13.0 FASTST M M 1 MAX(MPH)
MISC ----> 47 330 63 320
================================================================================
NOTES:
# LAST OF SEVERAL OCCURRENCES
COLUMN 17 PEAK WIND IN M.P.H.
PRELIMINARY LOCAL CLIMATOLOGICAL DATA (WS FORM: F-6) , PAGE 2
STATION: BURLINGTON CO
MONTH: NOVEMBER
YEAR: 2020
LATITUDE: 39 15 N
LONGITUDE: 102 17 W
[TEMPERATURE DATA] [PRECIPITATION DATA] SYMBOLS USED IN COLUMN 16
AVERAGE MONTHLY: 45.5 TOTAL FOR MONTH: 0.01 1 = FOG OR MIST
DPTR FM NORMAL: 7.3 DPTR FM NORMAL: -0.58 2 = FOG REDUCING VISIBILITY
HIGHEST: 83 ON 3 GRTST 24HR 0.01 ON 9-10 TO 1/4 MILE OR LESS
LOWEST: 11 ON 29 3 = THUNDER
SNOW, ICE PELLETS, HAIL 4 = ICE PELLETS
TOTAL MONTH: M 5 = HAIL
GRTST 24HR M ON M 6 = FREEZING RAIN OR DRIZZLE
GRTST DEPTH: M ON M 7 = DUSTSTORM OR SANDSTORM:
VSBY 1/2 MILE OR LESS
8 = SMOKE OR HAZE
[NO. OF DAYS WITH] [WEATHER - DAYS WITH] 9 = BLOWING SNOW
X = TORNADO
MAX 32 OR BELOW: 0 0.01 INCH OR MORE: 1
MAX 90 OR ABOVE: 0 0.10 INCH OR MORE: 0
MIN 32 OR BELOW: 19 0.50 INCH OR MORE: 0
MIN 0 OR BELOW: 0 1.00 INCH OR MORE: 0
[HDD (BASE 65) ]
TOTAL THIS MO. 579 CLEAR (SCALE 0-3) 27
DPTR FM NORMAL -225 PTCLDY (SCALE 4-7) 2
TOTAL FM JUL 1 1192 CLOUDY (SCALE 8-10) 1
DPTR FM NORMAL -201
[CDD (BASE 65) ]
TOTAL THIS MO. 2
DPTR FM NORMAL 2 [PRESSURE DATA]
TOTAL FM JAN 1 1209 HIGHEST SLP M ON M
DPTR FM NORMAL 420 LOWEST SLP 29.33 ON 8
[REMARKS]
#FINAL-11-20#