000
CXUS53 KIWX 010910
CF6IWX
PRELIMINARY LOCAL CLIMATOLOGICAL DATA (WS FORM: F-6)
STATION: NORTH WEBSTER WFO
MONTH: NOVEMBER
YEAR: 2022
LATITUDE: 41 21 N
LONGITUDE: 85 42 W
TEMPERATURE IN F: :PCPN: SNOW: WIND :SUNSHINE: SKY :PK WND
================================================================================
1 2 3 4 5 6A 6B 7 8 9 10 11 12 13 14 15 16 17 18
12Z AVG MX 2MIN
DY MAX MIN AVG DEP HDD CDD WTR SNW DPTH SPD SPD DIR MIN PSBL S-S WX SPD DR
================================================================================
1 68 46 57 10 8 0 0.00 0.0 0 M M M M M M M M
2 69 43 56 10 9 0 0.00 0.0 0 M M M M M M M M
3 71 49 60 14 5 0 0.00 0.0 0 M M M M M M M M
4 71 56 64 19 1 0 0.00 0.0 0 M M M M M M M M
5 66 45 56 11 9 0 0.09 0.0 0 M M M M M M M M
6 66 42 54 10 11 0 0.00 0.0 0 M M M M M M M M
7 59 38 49 5 16 0 0.00 0.0 0 M M M M M M M M
8 55 36 46 2 19 0 0.00 0.0 0 M M M M M M M M
9 68 40 54 11 11 0 0.00 0.0 0 M M M M M M M M
10 74 55 65 22 0 0 0.00 0.0 0 M M M M M M M M
11 61 37 49 7 16 0 0.00 0.0 0 M M M M M M M M
12 37 29 33 -9 32 0 0.05 0.6 0 M M M M M M 1 M M
13 38 30 34 -7 31 0 0.01 0.3 T M M M M M M M M
14 38 26 32 -9 33 0 0.00 0.0 0 M M M M M M M M
15 38 29 34 -7 31 0 0.06 0.4 0 M M M M M M M M
16 36 29 33 -7 32 0 0.07 1.0 T M M M M M M 1 M M
17 30 27 29 -11 36 0 T 0.3 1 M M M M M M M M
18 29 18 24 -15 41 0 T T T M M M M M M M M
19 27 17 22 -17 43 0 0.02 0.4 T M M M M M M M M
20 27 12 20 -19 45 0 T T 1 M M M M M M M M
21 45 24 35 -3 30 0 0.00 0.0 0 M M M M M M M M
22 52 25 39 1 26 0 0.00 0.0 0 M M M M M M M M
23 58 31 45 8 20 0 0.00 0.0 0 M M M M M M M M
24 56 36 46 9 19 0 0.09 0.0 0 M M M M M M M M
25 52 33 43 6 22 0 0.00 0.0 0 M M M M M M M M
26 54 28 41 5 24 0 0.00 0.0 0 M M M M M M M M
27 43 37 40 4 25 0 1.36 0.0 0 M M M M M M M M
28 46 30 38 2 27 0 0.00 0.0 0 M M M M M M M M
29 57 39 48 13 17 0 0.09 0.0 0 M M M M M M 3 M M
30 53 21 37 2 28 0 0.02 0.0 0 M M M M M M M M
================================================================================
SM 1544 1008 667 0 1.86 3.0 M M M
================================================================================
AV 51.5 33.6 M FASTST M M M MAX(MPH)
MISC ----> M M M M
================================================================================
NOTES:
# LAST OF SEVERAL OCCURRENCES
COLUMN 17 PEAK WIND IN M.P.H.
PRELIMINARY LOCAL CLIMATOLOGICAL DATA (WS FORM: F-6) , PAGE 2
STATION: NORTH WEBSTER WFO
MONTH: NOVEMBER
YEAR: 2022
LATITUDE: 41 21 N
LONGITUDE: 85 42 W
[TEMPERATURE DATA] [PRECIPITATION DATA] SYMBOLS USED IN COLUMN 16
AVERAGE MONTHLY: 42.5 TOTAL FOR MONTH: 1.86 1 = FOG OR MIST
DPTR FM NORMAL: 2.0 DPTR FM NORMAL: -1.25 2 = FOG REDUCING VISIBILITY
HIGHEST: 74 ON 10 GRTST 24HR 1.36 ON 27-27 TO 1/4 MILE OR LESS
LOWEST: 12 ON 20 3 = THUNDER
SNOW, ICE PELLETS, HAIL 4 = ICE PELLETS
TOTAL MONTH: 3.0 INCHES 5 = HAIL
GRTST 24HR 1.0 ON 16-16 6 = FREEZING RAIN OR DRIZZLE
GRTST DEPTH: 1 ON 20,17 7 = DUSTSTORM OR SANDSTORM:
VSBY 1/2 MILE OR LESS
8 = SMOKE OR HAZE
[NO. OF DAYS WITH] [WEATHER - DAYS WITH] 9 = BLOWING SNOW
X = TORNADO
MAX 32 OR BELOW: 4 0.01 INCH OR MORE: 10
MAX 90 OR ABOVE: 0 0.10 INCH OR MORE: 1
MIN 32 OR BELOW: 15 0.50 INCH OR MORE: 1
MIN 0 OR BELOW: 0 1.00 INCH OR MORE: 1
[HDD (BASE 65) ]
TOTAL THIS MO. 667 CLEAR (SCALE 0-3) 0
DPTR FM NORMAL -68 PTCLDY (SCALE 4-7) 0
TOTAL FM JUL 1 1161 CLOUDY (SCALE 8-10) 30
DPTR FM NORMAL -72
[CDD (BASE 65) ]
TOTAL THIS MO. 0
DPTR FM NORMAL 0 [PRESSURE DATA]
TOTAL FM JAN 1 807 HIGHEST SLP M ON M
DPTR FM NORMAL 63 LOWEST SLP M ON M
[REMARKS]
#FINAL-11-22#