000
CXUS53 KIWX 010910
CF6IWX
PRELIMINARY LOCAL CLIMATOLOGICAL DATA (WS FORM: F-6)
STATION: NORTH WEBSTER WFO
MONTH: JANUARY
YEAR: 2024
LATITUDE: 41 21 N
LONGITUDE: 85 42 W
TEMPERATURE IN F: :PCPN: SNOW: WIND :SUNSHINE: SKY :PK WND
================================================================================
1 2 3 4 5 6A 6B 7 8 9 10 11 12 13 14 15 16 17 18
12Z AVG MX 2MIN
DY MAX MIN AVG DEP HDD CDD WTR SNW DPTH SPD SPD DIR MIN PSBL S-S WX SPD DR
================================================================================
1 36 29 33 7 32 0 T T T M M M M M M M M
2 32 26 29 3 36 0 0.00 0.0 0 M M M M M M M M
3 32 30 31 6 34 0 T T 0 M M M M M M M M
4 31 23 27 2 38 0 T T T M M M M M M M M
5 34 21 28 3 37 0 0.00 0.0 0 M M M M M M M M
6 33 26 30 5 35 0 0.01 0.1 0 M M M M M M M M
7 32 30 31 6 34 0 0.05 0.6 1 M M M M M M M M
8 34 30 32 7 33 0 T T 0 M M M M M M 4 M M
9 38 31 35 11 30 0 1.09 3.0 3 M M M M M M 14 M M
10 34 29 32 8 33 0 0.02 0.1 0 M M M M M M M M
11 34 27 31 7 34 0 0.01 0.1 T M M M M M M M M
12 33 28 31 7 34 0 0.52 3.1 0 M M M M M M M M
13 28 7 18 -6 47 0 0.06 1.9 3 M M M M M M 9 M M
14 7 -8 0 -24 65 0 T 0.3 4 M M M M M M 9 M M
15 5 -11 -3 -27 68 0 0.00 0.0 4 M M M M M M M M
16 6 -1 3 -21 62 0 T T 3 M M M M M M M M
17 22 0 11 -13 54 0 0.00 0.0 3 M M M M M M M M
18 26 19 23 -1 42 0 0.10 1.4 3 M M M M M M M M
19 25 7 16 -8 49 0 0.12 2.1 5 M M M M M M 8 M M
20 22 -2 10 -14 55 0 T 0.1 6 M M M M M M M M
21 19 -2 9 -15 56 0 T T 6 M M M M M M M M
22 32 14 23 -1 42 0 0.13 0.0 5 M M M M M M 6 M M
23 37 31 34 10 31 0 0.37 0.0 3 M M M M M M 126 M M
24 40 33 37 13 28 0 0.29 0.0 2 M M M M M M M M
25 40 34 37 13 28 0 0.73 0.0 1 M M M M M M M M
26 39 35 37 13 28 0 0.69 0.0 0 M M M M M M 12 M M
27 39 34 37 13 28 0 0.14 0.0 0 M M M M M M 12 M M
28 39 31 35 11 30 0 0.46 0.3 0 M M M M M M 1 M M
29 32 30 31 7 34 0 T T T M M M M M M 18 M M
30 35 30 33 8 32 0 0.10 T T M M M M M M 1 M M
31 39 34 37 12 28 0 0.00 0.0 0 M M M M M M 1 M M
================================================================================
SM 935 645 1217 0 4.89 13.1 M M M
================================================================================
AV 30.2 20.8 M FASTST M M M MAX(MPH)
MISC ----> M M M M
================================================================================
NOTES:
# LAST OF SEVERAL OCCURRENCES
COLUMN 17 PEAK WIND IN M.P.H.
PRELIMINARY LOCAL CLIMATOLOGICAL DATA (WS FORM: F-6) , PAGE 2
STATION: NORTH WEBSTER WFO
MONTH: JANUARY
YEAR: 2024
LATITUDE: 41 21 N
LONGITUDE: 85 42 W
[TEMPERATURE DATA] [PRECIPITATION DATA] SYMBOLS USED IN COLUMN 16
AVERAGE MONTHLY: 25.5 TOTAL FOR MONTH: 4.89 1 = FOG OR MIST
DPTR FM NORMAL: 1.1 DPTR FM NORMAL: 2.59 2 = FOG REDUCING VISIBILITY
HIGHEST: 40 ON 25,24 GRTST 24HR 1.09 ON 9- 9 TO 1/4 MILE OR LESS
LOWEST: -11 ON 15 3 = THUNDER
SNOW, ICE PELLETS, HAIL 4 = ICE PELLETS
TOTAL MONTH: 13.2 INCHES 5 = HAIL
GRTST 24HR 3.1 ON 12-12 6 = FREEZING RAIN OR DRIZZLE
GRTST DEPTH: 6 ON 21,20 7 = DUSTSTORM OR SANDSTORM:
VSBY 1/2 MILE OR LESS
8 = SMOKE OR HAZE
[NO. OF DAYS WITH] [WEATHER - DAYS WITH] 9 = BLOWING SNOW
X = TORNADO
MAX 32 OR BELOW: 15 0.01 INCH OR MORE: 17
MAX 90 OR ABOVE: 0 0.10 INCH OR MORE: 12
MIN 32 OR BELOW: 26 0.50 INCH OR MORE: 4
MIN 0 OR BELOW: 6 1.00 INCH OR MORE: 1
[HDD (BASE 65) ]
TOTAL THIS MO. 1217 CLEAR (SCALE 0-3) 0
DPTR FM NORMAL -40 PTCLDY (SCALE 4-7) 0
TOTAL FM JUL 1 3177 CLOUDY (SCALE 8-10) 31
DPTR FM NORMAL -404
[CDD (BASE 65) ]
TOTAL THIS MO. 0
DPTR FM NORMAL 0 [PRESSURE DATA]
TOTAL FM JAN 1 0 HIGHEST SLP M ON M
DPTR FM NORMAL 0 LOWEST SLP M ON M
[REMARKS]
#FINAL-01-24#