687
CXUS53 KIWX 010800
CF6IWX
PRELIMINARY LOCAL CLIMATOLOGICAL DATA (WS FORM: F-6)
STATION: NORTH WEBSTER WFO
MONTH: AUGUST
YEAR: 2020
LATITUDE: 41 21 N
LONGITUDE: 85 42 W
TEMPERATURE IN F: :PCPN: SNOW: WIND :SUNSHINE: SKY :PK WND
================================================================================
1 2 3 4 5 6A 6B 7 8 9 10 11 12 13 14 15 16 17 18
12Z AVG MX 2MIN
DY MAX MIN AVG DEP HDD CDD WTR SNW DPTH SPD SPD DIR MIN PSBL S-S WX SPD DR
================================================================================
1 69 62 66 -6 0 1 0.56 0.0 0 M M M M M M M M
2 76 62 69 -3 0 4 0.73 0.0 0 M M M M M M M M
3 80 60 70 -2 0 5 0.00 0.0 0 M M M M M M M M
4 73 54 64 -8 1 0 T 0.0 0 M M M M M M M M
5 75 51 63 -9 2 0 0.00 0.0 0 M M M M M M M M
6 77 54 66 -6 0 1 0.00 0.0 0 M M M M M M M M
7 80 55 68 -4 0 3 0.00 0.0 0 M M M M M M M M
8 82 58 70 -2 0 5 0.00 0.0 0 M M M M M M M M
9 86 64 75 3 0 10 0.00 0.0 0 M M M M M M M M
10 87 66 77 5 0 12 0.56 0.0 0 M M M M M M 13 M M
11 82 63 73 1 0 8 0.00 0.0 0 M M M M M M M M
12 82 58 70 -2 0 5 0.00 0.0 0 M M M M M M M M
13 82 56 69 -3 0 4 0.00 0.0 0 M M M M M M M M
14 85 60 73 1 0 8 0.26 0.0 0 M M M M M M 3 M M
15 88 62 75 3 0 10 0.00 0.0 0 M M M M M M M M
16 82 63 73 1 0 8 0.05 0.0 0 M M M M M M 3 M M
17 84 60 72 0 0 7 0.00 0.0 0 M M M M M M M M
18 78 59 69 -3 0 4 0.00 0.0 0 M M M M M M M M
19 77 54 66 -6 0 1 0.00 0.0 0 M M M M M M M M
20 82 58 70 -2 0 5 0.00 0.0 0 M M M M M M M M
21 84 58 71 -1 0 6 0.00 0.0 0 M M M M M M M M
22 87 60 74 2 0 9 0.00 0.0 0 M M M M M M M M
23 86 62 74 3 0 9 0.00 0.0 0 M M M M M M M M
24 91 69 80 9 0 15 0.00 0.0 0 M M M M M M M M
25 86 68 77 6 0 12 0.00 0.0 0 M M M M M M M M
26 89 69 79 8 0 14 0.00 0.0 0 M M M M M M M M
27 91 72 82 11 0 17 0.15 0.0 0 M M M M M M 3 M M
28 88 71 80 9 0 15 0.29 0.0 0 M M M M M M 13 M M
29 78 59 69 -1 0 4 1.44 0.0 0 M M M M M M 13 M M
30 73 53 63 -7 2 0 0.00 0.0 0 M M M M M M M M
31 81 56 69 -1 0 4 0.00 0.0 0 M M M M M M M M
================================================================================
SM 2541 1876 5 206 4.04 0.0 M M M
================================================================================
AV 82.0 60.5 M FASTST M M 2 MAX(MPH)
MISC ----> M M M M
================================================================================
NOTES:
# LAST OF SEVERAL OCCURRENCES
COLUMN 17 PEAK WIND IN M.P.H.
PRELIMINARY LOCAL CLIMATOLOGICAL DATA (WS FORM: F-6) , PAGE 2
STATION: NORTH WEBSTER WFO
MONTH: AUGUST
YEAR: 2020
LATITUDE: 41 21 N
LONGITUDE: 85 42 W
[TEMPERATURE DATA] [PRECIPITATION DATA] SYMBOLS USED IN COLUMN 16
AVERAGE MONTHLY: 71.2 TOTAL FOR MONTH: 4.04 1 = FOG OR MIST
DPTR FM NORMAL: -0.6 DPTR FM NORMAL: -0.22 2 = FOG REDUCING VISIBILITY
HIGHEST: 91 ON 27,24 GRTST 24HR 1.44 ON 29-29 TO 1/4 MILE OR LESS
LOWEST: 51 ON 5 3 = THUNDER
SNOW, ICE PELLETS, HAIL 4 = ICE PELLETS
TOTAL MONTH: 0.0 INCH 5 = HAIL
GRTST 24HR 0.0 6 = FREEZING RAIN OR DRIZZLE
GRTST DEPTH: 0 7 = DUSTSTORM OR SANDSTORM:
VSBY 1/2 MILE OR LESS
8 = SMOKE OR HAZE
[NO. OF DAYS WITH] [WEATHER - DAYS WITH] 9 = BLOWING SNOW
X = TORNADO
MAX 32 OR BELOW: 0 0.01 INCH OR MORE: 8
MAX 90 OR ABOVE: 2 0.10 INCH OR MORE: 7
MIN 32 OR BELOW: 0 0.50 INCH OR MORE: 4
MIN 0 OR BELOW: 0 1.00 INCH OR MORE: 1
[HDD (BASE 65) ]
TOTAL THIS MO. 5 CLEAR (SCALE 0-3) 0
DPTR FM NORMAL -2 PTCLDY (SCALE 4-7) 0
TOTAL FM JUL 1 5 CLOUDY (SCALE 8-10) 0
DPTR FM NORMAL -2
[CDD (BASE 65) ]
TOTAL THIS MO. 206
DPTR FM NORMAL -10 [PRESSURE DATA]
TOTAL FM JAN 1 748 HIGHEST SLP M ON M
DPTR FM NORMAL 95 LOWEST SLP M ON M
[REMARKS]
#FINAL-08-20#