000
CXUS53 KIWX 010810
CF6IWX
PRELIMINARY LOCAL CLIMATOLOGICAL DATA (WS FORM: F-6)
STATION: NORTH WEBSTER WFO
MONTH: JULY
YEAR: 2023
LATITUDE: 41 21 N
LONGITUDE: 85 42 W
TEMPERATURE IN F: :PCPN: SNOW: WIND :SUNSHINE: SKY :PK WND
================================================================================
1 2 3 4 5 6A 6B 7 8 9 10 11 12 13 14 15 16 17 18
12Z AVG MX 2MIN
DY MAX MIN AVG DEP HDD CDD WTR SNW DPTH SPD SPD DIR MIN PSBL S-S WX SPD DR
================================================================================
1 81 67 74 2 0 9 0.12 0.0 0 M M M M M M M M
2 82 65 74 2 0 9 1.44 0.0 0 M M M M M M M M
3 83 64 74 2 0 9 T 0.0 0 M M M M M M M M
4 86 63 75 3 0 10 0.00 0.0 0 M M M M M M M M
5 88 68 78 6 0 13 0.03 0.0 0 M M M M M M 18 M M
6 83 63 73 1 0 8 T 0.0 0 M M M M M M 1 M M
7 81 59 70 -3 0 5 T 0.0 0 M M M M M M M M
8 75 59 67 -6 0 2 0.29 0.0 0 M M M M M M M M
9 81 55 68 -5 0 3 0.00 0.0 0 M M M M M M M M
10 82 59 71 -2 0 6 0.00 0.0 0 M M M M M M M M
11 85 64 75 2 0 10 0.00 0.0 0 M M M M M M M M
12 77 57 67 -6 0 2 0.81 0.0 0 M M M M M M 13 M M
13 76 62 69 -4 0 4 0.00 0.0 0 M M M M M M M M
14 86 61 74 1 0 9 0.00 0.0 0 M M M M M M M M
15 78 65 72 -1 0 7 0.70 0.0 0 M M M M M M 1 M M
16 79 62 71 -2 0 6 0.00 0.0 0 M M M M M M M M
17 78 62 70 -3 0 5 0.00 0.0 0 M M M M M M M M
18 78 56 67 -6 0 2 0.00 0.0 0 M M M M M M M M
19 81 57 69 -4 0 4 0.00 0.0 0 M M M M M M M M
20 85 63 74 1 0 9 0.55 0.0 0 M M M M M M M M
21 77 60 69 -4 0 4 0.00 0.0 0 M M M M M M M M
22 82 57 70 -3 0 5 0.00 0.0 0 M M M M M M M M
23 78 62 70 -3 0 5 0.20 0.0 0 M M M M M M M M
24 84 61 73 0 0 8 0.00 0.0 0 M M M M M M M M
25 84 60 72 -1 0 7 0.00 0.0 0 M M M M M M M M
26 85 68 77 4 0 12 0.71 0.0 0 M M M M M M 3 M M
27 87 68 78 5 0 13 0.00 0.0 0 M M M M M M 1 M M
28 87 69 78 5 0 13 0.94 0.0 0 M M M M M M 13 M M
29 82 64 73 0 0 8 0.55 0.0 0 M M M M M M 13 M M
30 80 59 70 -3 0 5 0.00 0.0 0 M M M M M M M M
31 77 55 66 -6 0 1 0.00 0.0 0 M M M M M M M M
================================================================================
SM 2528 1914 0 213 6.34 0.0 M M M
================================================================================
AV 81.5 61.7 M FASTST M M M MAX(MPH)
MISC ----> M M M M
================================================================================
NOTES:
# LAST OF SEVERAL OCCURRENCES
COLUMN 17 PEAK WIND IN M.P.H.
PRELIMINARY LOCAL CLIMATOLOGICAL DATA (WS FORM: F-6) , PAGE 2
STATION: NORTH WEBSTER WFO
MONTH: JULY
YEAR: 2023
LATITUDE: 41 21 N
LONGITUDE: 85 42 W
[TEMPERATURE DATA] [PRECIPITATION DATA] SYMBOLS USED IN COLUMN 16
AVERAGE MONTHLY: 71.6 TOTAL FOR MONTH: 6.34 1 = FOG OR MIST
DPTR FM NORMAL: -1.0 DPTR FM NORMAL: 2.50 2 = FOG REDUCING VISIBILITY
HIGHEST: 88 ON 5 GRTST 24HR 1.44 ON 2- 2 TO 1/4 MILE OR LESS
LOWEST: 55 ON 31, 9 3 = THUNDER
SNOW, ICE PELLETS, HAIL 4 = ICE PELLETS
TOTAL MONTH: 0.0 INCH 5 = HAIL
GRTST 24HR 0.0 6 = FREEZING RAIN OR DRIZZLE
GRTST DEPTH: 0 7 = DUSTSTORM OR SANDSTORM:
VSBY 1/2 MILE OR LESS
8 = SMOKE OR HAZE
[NO. OF DAYS WITH] [WEATHER - DAYS WITH] 9 = BLOWING SNOW
X = TORNADO
MAX 32 OR BELOW: 0 0.01 INCH OR MORE: 11
MAX 90 OR ABOVE: 0 0.10 INCH OR MORE: 10
MIN 32 OR BELOW: 0 0.50 INCH OR MORE: 7
MIN 0 OR BELOW: 0 1.00 INCH OR MORE: 1
[HDD (BASE 65) ]
TOTAL THIS MO. 0 CLEAR (SCALE 0-3) 0
DPTR FM NORMAL -6 PTCLDY (SCALE 4-7) 0
TOTAL FM JUL 1 0 CLOUDY (SCALE 8-10) 31
DPTR FM NORMAL 0
[CDD (BASE 65) ]
TOTAL THIS MO. 213
DPTR FM NORMAL -30 [PRESSURE DATA]
TOTAL FM JAN 1 388 HIGHEST SLP M ON M
DPTR FM NORMAL -69 LOWEST SLP M ON M
[REMARKS]
#FINAL-07-23#