000
CXUS54 KJAN 011642
CF6JAN
PRELIMINARY LOCAL CLIMATOLOGICAL DATA (WS FORM: F-6)
STATION: JACKSON
MONTH: OCTOBER
YEAR: 2022
LATITUDE: 32 19 N
LONGITUDE: 90 5 W
TEMPERATURE IN F: :PCPN: SNOW: WIND :SUNSHINE: SKY :PK WND
================================================================================
1 2 3 4 5 6A 6B 7 8 9 10 11 12 13 14 15 16 17 18
12Z AVG MX 2MIN
DY MAX MIN AVG DEP HDD CDD WTR SNW DPTH SPD SPD DIR MIN PSBL S-S WX SPD DR
================================================================================
1 82 47 65 -7 0 0 0.00 0.0 0 3.9 15 10 M M 0 1 19 20
2 83 45 64 -8 1 0 0.00 0.0 0 5.1 17 30 M M 0 1 24 30
3 82 50 66 -6 0 1 0.00 0.0 0 5.5 15 360 M M 0 22 350
4 83 54 69 -2 0 4 0.00 0.0 0 2.0 10 20 M M 4 14 320
5 84 53 69 -2 0 4 0.00 0.0 0 1.5 13 10 M M 3 1 17 360
6 86 50 68 -2 0 3 0.00 0.0 0 1.9 10 10 M M 0 1 15 350
7 88 54 71 1 0 6 0.00 0.0 0 5.1 15 20 M M 1 22 20
8 80 53 67 -3 0 2 0.00 0.0 0 7.9 17 10 M M 1 22 360
9 79 48 64 -5 1 0 0.00 0.0 0 3.6 14 340 M M 0 19 360
10 83 48 66 -3 0 1 0.00 0.0 0 1.6 10 350 M M 0 14 10
11 83 48 66 -2 0 1 0.00 0.0 0 3.5 13 140 M M 0 20 130
12 88 59 74 6 0 9 0.03 0.0 0 5.4 16 220 M M 5 13 20 220
13 82 51 67 -1 0 2 0.29 0.0 0 4.2 20 10 M M 3 13 24 360
14 84 48 66 -1 0 1 0.00 0.0 0 2.4 12 270 M M 0 1 17 270
15 86 53 70 3 0 5 0.00 0.0 0 5.6 13 170 M M 0 19 190
16 83 53 68 2 0 3 0.00 0.0 0 1.8 10 350 M M 4 14 350
17 73 48 61 -5 4 0 T 0.0 0 8.2 15 350 M M 6 23 350
18 58 37 48 -17 17 0 0.00 0.0 0 12.2 22 350 M M 0 30 350
19 63 30 47 -18 18 0 0.00 0.0 0 3.3 14 10 M M 0 20 10
20 71 32 52 -13 13 0 0.00 0.0 0 3.9 12 210 M M 0 15 210
21 83 48 66 2 0 1 0.00 0.0 0 9.2 17 200 M M 0 23 230
22 82 54 68 4 0 3 0.00 0.0 0 10.3 22 160 M M 1 33 160
23 83 57 70 7 0 5 0.00 0.0 0 8.6 17 140 M M 1 23 160
24 85 54 70 7 0 5 0.00 0.0 0 11.0 20 150 M M 3 27 160
25 75 54 65 2 0 0 0.56 0.0 0 11.4 22 260 M M 5 1 35 280
26 71 44 58 -4 7 0 0.00 0.0 0 6.5 16 340 M M 0 22 340
27 74 40 57 -5 8 0 0.00 0.0 0 4.1 9 10 M M 0 1 14 30
28 76 47 62 1 3 0 0.00 0.0 0 4.8 13 120 M M 3 1 18 130
29 77 62 70 9 0 5 0.32 0.0 0 12.6 25 150 M M 7 13 34 140
30 67 57 62 1 3 0 0.00 0.0 0 5.1 12 170 M M 9 1 16 200
31 76 51 64 4 1 0 0.00 0.0 0 2.6 9 290 M M 6 1 13 290
================================================================================
SM 2450 1529 76 61 1.20 0.0 174.8 M 62
================================================================================
AV 79.0 49.3 5.6 FASTST M M 2 MAX(MPH)
MISC ----> 25 150 35 280
================================================================================
NOTES:
# LAST OF SEVERAL OCCURRENCES
COLUMN 17 PEAK WIND IN M.P.H.
PRELIMINARY LOCAL CLIMATOLOGICAL DATA (WS FORM: F-6) , PAGE 2
STATION: JACKSON
MONTH: OCTOBER
YEAR: 2022
LATITUDE: 32 19 N
LONGITUDE: 90 5 W
[TEMPERATURE DATA] [PRECIPITATION DATA] SYMBOLS USED IN COLUMN 16
AVERAGE MONTHLY: 64.2 TOTAL FOR MONTH: 1.20 1 = FOG OR MIST
DPTR FM NORMAL: -2.0 DPTR FM NORMAL: -2.60 2 = FOG REDUCING VISIBILITY
HIGHEST: 88 ON 12, 7 GRTST 24HR 0.56 ON 25-25 TO 1/4 MILE OR LESS
LOWEST: 30 ON 19 3 = THUNDER
SNOW, ICE PELLETS, HAIL 4 = ICE PELLETS
TOTAL MONTH: 0.0 INCH 5 = HAIL
GRTST 24HR 0.0 6 = FREEZING RAIN OR DRIZZLE
GRTST DEPTH: 0 7 = DUSTSTORM OR SANDSTORM:
VSBY 1/2 MILE OR LESS
8 = SMOKE OR HAZE
[NO. OF DAYS WITH] [WEATHER - DAYS WITH] 9 = BLOWING SNOW
X = TORNADO
MAX 32 OR BELOW: 0 0.01 INCH OR MORE: 4
MAX 90 OR ABOVE: 0 0.10 INCH OR MORE: 3
MIN 32 OR BELOW: 2 0.50 INCH OR MORE: 1
MIN 0 OR BELOW: 0 1.00 INCH OR MORE: 0
[HDD (BASE 65) ]
TOTAL THIS MO. 76 CLEAR (SCALE 0-3) 22
DPTR FM NORMAL -11 PTCLDY (SCALE 4-7) 8
TOTAL FM JUL 1 78 CLOUDY (SCALE 8-10) 1
DPTR FM NORMAL -12
[CDD (BASE 65) ]
TOTAL THIS MO. 61
DPTR FM NORMAL -65 [PRESSURE DATA]
TOTAL FM JAN 1 2415 HIGHEST SLP 30.33 ON 8
DPTR FM NORMAL 41 LOWEST SLP 29.75 ON 25
[REMARKS]
#FINAL-10-22#