000
CXUS54 KSJT 011555
CF6JCT
PRELIMINARY LOCAL CLIMATOLOGICAL DATA (WS FORM: F-6)
STATION: JUNCTION
MONTH: JANUARY
YEAR: 2021
LATITUDE: 30 18 N
LONGITUDE: 99 28 W
TEMPERATURE IN F: :PCPN: SNOW: WIND :SUNSHINE: SKY :PK WND
================================================================================
1 2 3 4 5 6A 6B 7 8 9 10 11 12 13 14 15 16 17 18
12Z AVG MX 2MIN
DY MAX MIN AVG DEP HDD CDD WTR SNW DPTH SPD SPD DIR MIN PSBL S-S WX SPD DR
================================================================================
1 48 32 40 -6 25 0 0.00 0.0 0 7.4 18 320 M M 4 18 25 320
2 59 27 43 -3 22 0 0.00 0.0 0 4.2 15 260 M M 0 8 22 260
3 68 28 48 2 17 0 0.00 0.0 0 6.3 16 240 M M 0 25 240
4 72 37 55 9 10 0 0.00 0.0 0 4.6 15 10 M M 0 8 19 360
5 71 30 51 5 14 0 0.00 0.0 0 4.3 15 170 M M 0 18 23 170
6 61 42 52 6 13 0 0.00 0.0 0 9.8 26 320 M M 4 8 36 310
7 62 29 46 0 19 0 0.00 0.0 0 5.0 14 360 M M 0 8 20 20
8 54 25 40 -6 25 0 0.00 0.0 0 4.7 14 80 M M 0 8 22 60
9 52 25 39 -7 26 0 0.00 0.0 0 5.9 15 110 M M 6 12 19 90
10 45 33 39 -7 26 0 0.45 0.0 0 9.3 18 80 M M 10 1 25 80
11 45 34 40 -6 25 0 0.00 0.0 0 5.8 13 330 M M 10 20 340
12 51 27 39 -8 26 0 0.00 0.0 0 3.7 10 260 M M 2 18 16 290
13 65 24 45 -2 20 0 0.00 0.0 0 5.8 15 220 M M 0 18 21 220
14 64 33 49 2 16 0 0.00 0.0 0 9.8 29 20 M M 0 43 10
15 56 25 41 -6 24 0 0.00 0.0 0 7.3 21 330 M M 0 31 10
16 68 24 46 -1 19 0 0.00 0.0 0 3.4 14 210 M M 0 8 18 190
17 67 27 47 0 18 0 0.00 0.0 0 2.1 9 330 M M 0 8 14 290
18 76 28 52 5 13 0 0.00 0.0 0 6.7 22 200 M M 1 31 200
19 54 42 48 1 17 0 0.02 0.0 0 9.0 18 60 M M 10 18 25 60
20 48 42 45 -2 20 0 0.79 0.0 0 4.1 15 100 M M 9 1 19 110
21 58 45 52 4 13 0 0.03 0.0 0 3.9 12 300 M M 6 1 16 300
22 74 48 61 13 4 0 0.13 0.0 0 4.4 15 30 M M 4 18 21 30
23 61 49 55 7 10 0 0.00 0.0 0 6.0 12 70 M M 10 128 15 70
24 72 58 65 17 0 0 0.00 0.0 0 7.6 17 160 M M 10 128 25 160
25 70 41 56 8 9 0 0.00 0.0 0 8.5 25 270 M M 1 8 46 240
26 75 32 54 6 11 0 0.00 0.0 0 7.1 28 360 M M 0 1 40 350
27 61 36 49 1 16 0 0.00 0.0 0 6.1 17 330 M M 2 8 24 320
28 60 30 45 -3 20 0 0.00 0.0 0 4.3 13 60 M M 0 18 17 80
29 66 36 51 3 14 0 0.00 0.0 0 5.9 18 200 M M 3 27 200
30 78 42 60 12 5 0 0.00 0.0 0 9.6 24 280 M M 4 45 280
31 66 36 51 3 14 0 0.00 0.0 0 6.2 17 20 M M 0 27 40
================================================================================
SM 1927 1067 511 0 1.42 0.0 188.8 M 96
================================================================================
AV 62.2 34.4 6.1 FASTST M M 3 MAX(MPH)
MISC ----> 29 20 46 240
================================================================================
NOTES:
# LAST OF SEVERAL OCCURRENCES
COLUMN 17 PEAK WIND IN M.P.H.
PRELIMINARY LOCAL CLIMATOLOGICAL DATA (WS FORM: F-6) , PAGE 2
STATION: JUNCTION
MONTH: JANUARY
YEAR: 2021
LATITUDE: 30 18 N
LONGITUDE: 99 28 W
[TEMPERATURE DATA] [PRECIPITATION DATA] SYMBOLS USED IN COLUMN 16
AVERAGE MONTHLY: 48.3 TOTAL FOR MONTH: 1.42 1 = FOG OR MIST
DPTR FM NORMAL: 1.2 DPTR FM NORMAL: 0.56 2 = FOG REDUCING VISIBILITY
HIGHEST: 78 ON 30 GRTST 24HR 0.79 ON 20-20 TO 1/4 MILE OR LESS
LOWEST: 24 ON 16,13 3 = THUNDER
SNOW, ICE PELLETS, HAIL 4 = ICE PELLETS
TOTAL MONTH: 0.0 INCH 5 = HAIL
GRTST 24HR 0.0 6 = FREEZING RAIN OR DRIZZLE
GRTST DEPTH: 0 7 = DUSTSTORM OR SANDSTORM:
VSBY 1/2 MILE OR LESS
8 = SMOKE OR HAZE
[NO. OF DAYS WITH] [WEATHER - DAYS WITH] 9 = BLOWING SNOW
X = TORNADO
MAX 32 OR BELOW: 0 0.01 INCH OR MORE: 5
MAX 90 OR ABOVE: 0 0.10 INCH OR MORE: 3
MIN 32 OR BELOW: 15 0.50 INCH OR MORE: 1
MIN 0 OR BELOW: 0 1.00 INCH OR MORE: 0
[HDD (BASE 65) ]
TOTAL THIS MO. 511 CLEAR (SCALE 0-3) 18
DPTR FM NORMAL -46 PTCLDY (SCALE 4-7) 7
TOTAL FM JUL 1 1304 CLOUDY (SCALE 8-10) 6
DPTR FM NORMAL -191
[CDD (BASE 65) ]
TOTAL THIS MO. 0
DPTR FM NORMAL -1 [PRESSURE DATA]
TOTAL FM JAN 1 0 HIGHEST SLP 30.51 ON 28
DPTR FM NORMAL -1 LOWEST SLP 29.57 ON 25
[REMARKS]
#FINAL-01-21#