000
CXUS55 KGGW 011924
CF6JDN
PRELIMINARY LOCAL CLIMATOLOGICAL DATA (WS FORM: F-6)
STATION: JORDAN ASOS MT
MONTH: JUNE
YEAR: 2021
LATITUDE: 47 19 N
LONGITUDE: 106 50 W
TEMPERATURE IN F: :PCPN: SNOW: WIND :SUNSHINE: SKY :PK WND
================================================================================
1 2 3 4 5 6A 6B 7 8 9 10 11 12 13 14 15 16 17 18
12Z AVG MX 2MIN
DY MAX MIN AVG DEP HDD CDD WTR SNW DPTH SPD SPD DIR MIN PSBL S-S WX SPD DR
================================================================================
1 84 45 65 6 0 0 0.00 M M 6.8 20 340 M M 0 32 320
2 93 43 68 9 0 3 0.00 M M 3.8 16 210 M M 0 21 210
3 101 50 76 16 0 11 0.00 M M 6.8 17 270 M M 0 25 280
4 98 59 79 19 0 14 0.10 M M 10.7 28 340 M M 0 44 300
5 94 63 79 19 0 14 0.20 M M 8.7 41 260 M M 0 53 270
6 75 54 65 5 0 0 0.00 M M 12.5 30 290 M M 0 38 300
7 81 52 67 6 0 2 0.00 M M 10.5 20 20 M M 0 28 20
8 87 54 71 10 0 6 0.01 M M 15.5 30 350 M M 0 40 70
9 90 54 72 11 0 7 0.00 M M 11.5 25 100 M M 0 34 90
10 92 56 74 12 0 9 0.01 M M 15.4 40 300 M M 0 53 290
11 75 46 61 -1 4 0 0.30 M M 15.8 28 270 M M 0 39 280
12 90 41 66 4 0 1 0.01 M M 8.7 28 330 M M 0 36 340
13 89 47 68 6 0 3 0.00 M M 7.8 18 90 M M 0 24 90
14 101 56 79 16 0 14 0.01 M M 16.1 31 120 M M 0 42 120
15 110 69 90 27 0 25 0.00 M M 13.6 31 170 M M 0 46 80
16 85 52 69 6 0 4 0.00 M M 14.7 32 310 M M 0 44 310
17 88 49 69 6 0 4 0.00 M M 8.7 24 290 M M 0 32 280
18 85 49 67 3 0 2 0.00 0.0 0 7.0 20 350 M M 0 24 340
19 92 47 70 6 0 5 0.01 M M 10.9 32 330 M M 0 43 330
20 79 46 63 -1 2 0 0.03 M M 12.3 25 350 M M 0 44 310
21 84 39 62 -3 3 0 0.13 M M 5.3 15 330 M M 0 23 270
22 95 57 76 11 0 11 0.00 M M 5.6 20 310 M M 0 24 320
23 93 56 75 10 0 10 0.00 M M 11.6 28 330 M M 0 37 330
24 93 59 76 10 0 11 0.00 M M 12.5 40 320 M M 0 54 300
25 83 53 68 2 0 3 0.00 M M 7.6 16 360 M M 0 24 360
26 87 56 72 6 0 7 0.04 M M 13.1 29 350 M M 0 40 350
27 90 56 73 7 0 8 0.04 M M 11.7 28 360 M M 0 45 350
28 88 51 70 3 0 5 0.04 M M 4.7 9 140 M M 0 17 100
29 96 55 76 9 0 11 0.00 M M 5.4 15 110 M M 0 24 130
30 99 54 77 10 0 12 0.00 M M 9.6 18 70 M M 0 26 80
================================================================================
SM 2697 1568 9 202 0.93 0.0 304.9 M 0
================================================================================
AV 89.9 52.3 10.2 FASTST M M 0 MAX(MPH)
MISC ----> 41 260 54 300
================================================================================
NOTES:
# LAST OF SEVERAL OCCURRENCES
COLUMN 17 PEAK WIND IN M.P.H.
PRELIMINARY LOCAL CLIMATOLOGICAL DATA (WS FORM: F-6) , PAGE 2
STATION: JORDAN ASOS MT
MONTH: JUNE
YEAR: 2021
LATITUDE: 47 19 N
LONGITUDE: 106 50 W
[TEMPERATURE DATA] [PRECIPITATION DATA] SYMBOLS USED IN COLUMN 16
AVERAGE MONTHLY: 71.1 TOTAL FOR MONTH: 0.93 1 = FOG OR MIST
DPTR FM NORMAL: 8.0 DPTR FM NORMAL: -1.60 2 = FOG REDUCING VISIBILITY
HIGHEST: 110 ON 15 GRTST 24HR 0.31 ON 10-11 TO 1/4 MILE OR LESS
LOWEST: 39 ON 21 3 = THUNDER
SNOW, ICE PELLETS, HAIL 4 = ICE PELLETS
TOTAL MONTH: 0.0 INCH 5 = HAIL
GRTST 24HR 0.0 6 = FREEZING RAIN OR DRIZZLE
GRTST DEPTH: 0 7 = DUSTSTORM OR SANDSTORM:
VSBY 1/2 MILE OR LESS
8 = SMOKE OR HAZE
[NO. OF DAYS WITH] [WEATHER - DAYS WITH] 9 = BLOWING SNOW
X = TORNADO
MAX 32 OR BELOW: 0 0.01 INCH OR MORE: 13
MAX 90 OR ABOVE: 16 0.10 INCH OR MORE: 4
MIN 32 OR BELOW: 0 0.50 INCH OR MORE: 0
MIN 0 OR BELOW: 0 1.00 INCH OR MORE: 0
[HDD (BASE 65) ]
TOTAL THIS MO. 9 CLEAR (SCALE 0-3) 30
DPTR FM NORMAL -104 PTCLDY (SCALE 4-7) 0
TOTAL FM JUL 1 7363 CLOUDY (SCALE 8-10) 0
DPTR FM NORMAL -680
[CDD (BASE 65) ]
TOTAL THIS MO. 202
DPTR FM NORMAL 147 [PRESSURE DATA]
TOTAL FM JAN 1 215 HIGHEST SLP 30.19 ON 28
DPTR FM NORMAL 152 LOWEST SLP 29.39 ON 5
[REMARKS]
#FINAL-06-21#
CORRECTED.