000
CXUS55 KBOI 011002
CF6JER
PRELIMINARY LOCAL CLIMATOLOGICAL DATA (WS FORM: F-6)
STATION: JEROME ID
MONTH: JANUARY
YEAR: 2023
LATITUDE: 42 43 N
LONGITUDE: 114 27 W
TEMPERATURE IN F: :PCPN: SNOW: WIND :SUNSHINE: SKY :PK WND
================================================================================
1 2 3 4 5 6A 6B 7 8 9 10 11 12 13 14 15 16 17 18
12Z AVG MX 2MIN
DY MAX MIN AVG DEP HDD CDD WTR SNW DPTH SPD SPD DIR MIN PSBL S-S WX SPD DR
================================================================================
1 32 27 30 2 35 0 0.00 M M 7.2 14 280 M M 10 12 17 280
2 30 19 25 -3 40 0 0.00 M M 8.6 17 60 M M 5 1 20 60
3 32 20 26 -2 39 0 0.00 M M 5.8 13 260 M M 7 20 110
4 33 23 28 0 37 0 0.00 M M 16.6 32 70 M M 4 40 70
5 36 26 31 3 34 0 0.03 M M 19.4 30 70 M M 5 38 60
6 40 31 36 8 29 0 T M M 7.1 15 270 M M 7 12 20 280
7 37 26 32 4 33 0 T M M 17.8 24 60 M M 1 1 31 60
8 40 27 34 5 31 0 T 0.0 0 13.1 25 250 M M 4 33 250
9 36 23 30 1 35 0 0.16 M M 14.8 23 60 M M 6 16 28 60
10 38 30 34 5 31 0 0.26 M M 11.9 23 50 M M 7 1 28 50
11 41 31 36 7 29 0 T M M 10.4 20 280 M M 4 25 270
12 38 29 34 5 31 0 0.00 M M 19.3 30 60 M M 5 40 60
13 40 32 36 7 29 0 T M M 19.9 30 70 M M 3 39 60
14 45 32 39 10 26 0 0.07 M M 9.6 16 200 M M 6 1 23 210
15 43 32 38 9 27 0 T M M 9.2 24 270 M M 6 12 31 250
16 36 24 30 1 35 0 T M M 11.5 22 60 M M 4 1 28 60
17 31 27 29 0 36 0 0.00 M M 6.9 14 260 M M 7 1 18 260
18 38 22 30 1 35 0 0.00 M M 7.7 17 50 M M 1 23 50
19 29 22 26 -3 39 0 0.04 M M 10.2 21 60 M M 10 12 25 50
20 25 15 20 -9 45 0 0.00 M M 9.0 18 270 M M 4 23 260
21 25 10 18 -11 47 0 0.00 M M 10.4 23 50 M M 0 29 50
22 23 15 19 -10 46 0 0.01 M M 5.0 21 60 M M 10 128 27 60
23 26 19 23 -7 42 0 0.00 M M 6.9 16 250 M M 9 1 21 250
24 30 15 23 -7 42 0 T M M 5.1 14 70 M M 1 17 60
25 28 13 21 -9 44 0 0.00 M M 6.9 17 60 M M 8 1 19 60
26 36 21 29 -1 36 0 0.00 M M 7.3 21 260 M M 6 1 26 270
27 41 31 36 6 29 0 0.00 M M 17.2 33 270 M M 5 47 270
28 37 20 29 -1 36 0 0.11 M M 13.8 28 260 M M 9 18 34 260
29 20 5 13 -17 52 0 T M M 16.7 26 70 M M 10 1 33 80
30 14 0 7 -23 58 0 0.00 M M 10.1 17 80 M M 4 22 80
31 13 -4 5 -25 60 0 0.00 M M 16.4 23 70 M M 7 28 60
================================================================================
SM 1013 663 1168 0 0.68 0.0 351.8 M 175
================================================================================
AV 32.7 21.4 11.3 FASTST M M 6 MAX(MPH)
MISC ----> 33 270 47 270
================================================================================
NOTES:
# LAST OF SEVERAL OCCURRENCES
COLUMN 17 PEAK WIND IN M.P.H.
PRELIMINARY LOCAL CLIMATOLOGICAL DATA (WS FORM: F-6) , PAGE 2
STATION: JEROME ID
MONTH: JANUARY
YEAR: 2023
LATITUDE: 42 43 N
LONGITUDE: 114 27 W
[TEMPERATURE DATA] [PRECIPITATION DATA] SYMBOLS USED IN COLUMN 16
AVERAGE MONTHLY: 27.0 TOTAL FOR MONTH: 0.68 1 = FOG OR MIST
DPTR FM NORMAL: -2.1 DPTR FM NORMAL: -0.53 2 = FOG REDUCING VISIBILITY
HIGHEST: 45 ON 14 GRTST 24HR 0.26 ON 10-10 TO 1/4 MILE OR LESS
LOWEST: -4 ON 31 3 = THUNDER
SNOW, ICE PELLETS, HAIL 4 = ICE PELLETS
TOTAL MONTH: 0.0 INCH 5 = HAIL
GRTST 24HR 0.0 6 = FREEZING RAIN OR DRIZZLE
GRTST DEPTH: 0 7 = DUSTSTORM OR SANDSTORM:
VSBY 1/2 MILE OR LESS
8 = SMOKE OR HAZE
[NO. OF DAYS WITH] [WEATHER - DAYS WITH] 9 = BLOWING SNOW
X = TORNADO
MAX 32 OR BELOW: 14 0.01 INCH OR MORE: 7
MAX 90 OR ABOVE: 0 0.10 INCH OR MORE: 3
MIN 32 OR BELOW: 31 0.50 INCH OR MORE: 0
MIN 0 OR BELOW: 2 1.00 INCH OR MORE: 0
[HDD (BASE 65) ]
TOTAL THIS MO. 1168 CLEAR (SCALE 0-3) 5
DPTR FM NORMAL 55 PTCLDY (SCALE 4-7) 19
TOTAL FM JUL 1 3778 CLOUDY (SCALE 8-10) 7
DPTR FM NORMAL 170
[CDD (BASE 65) ]
TOTAL THIS MO. 0
DPTR FM NORMAL 0 [PRESSURE DATA]
TOTAL FM JAN 1 0 HIGHEST SLP 30.65 ON 26
DPTR FM NORMAL 0 LOWEST SLP 29.50 ON 15
[REMARKS]
#FINAL-01-23#