000
CXUS55 KJKL 011310
CF6JKL
PRELIMINARY LOCAL CLIMATOLOGICAL DATA (WS FORM: F-6)
STATION: JACKSON KY
MONTH: JUNE
YEAR: 2022
LATITUDE: 37 35 N
LONGITUDE: 83 19 W
TEMPERATURE IN F: :PCPN: SNOW: WIND :SUNSHINE: SKY :PK WND
================================================================================
1 2 3 4 5 6A 6B 7 8 9 10 11 12 13 14 15 16 17 18
12Z AVG MX 2MIN
DY MAX MIN AVG DEP HDD CDD WTR SNW DPTH SPD SPD DIR MIN PSBL S-S WX SPD DR
================================================================================
1 88 67 78 9 0 13 0.00 0.0 0 0.5 7 270 M M 1 12 280
2 82 66 74 5 0 9 0.06 0.0 0 1.8 9 360 M M 3 13 18 230
3 78 60 69 -1 0 4 0.00 0.0 0 0.5 7 350 M M 1 1 15 360
4 80 55 68 -2 0 3 0.00 0.0 0 0.5 8 140 M M 0 14 120
5 83 56 70 0 0 5 0.00 0.0 0 1.4 8 180 M M 1 14 190
6 83 66 75 5 0 10 0.02 0.0 0 3.1 9 180 M M 4 17 190
7 84 66 75 4 0 10 0.04 0.0 0 1.8 8 220 M M 6 1 17 180
8 86 66 76 5 0 11 0.53 0.0 0 2.4 22 310 M M 4 13 34 300
9 76 60 68 -3 0 3 0.00 0.0 0 4.0 12 320 M M 3 13 20 310
10 77 56 67 -4 0 2 0.02 0.0 0 1.2 16 310 M M 5 1 25 320
11 80 60 70 -2 0 5 0.00 0.0 0 1.1 6 340 M M 5 1 11 100
12 85 68 77 5 0 12 T 0.0 0 1.2 8 270 M M 3 14 260
13 94 73 84 12 0 19 0.02 0.0 0 1.3 8 270 M M 4 3 15 270
14 93 75 84 12 0 19 0.00 0.0 0 1.1 8 180 M M 2 14 200
15 94 75 85 12 0 20 0.00 0.0 0 0.9 6 170 M M 1 13 360
16 95 75 85 12 0 20 0.00 0.0 0 1.7 10 270 M M 2 18 280
17 88 69 79 6 0 14 0.58 0.0 0 1.5 20 330 M M 2 13 40 350
18 77 62 70 -3 0 5 0.00 0.0 0 1.4 9 340 M M 1 18 310
19 76 53 65 -9 0 0 0.00 0.0 0 0.3 7 300 M M 0 12 60
20 82 54 68 -6 0 3 0.00 0.0 0 1.8 6 160 M M 0 10 140
21 92 61 77 3 0 12 0.00 0.0 0 1.0 8 310 M M 0 12 280
22 95 68 82 8 0 17 0.00 0.0 0 2.0 16 330 M M 0 34 340
23 88 69 79 5 0 14 T 0.0 0 2.7 8 340 M M 2 14 350
24 90 67 79 5 0 14 0.00 0.0 0 0.6 6 310 M M 1 11 10
25 92 69 81 6 0 16 1.18 0.0 0 2.6 12 290 M M 3 13 22 310
26 87 68 78 3 0 13 0.51 0.0 0 1.6 18 290 M M 5 13 36 280
27 80 65 73 -2 0 8 0.47 0.0 0 1.8 9 320 M M 4 1 15 310
28 80 59 70 -5 0 5 0.00 0.0 0 0.6 7 150 M M 0 12 30
29 86 61 74 -1 0 9 0.00 0.0 0 0.4 7 310 M M 0 12 320
30 90 65 78 3 0 13 0.00 0.0 0 0.9 6 300 M M 1 10 120
================================================================================
SM 2561 1934 0 308 3.43 0.0 43.7 M 64
================================================================================
AV 85.4 64.5 1.5 FASTST M M 2 MAX(MPH)
MISC ----> 22 310 40 350
================================================================================
NOTES:
# LAST OF SEVERAL OCCURRENCES
COLUMN 17 PEAK WIND IN M.P.H.
PRELIMINARY LOCAL CLIMATOLOGICAL DATA (WS FORM: F-6) , PAGE 2
STATION: JACKSON KY
MONTH: JUNE
YEAR: 2022
LATITUDE: 37 35 N
LONGITUDE: 83 19 W
[TEMPERATURE DATA] [PRECIPITATION DATA] SYMBOLS USED IN COLUMN 16
AVERAGE MONTHLY: 74.9 TOTAL FOR MONTH: 3.43 1 = FOG OR MIST
DPTR FM NORMAL: 2.3 DPTR FM NORMAL: -1.82 2 = FOG REDUCING VISIBILITY
HIGHEST: 95 ON 22,16 GRTST 24HR 1.66 ON 25-26 TO 1/4 MILE OR LESS
LOWEST: 53 ON 19 3 = THUNDER
SNOW, ICE PELLETS, HAIL 4 = ICE PELLETS
TOTAL MONTH: 0.0 INCH 5 = HAIL
GRTST 24HR 0.0 6 = FREEZING RAIN OR DRIZZLE
GRTST DEPTH: 0 7 = DUSTSTORM OR SANDSTORM:
VSBY 1/2 MILE OR LESS
8 = SMOKE OR HAZE
[NO. OF DAYS WITH] [WEATHER - DAYS WITH] 9 = BLOWING SNOW
X = TORNADO
MAX 32 OR BELOW: 0 0.01 INCH OR MORE: 10
MAX 90 OR ABOVE: 9 0.10 INCH OR MORE: 5
MIN 32 OR BELOW: 0 0.50 INCH OR MORE: 4
MIN 0 OR BELOW: 0 1.00 INCH OR MORE: 1
[HDD (BASE 65) ]
TOTAL THIS MO. 0 CLEAR (SCALE 0-3) 19
DPTR FM NORMAL -9 PTCLDY (SCALE 4-7) 11
TOTAL FM JUL 1 3577 CLOUDY (SCALE 8-10) 0
DPTR FM NORMAL -487
[CDD (BASE 65) ]
TOTAL THIS MO. 308
DPTR FM NORMAL 73 [PRESSURE DATA]
TOTAL FM JAN 1 498 HIGHEST SLP 30.27 ON 20
DPTR FM NORMAL 104 LOWEST SLP 29.74 ON 8
[REMARKS]
#FINAL-06-22#