000
CXUS53 KSGF 010710
CF6JLN
PRELIMINARY LOCAL CLIMATOLOGICAL DATA (WS FORM: F-6)
STATION: JOPLIN MO
MONTH: JUNE
YEAR: 2023
LATITUDE: 37 10 N
LONGITUDE: 94 30 W
TEMPERATURE IN F: :PCPN: SNOW: WIND :SUNSHINE: SKY :PK WND
================================================================================
1 2 3 4 5 6A 6B 7 8 9 10 11 12 13 14 15 16 17 18
12Z AVG MX 2MIN
DY MAX MIN AVG DEP HDD CDD WTR SNW DPTH SPD SPD DIR MIN PSBL S-S WX SPD DR
================================================================================
1 88 66 77 5 0 12 0.00 M M 7.1 15 120 M M 3 25 150
2 89 66 78 6 0 13 0.39 M M 5.7 25 120 M M 2 3 34 120
3 88 65 77 5 0 12 0.03 M M 4.1 18 250 M M 4 13 25 240
4 90 58 74 1 0 9 0.00 M M 4.3 12 50 M M 2 123 17 50
5 91 60 76 3 0 11 0.00 M M 3.2 14 40 M M 1 18 20 50
6 89 62 76 3 0 11 0.00 M M 3.0 12 50 M M 1 18 17 10
7 91 62 77 3 0 12 0.00 M M 3.9 14 320 M M 1 18 17 320
8 91 69 80 6 0 15 T M M 4.1 13 50 M M 3 3 20 50
9 85 67 76 2 0 11 0.08 M M 4.9 15 100 M M 4 13 22 110
10 80 65 73 -1 0 8 0.35 M M 5.7 12 250 M M 4 13 16 260
11 83 58 71 -4 0 6 0.89 M M 7.3 22 360 M M 6 138 32 350
12 78 58 68 -7 0 3 0.00 M M 3.7 10 70 M M 5 18 15 50
13 83 56 70 -5 0 5 T M M 4.4 10 300 M M 2 M M
14 79 62 71 -5 0 6 0.09 M M 4.8 17 90 M M 3 1 26 220
15 86 58 72 -4 0 7 0.00 M M 2.5 10 170 M M 1 1 14 190
16 86 64 75 -1 0 10 0.82 M M 3.1 17 110 M M 5 13 25 110
17 90 60 75 -1 0 10 0.00 M M 6.2 14 180 M M 1 1 19 170
18 81 64 73 -3 0 8 0.67 M M 8.5 39 250 M M 6 138 57 240
19 90 62 76 -1 0 11 0.00 M M 3.8 8 10 M M 0 1 12 50
20 90 66 78 1 0 13 0.00 M M 6.5 13 110 M M 0 19 110
21 88 66 77 0 0 12 0.00 M M 4.9 15 90 M M 1 8 22 80
22 88 67 78 1 0 13 0.00 M M 4.5 12 50 M M 2 17 100
23 90 66 78 0 0 13 T M M 6.5 14 110 M M 3 19 110
24 94 69 82 4 0 17 T M M 10.5 21 180 M M 1 3 29 190
25 91 66 79 1 0 14 0.00 M M 7.2 17 320 M M 0 24 330
26 89 59 74 -4 0 9 0.00 M M 3.6 14 350 M M 0 20 10
27 87 58 73 -5 0 8 0.00 M M 6.2 23 180 M M 1 35 180
28 99 70 85 7 0 20 0.02 M M 14.5 26 150 M M 3 38 36 150
29 103 79 91 13 0 26 0.00 M M 13.0 24 220 M M 2 36 210
30 100 78 89 10 0 24 0.00 M M 11.0 20 230 M M 3 8 26 230
================================================================================
SM 2657 1926 0 349 3.34 M 178.7 M 70
================================================================================
AV 88.6 64.2 6.0 FASTST M M 2 MAX(MPH)
MISC ----> 39 250 57 240
================================================================================
NOTES:
# LAST OF SEVERAL OCCURRENCES
COLUMN 17 PEAK WIND IN M.P.H.
PRELIMINARY LOCAL CLIMATOLOGICAL DATA (WS FORM: F-6) , PAGE 2
STATION: JOPLIN MO
MONTH: JUNE
YEAR: 2023
LATITUDE: 37 10 N
LONGITUDE: 94 30 W
[TEMPERATURE DATA] [PRECIPITATION DATA] SYMBOLS USED IN COLUMN 16
AVERAGE MONTHLY: 76.4 TOTAL FOR MONTH: 3.34 1 = FOG OR MIST
DPTR FM NORMAL: 0.8 DPTR FM NORMAL: -2.26 2 = FOG REDUCING VISIBILITY
HIGHEST: 103 ON 29 GRTST 24HR 0.89 ON 11-11 TO 1/4 MILE OR LESS
LOWEST: 56 ON 13 3 = THUNDER
SNOW, ICE PELLETS, HAIL 4 = ICE PELLETS
TOTAL MONTH: M 5 = HAIL
GRTST 24HR M ON M 6 = FREEZING RAIN OR DRIZZLE
GRTST DEPTH: M ON M 7 = DUSTSTORM OR SANDSTORM:
VSBY 1/2 MILE OR LESS
8 = SMOKE OR HAZE
[NO. OF DAYS WITH] [WEATHER - DAYS WITH] 9 = BLOWING SNOW
X = TORNADO
MAX 32 OR BELOW: 0 0.01 INCH OR MORE: 9
MAX 90 OR ABOVE: 13 0.10 INCH OR MORE: 5
MIN 32 OR BELOW: 0 0.50 INCH OR MORE: 3
MIN 0 OR BELOW: 0 1.00 INCH OR MORE: 0
[HDD (BASE 65) ]
TOTAL THIS MO. 0 CLEAR (SCALE 0-3) 23
DPTR FM NORMAL -4 PTCLDY (SCALE 4-7) 7
TOTAL FM JUL 1 3759 CLOUDY (SCALE 8-10) 0
DPTR FM NORMAL -357
[CDD (BASE 65) ]
TOTAL THIS MO. 349
DPTR FM NORMAL 27 [PRESSURE DATA]
TOTAL FM JAN 1 540 HIGHEST SLP M ON M
DPTR FM NORMAL 46 LOWEST SLP 29.60 ON 18
[REMARKS]
#FINAL-06-23#