000
CXUS53 KSGF 010810
CF6JLN
PRELIMINARY LOCAL CLIMATOLOGICAL DATA (WS FORM: F-6)
STATION: JOPLIN MO
MONTH: NOVEMBER
YEAR: 2021
LATITUDE: 37 10 N
LONGITUDE: 94 30 W
TEMPERATURE IN F: :PCPN: SNOW: WIND :SUNSHINE: SKY :PK WND
================================================================================
1 2 3 4 5 6A 6B 7 8 9 10 11 12 13 14 15 16 17 18
12Z AVG MX 2MIN
DY MAX MIN AVG DEP HDD CDD WTR SNW DPTH SPD SPD DIR MIN PSBL S-S WX SPD DR
================================================================================
1 45 40 43 -10 22 0 0.07 M M 6.9 13 50 M M 8 1 18 40
2 47 40 44 -9 21 0 0.00 M M 4.9 13 100 M M 8 17 60
3 53 35 44 -9 21 0 0.00 M M 1.6 9 160 M M 7 13 130
4 56 30 43 -9 22 0 0.00 M M 1.9 9 150 M M 7 1 13 140
5 58 37 48 -4 17 0 0.00 M M 5.8 13 200 M M 1 17 170
6 63 37 50 -1 15 0 0.00 M M 7.8 14 210 M M 0 19 210
7 71 43 57 6 8 0 0.00 M M 12.1 21 190 M M 1 27 200
8 76 52 64 13 1 0 0.00 M M 13.8 22 190 M M 1 8 30 160
9 70 55 63 13 2 0 0.00 M M 7.2 17 220 M M 4 24 210
10 69 54 62 12 3 0 0.43 M M 13.5 33 230 M M 9 13 47 250
11 59 43 51 2 14 0 T M M 11.5 23 270 M M 2 18 33 270
12 52 33 43 -6 22 0 0.09 M M 14.2 26 290 M M 5 1 36 290
13 50 28 39 -10 26 0 0.00 M M 6.3 16 200 M M 2 24 200
14 56 37 47 -1 18 0 0.00 M M 5.7 18 350 M M 2 24 350
15 69 40 55 7 10 0 0.00 M M 12.0 24 230 M M 1 33 210
16 79 50 65 17 0 0 0.00 M M 16.0 30 190 M M 2 43 190
17 68 45 57 10 8 0 T M M 14.2 28 190 M M 6 38 200
18 51 27 39 -8 26 0 0.00 M M 6.2 16 300 M M 1 8 23 300
19 54 25 40 -6 25 0 0.00 M M 10.0 20 200 M M 5 27 180
20 63 43 53 7 12 0 0.00 M M 9.5 20 210 M M 3 28 220
21 60 37 49 3 16 0 T M M 6.9 18 350 M M 4 24 10
22 55 29 42 -3 23 0 0.00 M M 2.7 10 100 M M 1 13 110
23 67 37 52 7 13 0 0.00 M M 11.6 23 190 M M 0 31 180
24 67 49 58 14 7 0 0.26 M M 20.1 37 200 M M 5 13 49 200
25 49 25 37 -7 28 0 T M M 10.8 23 10 M M 3 33 10
26 57 22 40 -4 25 0 0.00 M M 11.3 24 200 M M 1 29 220
27 61 42 52 9 13 0 0.00 M M 9.9 22 220 M M 1 8 29 210
28 54 34 44 1 21 0 0.00 M M 2.7 12 30 M M 1 16 30
29 66 36 51 8 14 0 0.00 M M 11.1 22 210 M M 0 31 220
30 65 38 52 10 13 0 0.00 M M 4.1 13 210 M M 1 8 17 210
================================================================================
SM 1810 1143 466 0 0.85 M 272.3 M 92
================================================================================
AV 60.3 38.1 9.1 FASTST M M 3 MAX(MPH)
MISC ----> 37 200 49 200
================================================================================
NOTES:
# LAST OF SEVERAL OCCURRENCES
COLUMN 17 PEAK WIND IN M.P.H.
PRELIMINARY LOCAL CLIMATOLOGICAL DATA (WS FORM: F-6) , PAGE 2
STATION: JOPLIN MO
MONTH: NOVEMBER
YEAR: 2021
LATITUDE: 37 10 N
LONGITUDE: 94 30 W
[TEMPERATURE DATA] [PRECIPITATION DATA] SYMBOLS USED IN COLUMN 16
AVERAGE MONTHLY: 49.2 TOTAL FOR MONTH: 0.85 1 = FOG OR MIST
DPTR FM NORMAL: 1.4 DPTR FM NORMAL: -2.48 2 = FOG REDUCING VISIBILITY
HIGHEST: 79 ON 16 GRTST 24HR 0.43 ON 10-10 TO 1/4 MILE OR LESS
LOWEST: 22 ON 26 3 = THUNDER
SNOW, ICE PELLETS, HAIL 4 = ICE PELLETS
TOTAL MONTH: M 5 = HAIL
GRTST 24HR M ON M 6 = FREEZING RAIN OR DRIZZLE
GRTST DEPTH: M ON M 7 = DUSTSTORM OR SANDSTORM:
VSBY 1/2 MILE OR LESS
8 = SMOKE OR HAZE
[NO. OF DAYS WITH] [WEATHER - DAYS WITH] 9 = BLOWING SNOW
X = TORNADO
MAX 32 OR BELOW: 0 0.01 INCH OR MORE: 4
MAX 90 OR ABOVE: 0 0.10 INCH OR MORE: 2
MIN 32 OR BELOW: 7 0.50 INCH OR MORE: 0
MIN 0 OR BELOW: 0 1.00 INCH OR MORE: 0
[HDD (BASE 65) ]
TOTAL THIS MO. 466 CLEAR (SCALE 0-3) 19
DPTR FM NORMAL -57 PTCLDY (SCALE 4-7) 10
TOTAL FM JUL 1 622 CLOUDY (SCALE 8-10) 1
DPTR FM NORMAL -163
[CDD (BASE 65) ]
TOTAL THIS MO. 0
DPTR FM NORMAL -5 [PRESSURE DATA]
TOTAL FM JAN 1 1790 HIGHEST SLP M ON M
DPTR FM NORMAL 140 LOWEST SLP 29.68 ON 10
[REMARKS]
#FINAL-11-21#