000
CXUS53 KBIS 280830
CF6JMS
PRELIMINARY LOCAL CLIMATOLOGICAL DATA (WS FORM: F-6)
STATION: JAMESTOWN ND
MONTH: MARCH
YEAR: 2024
LATITUDE: 46 55 N
LONGITUDE: 98 40 W
TEMPERATURE IN F: :PCPN: SNOW: WIND :SUNSHINE: SKY :PK WND
================================================================================
1 2 3 4 5 6A 6B 7 8 9 10 11 12 13 14 15 16 17 18
12Z AVG MX 2MIN
DY MAX MIN AVG DEP HDD CDD WTR SNW DPTH SPD SPD DIR MIN PSBL S-S WX SPD DR
================================================================================
1 52 18 35 15 30 0 0.00 M M 9.1 23 320 M M 0 29 310
2 37 28 33 13 32 0 T M M 16.0 26 60 M M 9 37 50
3 38 19 29 9 36 0 0.08 M M 19.2 36 270 M M 7 1 50 260
4 26 11 19 -2 46 0 0.00 M M 12.3 28 270 M M 0 39 270
5 22 7 15 -6 50 0 0.03 M M 9.4 20 60 M M 6 8 26 60
6 39 8 24 2 41 0 0.00 M M 13.7 23 270 M M 6 30 260
7 28 10 19 -3 46 0 0.00 M M 12.8 20 290 M M 2 26 300
8 39 6 23 0 42 0 0.00 M M 7.9 17 310 M M 1 23 300
9 45 13 29 6 36 0 0.00 M M 6.5 13 140 M M 0 20 170
10 58 26 42 18 23 0 0.00 M M 13.1 24 180 M M 0 32 180
11 63 27 45 21 20 0 0.00 M M 7.7 17 180 M M 0 22 180
12 61 31 46 21 19 0 0.00 M M 7.1 13 100 M M 2 17 40
13 56 33 45 19 20 0 0.02 M M 11.1 22 60 M M 9 28 60
14 48 32 40 14 25 0 0.00 M M 10.4 16 310 M M 9 1 21 320
15 56 28 42 16 23 0 0.00 M M 17.3 32 250 M M 3 1 47 240
16 41 20 31 4 34 0 T M M 21.2 32 330 M M 6 1 43 320
17 24 15 20 -8 45 0 T M M 17.5 28 360 M M 9 37 350
18 52 11 32 4 33 0 0.00 M M 13.5 26 230 M M 0 39 340
19 45 19 32 3 33 0 0.00 M M 15.1 25 330 M M 5 34 320
20 27 10 19 -10 46 0 0.02 M M 6.7 23 10 M M 5 28 20
21 28 19 24 -6 41 0 0.10 M M 7.9 16 130 M M 10 1 26 140
22 28 6 17 -13 48 0 0.00 M M 8.0 15 310 M M 5 1 20 310
23 28 5 17 -14 48 0 M M M 8.6 16 140 M M 6 1 21 180
24 26 21 24 -7 41 0 M M M 19.1 26 30 M M 10 18 34 30
25 29 17 23 -9 42 0 T M M 25.6 32 10 M M 9 18 43 360
26 28 11 20 -12 45 0 M M M 22.0 30 310 M M 7 8 40 320
27 26 11 19 -13 46 0 0.00 M M 13.0 22 300 M M 1 31 310
================================================================================
SM 1050 462 991 0 0.25 M 351.8 M 127
================================================================================
AV 38.9 17.1 13.0 FASTST M M 5 MAX(MPH)
MISC ----> 36 270 50 260
================================================================================
NOTES:
# LAST OF SEVERAL OCCURRENCES
COLUMN 17 PEAK WIND IN M.P.H.
PRELIMINARY LOCAL CLIMATOLOGICAL DATA (WS FORM: F-6) , PAGE 2
STATION: JAMESTOWN ND
MONTH: MARCH
YEAR: 2024
LATITUDE: 46 55 N
LONGITUDE: 98 40 W
[TEMPERATURE DATA] [PRECIPITATION DATA] SYMBOLS USED IN COLUMN 16
AVERAGE MONTHLY: 28.0 TOTAL FOR MONTH: 0.25 1 = FOG OR MIST
DPTR FM NORMAL: 2.0 DPTR FM NORMAL: -0.33 2 = FOG REDUCING VISIBILITY
HIGHEST: 63 ON 11 GRTST 24HR 0.10 ON 21-21 TO 1/4 MILE OR LESS
LOWEST: 5 ON 23 3 = THUNDER
SNOW, ICE PELLETS, HAIL 4 = ICE PELLETS
TOTAL MONTH: M 5 = HAIL
GRTST 24HR M ON M 6 = FREEZING RAIN OR DRIZZLE
GRTST DEPTH: M ON M 7 = DUSTSTORM OR SANDSTORM:
VSBY 1/2 MILE OR LESS
8 = SMOKE OR HAZE
[NO. OF DAYS WITH] [WEATHER - DAYS WITH] 9 = BLOWING SNOW
X = TORNADO
MAX 32 OR BELOW: 12 0.01 INCH OR MORE: 5
MAX 90 OR ABOVE: 0 0.10 INCH OR MORE: 1
MIN 32 OR BELOW: 26 0.50 INCH OR MORE: 0
MIN 0 OR BELOW: 0 1.00 INCH OR MORE: 0
[HDD (BASE 65) ]
TOTAL THIS MO. 991 CLEAR (SCALE 0-3) 10
DPTR FM NORMAL -61 PTCLDY (SCALE 4-7) 10
TOTAL FM JUL 1 6415 CLOUDY (SCALE 8-10) 7
DPTR FM NORMAL -1344
[CDD (BASE 65) ]
TOTAL THIS MO. 0
DPTR FM NORMAL 0 [PRESSURE DATA]
TOTAL FM JAN 1 0 HIGHEST SLP M ON M
DPTR FM NORMAL 0 LOWEST SLP 29.25 ON 3
[REMARKS]