000
CXUS55 KPUB 011310
CF6LAA
PRELIMINARY LOCAL CLIMATOLOGICAL DATA (WS FORM: F-6)
STATION: LAMAR CO
MONTH: DECEMBER
YEAR: 2020
LATITUDE: 38 4 N
LONGITUDE: 102 41 W
TEMPERATURE IN F: :PCPN: SNOW: WIND :SUNSHINE: SKY :PK WND
================================================================================
1 2 3 4 5 6A 6B 7 8 9 10 11 12 13 14 15 16 17 18
12Z AVG MX 2MIN
DY MAX MIN AVG DEP HDD CDD WTR SNW DPTH SPD SPD DIR MIN PSBL S-S WX SPD DR
================================================================================
1 53 14 34 0 31 0 T M M 16.9 33 10 M M 4 45 350
2 32 26 29 -4 36 0 T M M 17.5 28 350 M M 10 1 37 360
3 44 10 27 -6 38 0 0.00 M M 9.0 16 240 M M 1 20 250
4 56 20 38 6 27 0 0.00 M M 9.7 15 260 M M 0 18 260
5 59 22 41 9 24 0 0.00 M M 8.4 15 350 M M 0 20 350
6 58 20 39 7 26 0 0.00 M M 7.4 15 270 M M 0 8 18 260
7 65 18 42 11 23 0 0.00 M M 9.5 17 360 M M 0 26 310
8 63 16 40 9 25 0 0.00 M M 8.3 18 230 M M 0 21 230
9 64 16 40 9 25 0 0.00 M M 7.0 17 260 M M 0 23 260
10 51 14 33 3 32 0 T M M 9.7 20 40 M M 3 25 40
11 35 20 28 -2 37 0 T M M 9.0 16 340 M M 9 18 20 320
12 32 11 22 -8 43 0 0.14 M M 8.0 15 70 M M 6 1 21 80
13 31 -6 13 -17 52 0 0.04 M M 8.3 21 350 M M 4 18 26 350
14 27 -4 12 -17 53 0 0.00 M M 4.9 21 10 M M 7 128 26 10
15 28 10 19 -10 46 0 T M M 14.4 25 10 M M 7 18 33 10
16 30 6 18 -11 47 0 0.00 M M 9.9 14 260 M M 1 19 240
17 29 3 16 -13 49 0 0.00 M M 4.5 13 230 M M 0 16 260
18 43 16 30 1 35 0 0.00 M M 7.8 21 350 M M 4 25 340
19 39 14 27 -1 38 0 0.00 M M 6.3 12 200 M M 0 14 280
20 47 19 33 5 32 0 0.00 M M 8.2 17 220 M M 0 21 210
21 56 22 39 11 26 0 0.00 M M 6.1 18 160 M M 0 24 160
22 64 21 43 15 22 0 0.00 M M 8.5 31 250 M M 0 42 250
23 40 18 29 1 36 0 0.00 M M 23.8 48 340 M M 4 8 66 340
24 55 10 33 5 32 0 0.00 M M 10.5 26 340 M M 1 35 330
25 56 20 38 10 27 0 0.00 M M 8.6 16 270 M M 0 22 270
26 59 18 39 11 26 0 0.00 M M 7.8 20 270 M M 0 24 270
27 52 25 39 11 26 0 0.00 M M 9.4 21 350 M M 1 29 20
28 43 29 36 8 29 0 0.02 M M 14.9 25 130 M M 9 1 36 160
29 44 23 34 6 31 0 0.00 M M 11.8 23 140 M M 4 32 140
30 42 13 28 0 37 0 0.00 M M 5.9 13 220 M M 0 17 220
31 48 7 28 0 37 0 0.00 M M 5.7 20 140 M M 0 25 140
================================================================================
SM 1445 471 1048 0 0.20 M 297.7 M 75
================================================================================
AV 46.6 15.2 9.6 FASTST M M 2 MAX(MPH)
MISC ----> 48 340 66 340
================================================================================
NOTES:
# LAST OF SEVERAL OCCURRENCES
COLUMN 17 PEAK WIND IN M.P.H.
PRELIMINARY LOCAL CLIMATOLOGICAL DATA (WS FORM: F-6) , PAGE 2
STATION: LAMAR CO
MONTH: DECEMBER
YEAR: 2020
LATITUDE: 38 4 N
LONGITUDE: 102 41 W
[TEMPERATURE DATA] [PRECIPITATION DATA] SYMBOLS USED IN COLUMN 16
AVERAGE MONTHLY: 30.9 TOTAL FOR MONTH: 0.20 1 = FOG OR MIST
DPTR FM NORMAL: 1.3 DPTR FM NORMAL: -0.20 2 = FOG REDUCING VISIBILITY
HIGHEST: 65 ON 7 GRTST 24HR 0.18 ON 12-13 TO 1/4 MILE OR LESS
LOWEST: -6 ON 13 3 = THUNDER
SNOW, ICE PELLETS, HAIL 4 = ICE PELLETS
TOTAL MONTH: M 5 = HAIL
GRTST 24HR M ON M 6 = FREEZING RAIN OR DRIZZLE
GRTST DEPTH: M ON M 7 = DUSTSTORM OR SANDSTORM:
VSBY 1/2 MILE OR LESS
8 = SMOKE OR HAZE
[NO. OF DAYS WITH] [WEATHER - DAYS WITH] 9 = BLOWING SNOW
X = TORNADO
MAX 32 OR BELOW: 7 0.01 INCH OR MORE: 3
MAX 90 OR ABOVE: 0 0.10 INCH OR MORE: 1
MIN 32 OR BELOW: 31 0.50 INCH OR MORE: 0
MIN 0 OR BELOW: 2 1.00 INCH OR MORE: 0
[HDD (BASE 65) ]
TOTAL THIS MO. 1048 CLEAR (SCALE 0-3) 19
DPTR FM NORMAL -49 PTCLDY (SCALE 4-7) 9
TOTAL FM JUL 1 2077 CLOUDY (SCALE 8-10) 3
DPTR FM NORMAL -236
[CDD (BASE 65) ]
TOTAL THIS MO. 0
DPTR FM NORMAL 0 [PRESSURE DATA]
TOTAL FM JAN 1 1579 HIGHEST SLP 30.48 ON 2
DPTR FM NORMAL 458 LOWEST SLP 29.45 ON 22
[REMARKS]
#FINAL-12-20#