000
CXUS55 KCYS 100019
CF6LAR
PRELIMINARY LOCAL CLIMATOLOGICAL DATA (WS FORM: F-6) ...CORRECTED...
STATION: LARAMIE WYOMING AIRPORT
MONTH: NOVEMBER
YEAR: 2020
LATITUDE: 41 18 N
LONGITUDE: 105 40 W
TEMPERATURE IN F: :PCPN: SNOW: WIND :SUNSHINE: SKY :PK WND
================================================================================
1 2 3 4 5 6A 6B 7 8 9 10 11 12 13 14 15 16 17 18
12Z AVG MX 2MIN
DY MAX MIN AVG DEP HDD CDD WTR SNW DPTH SPD SPD DIR MIN PSBL S-S WX SPD DR
================================================================================
1 60 25 43 7 22 0 0.00 M M 9.6 23 230 M M 0 29 230
2 66 30 48 12 17 0 0.00 M M 8.1 18 220 M M 0 25 230
3 66 32 49 14 16 0 0.00 M M 12.1 23 260 M M 1 29 250
4 64 34 49 14 16 0 0.00 M M 12.3 26 280 M M 0 37 250
5 66 31 49 15 16 0 0.00 M M 12.2 24 210 M M 0 32 220
6 64 31 48 14 17 0 0.00 M M 10.1 24 230 M M 0 32 230
7 61 38 50 17 15 0 T M M 11.5 32 170 M M 2 41 170
8 47 27 37 4 28 0 0.10 M M 18.3 46 240 M M 4 1 60 240
9 33 16 25 -7 40 0 T M M 8.6 26 160 M M 7 1 36 210
10 30 11 21 -11 44 0 0.00 M M 19.6 35 270 M M 2 1 44 260
11 35 16 26 -5 39 0 0.01 M M 16.0 35 290 M M 5 1 44 290
12 30 12 21 -10 44 0 0.00 M M 17.3 35 270 M M 2 42 270
13 47 17 32 2 33 0 0.00 M M 19.7 46 240 M M 1 59 230
14 34 14 24 -6 41 0 T M M 23.6 44 280 M M 4 1289 57 290
15 40 14 27 -3 38 0 0.00 M M 20.8 43 250 M M 6 56 250
16 53 34 44 15 21 0 0.00 M M 18.4 39 260 M M 4 50 260
17 61 32 47 19 18 0 0.00 M M 15.2 30 240 M M 0 39 240
18 63 35 49 21 16 0 0.00 M M 20.8 43 220 M M 0 57 230
19 46 27 37 9 28 0 0.00 M M 10.5 33 270 M M 5 43 270
20 39 18 29 2 36 0 T M M 4.9 15 160 M M 7 21 150
21 45 13 29 2 36 0 0.00 M M 8.5 25 260 M M 0 31 260
22 44 4 24 -2 41 0 0.00 M M 11.5 24 150 M M 0 30 160
23 53 28 41 15 24 0 0.00 M M 11.6 31 240 M M 4 38 240
24 37 19 28 3 37 0 T M M 9.2 20 220 M M 7 8 25 220
25 45 23 34 9 31 0 0.00 M M 18.8 33 240 M M 0 42 240
26 36 9 23 -1 42 0 0.00 M M 6.9 22 290 M M 3 28 290
27 38 4 21 -3 44 0 0.00 M M 4.7 12 150 M M 0 15 250
28 43 3 23 -1 42 0 0.00 M M 4.3 12 40 M M 0 17 40
29 35 7 21 -2 44 0 0.00 M M 5.0 16 30 M M 0 22 20
30 46 4 25 2 40 0 0.00 M M 14.1 28 240 M M 0 35 240
================================================================================
SM 1427 608 926 0 0.11 M 384.2 M 64
================================================================================
AV 47.6 20.3 12.8 FASTST M M 2 MAX(MPH)
MISC ----> # 46 240 60 240
================================================================================
NOTES:
# LAST OF SEVERAL OCCURRENCES
COLUMN 17 PEAK WIND IN M.P.H.
PRELIMINARY LOCAL CLIMATOLOGICAL DATA (WS FORM: F-6) , PAGE 2
STATION: LARAMIE WYOMING AIRPORT
MONTH: NOVEMBER
YEAR: 2020
LATITUDE: 41 18 N
LONGITUDE: 105 40 W
[TEMPERATURE DATA] [PRECIPITATION DATA] SYMBOLS USED IN COLUMN 16
AVERAGE MONTHLY: 33.9 TOTAL FOR MONTH: 0.11 1 = FOG OR MIST
DPTR FM NORMAL: 4.6 DPTR FM NORMAL: -0.43 2 = FOG REDUCING VISIBILITY
HIGHEST: 66 ON 5, 3 GRTST 24HR 0.10 ON 8- 8 TO 1/4 MILE OR LESS
LOWEST: 3 ON 28 3 = THUNDER
SNOW, ICE PELLETS, HAIL 4 = ICE PELLETS
TOTAL MONTH: M 5 = HAIL
GRTST 24HR M ON M 6 = FREEZING RAIN OR DRIZZLE
GRTST DEPTH: M ON M 7 = DUSTSTORM OR SANDSTORM:
VSBY 1/2 MILE OR LESS
8 = SMOKE OR HAZE
[NO. OF DAYS WITH] [WEATHER - DAYS WITH] 9 = BLOWING SNOW
X = TORNADO
MAX 32 OR BELOW: 2 0.01 INCH OR MORE: 2
MAX 90 OR ABOVE: 0 0.10 INCH OR MORE: 1
MIN 32 OR BELOW: 26 0.50 INCH OR MORE: 0
MIN 0 OR BELOW: 0 1.00 INCH OR MORE: 0
[HDD (BASE 65) ]
TOTAL THIS MO. 926 CLEAR (SCALE 0-3) 20
DPTR FM NORMAL -143 PTCLDY (SCALE 4-7) 10
TOTAL FM JUL 1 2063 CLOUDY (SCALE 8-10) 0
DPTR FM NORMAL -250
[CDD (BASE 65) ]
TOTAL THIS MO. 0
DPTR FM NORMAL 0 [PRESSURE DATA]
TOTAL FM JAN 1 141 HIGHEST SLP 30.65 ON 29
DPTR FM NORMAL 74 LOWEST SLP 29.10 ON 8
[REMARKS]
NOVEMBER 2ND...TIED RECORD HIGH 66 DEGREES PREVIOUSLY SET IN 2008.
NOVEMBER 5TH...TIED RECORD HIGH 66 DEGREES PREVIOUSLY SET IN 1999.
NOVEMBER 18TH...RECORD HIGH 63 DEGREES (PREVIOUS 61 DEGREES IN 2008).
#FINAL-11-20#