000
CXUS55 KVEF 010910
CF6LAS
PRELIMINARY LOCAL CLIMATOLOGICAL DATA (WS FORM: F-6)
STATION: LAS VEGAS NV
MONTH: AUGUST
YEAR: 2021
LATITUDE: 36 4 N
LONGITUDE: 115 10 W
TEMPERATURE IN F: :PCPN: SNOW: WIND :SUNSHINE: SKY :PK WND
================================================================================
1 2 3 4 5 6A 6B 7 8 9 10 11 12 13 14 15 16 17 18
12Z AVG MX 2MIN
DY MAX MIN AVG DEP HDD CDD WTR SNW DPTH SPD SPD DIR MIN PSBL S-S WX SPD DR
================================================================================
1 101 82 92 -1 0 27 0.00 0.0 0 3.7 16 270 M M 4 21 260
2 107 83 95 2 0 30 0.00 0.0 0 3.9 10 320 M M 1 17 180
3 110 86 98 5 0 33 0.00 0.0 0 4.3 13 10 M M 2 19 40
4 111 88 100 7 0 35 0.00 0.0 0 4.5 13 60 M M 1 24 30
5 112 89 101 8 0 36 0.00 0.0 0 8.8 25 240 M M 1 36 240
6 106 87 97 4 0 32 0.00 0.0 0 9.3 23 270 M M 0 30 220
7 105 78 92 -1 0 27 0.00 0.0 0 3.6 12 220 M M 4 8 16 230
8 107 81 94 1 0 29 0.00 0.0 0 9.6 22 230 M M 0 33 210
9 106 85 96 3 0 31 0.00 0.0 0 9.1 23 220 M M 1 32 210
10 105 85 95 2 0 30 0.00 0.0 0 7.4 20 190 M M 2 34 180
11 101 80 91 -1 0 26 0.00 0.0 0 6.2 12 180 M M 2 21 100
12 104 83 94 2 0 29 0.00 0.0 0 5.9 32 40 M M 3 8 43 40
13 102 83 93 1 0 28 0.00 0.0 0 6.3 17 240 M M 8 27 210
14 104 85 95 3 0 30 0.00 0.0 0 4.7 15 20 M M 6 20 20
15 108 86 97 5 0 32 0.00 0.0 0 4.1 29 60 M M 5 3 39 70
16 107 87 97 5 0 32 0.00 0.0 0 6.0 15 170 M M 2 24 170
17 106 88 97 5 0 32 0.00 0.0 0 13.2 21 180 M M 1 35 220
18 99 81 90 -2 0 25 0.00 0.0 0 14.2 25 230 M M 1 8 39 210
19 95 72 84 -8 0 19 0.00 0.0 0 4.3 13 270 M M 1 8 21 210
20 96 75 86 -5 0 21 0.00 0.0 0 5.3 15 170 M M 2 22 180
21 98 78 88 -3 0 23 0.00 0.0 0 9.2 20 200 M M 3 31 150
22 99 75 87 -4 0 22 0.00 0.0 0 5.2 16 170 M M 0 24 150
23 102 73 88 -3 0 23 0.00 0.0 0 6.8 17 200 M M 0 27 180
24 103 79 91 0 0 26 0.00 0.0 0 8.2 17 260 M M 0 28 260
25 104 80 92 2 0 27 0.00 0.0 0 7.4 20 250 M M 2 27 260
26 106 84 95 5 0 30 0.00 0.0 0 9.5 18 280 M M 1 28 240
27 108 77 93 3 0 28 0.00 0.0 0 5.8 16 260 M M 0 23 260
28 109 79 94 4 0 29 0.00 0.0 0 5.8 13 70 M M 1 22 70
29 108 85 97 7 0 32 0.00 0.0 0 6.0 18 160 M M 2 31 160
30 100 82 91 2 0 26 0.00 0.0 0 6.6 16 200 M M 5 27 200
31 99 82 91 2 0 26 T 0.0 0 6.4 20 180 M M 8 3 32 180
================================================================================
SM 3228 2538 0 876 T 0.0 211.3 M 69
================================================================================
AV104.1 81.9 6.8 FASTST M M 2 MAX(MPH)
MISC ----> 32 40 43 40
================================================================================
NOTES:
# LAST OF SEVERAL OCCURRENCES
COLUMN 17 PEAK WIND IN M.P.H.
PRELIMINARY LOCAL CLIMATOLOGICAL DATA (WS FORM: F-6) , PAGE 2
STATION: LAS VEGAS NV
MONTH: AUGUST
YEAR: 2021
LATITUDE: 36 4 N
LONGITUDE: 115 10 W
[TEMPERATURE DATA] [PRECIPITATION DATA] SYMBOLS USED IN COLUMN 16
AVERAGE MONTHLY: 93.0 TOTAL FOR MONTH: T 1 = FOG OR MIST
DPTR FM NORMAL: 1.3 DPTR FM NORMAL: -0.32 2 = FOG REDUCING VISIBILITY
HIGHEST: 112 ON 5 GRTST 24HR 0.02 ON 31- 1 TO 1/4 MILE OR LESS
LOWEST: 72 ON 19 3 = THUNDER
SNOW, ICE PELLETS, HAIL 4 = ICE PELLETS
TOTAL MONTH: 0.0 INCH 5 = HAIL
GRTST 24HR 0.0 6 = FREEZING RAIN OR DRIZZLE
GRTST DEPTH: 0 7 = DUSTSTORM OR SANDSTORM:
VSBY 1/2 MILE OR LESS
8 = SMOKE OR HAZE
[NO. OF DAYS WITH] [WEATHER - DAYS WITH] 9 = BLOWING SNOW
X = TORNADO
MAX 32 OR BELOW: 0 0.01 INCH OR MORE: 0
MAX 90 OR ABOVE: 31 0.10 INCH OR MORE: 0
MIN 32 OR BELOW: 0 0.50 INCH OR MORE: 0
MIN 0 OR BELOW: 0 1.00 INCH OR MORE: 0
[HDD (BASE 65) ]
TOTAL THIS MO. 0 CLEAR (SCALE 0-3) 24
DPTR FM NORMAL 0 PTCLDY (SCALE 4-7) 7
TOTAL FM JUL 1 0 CLOUDY (SCALE 8-10) 0
DPTR FM NORMAL 0
[CDD (BASE 65) ]
TOTAL THIS MO. 876
DPTR FM NORMAL 48 [PRESSURE DATA]
TOTAL FM JAN 1 3292 HIGHEST SLP M ON M
DPTR FM NORMAL 346 LOWEST SLP 29.51 ON 17
[REMARKS]
#FINAL-08-21#