000
CXUS55 KVEF 030752
CLMLAS
CLIMATE REPORT
NATIONAL WEATHER SERVICE LAS VEGAS, NV
1252 AM PDT TUE OCT 03 2023
...................................
...THE LAS VEGAS NV CLIMATE SUMMARY FOR THE MONTH OF SEPTEMBER 2023...
CLIMATE NORMAL PERIOD: 1991 TO 2020
CLIMATE RECORD PERIOD: 1937 TO 2023
WEATHER OBSERVED NORMAL DEPART LAST YEAR`S
VALUE DATE(S) VALUE FROM VALUE DATE(S)
NORMAL
................................................................
TEMPERATURE (F)
RECORD
HIGH 114 09/06/2020
LOW 43 09/27/1948
HIGHEST 103 09/09 110 09/01
09/06
LOWEST 62 09/30 65 09/23
AVG. MAXIMUM 91.8 94.9 -3.1 97.3
AVG. MINIMUM 70.7 72.4 -1.7 75.6
MEAN 81.3 83.6 -2.3 86.4
DAYS MAX >= 90 20 24.1 -4.1 27
DAYS MAX <= 32 0 0.0 0.0 0
DAYS MIN <= 32 0 0.0 0.0 0
DAYS MIN <= 0 0 0.0 0.0 0
PRECIPITATION (INCHES)
RECORD
MAXIMUM 3.39 1939
MINIMUM 0.00 2018
TOTALS 1.51 0.32 1.19 0.48
DAILY AVG. 0.05 0.01 0.04 0.02
DAYS >= .01 3 1.8 1.2 3
DAYS >= .10 3 0.7 2.3 2
DAYS >= .50 1 0.2 0.8 0
DAYS >= 1.00 0 0.0 0.0 0
GREATEST
24 HR. TOTAL 0.88 09/01 TO 09/01 0.24 09/28 TO 09/28
SNOWFALL (INCHES)
RECORDS
TOTAL 0.0 2002
24 HR TOTAL 0.0
TOTALS 0.0 0.0 0.0 0.0
SINCE 7/1 0.0
DAYS >= TRACE 0
DAYS >= 1.0 0
GREATEST
SNOW DEPTH 0
24 HR TOTAL 0.0
STORM TOTAL 0.0
DEGREE DAYS
HEATING TOTAL 0 0 0 0
SINCE 7/1 0 0 0 MM
COOLING TOTAL 494 560 -66 651
SINCE 1/1 3401 3506 -105 MM
FREEZE DATES
RECORD
EARLIEST 10/21/1949
LATEST 04/12/1967
EARLIEST MM
LATEST 02/01
................................................................
WIND (MPH)
AVERAGE WIND SPEED 6.0
HIGHEST WIND SPEED/DIRECTION 30/270 DATE 09/02
HIGHEST GUST SPEED/DIRECTION 48/160 DATE 09/01
SKY COVER
POSSIBLE SUNSHINE (PERCENT) MM
AVERAGE SKY COVER 0.25
NUMBER OF DAYS FAIR 19
NUMBER OF DAYS PC 10
NUMBER OF DAYS CLOUDY 1
AVERAGE RH (PERCENT) 32
WEATHER CONDITIONS. NUMBER OF DAYS WITH
THUNDERSTORM 3 MIXED PRECIP 0
HEAVY RAIN 1 RAIN 2
LIGHT RAIN 6 FREEZING RAIN 0
LT FREEZING RAIN 0 HAIL 0
HEAVY SNOW 0 SNOW 0
LIGHT SNOW 0 SLEET 0
FOG 2 FOG W/VIS <= 1/4 MILE 0
HAZE 0
- INDICATES NEGATIVE NUMBERS.
R INDICATES RECORD WAS SET OR TIED.
MM INDICATES DATA IS MISSING.
T INDICATES TRACE AMOUNT.
$$