000
CXUS54 KOUN 011241
CF6LAW
PRELIMINARY LOCAL CLIMATOLOGICAL DATA (WS FORM: F-6)
STATION: LAWTON
MONTH: APRIL
YEAR: 2023
LATITUDE: 34 34 N
LONGITUDE: 98 25 W
TEMPERATURE IN F: :PCPN: SNOW: WIND :SUNSHINE: SKY :PK WND
================================================================================
1 2 3 4 5 6A 6B 7 8 9 10 11 12 13 14 15 16 17 18
12Z AVG MX 2MIN
DY MAX MIN AVG DEP HDD CDD WTR SNW DPTH SPD SPD DIR MIN PSBL S-S WX SPD DR
================================================================================
1 70 46 58 0 7 0 0.00 0.0 0 9.0 24 360 M M 1 33 360
2 80 40 60 1 5 0 0.13 0.0 0 9.5 26 150 M M 2 3 33 150
3 89 51 70 11 0 5 0.00 0.0 0 10.0 23 170 M M 3 12 31 160
4 85 69 77 18 0 12 0.00 0.0 0 14.3 26 160 M M 0 1 34 150
5 72 40 56 -3 9 0 0.00 0.0 0 12.1 25 340 M M 1 34 350
6 65 40 53 -7 12 0 0.00 0.0 0 10.4 23 70 M M 0 25 80
7 71 40 56 -4 9 0 0.00 0.0 0 8.5 18 70 M M 0 24 50
8 73 43 58 -2 7 0 0.00 0.0 0 4.4 14 130 M M 2 18 140
9 74 41 58 -2 7 0 0.00 0.0 0 5.4 14 110 M M 1 21 120
10 77 47 62 2 3 0 0.02 0.0 0 5.2 15 30 M M 3 13 18 30
11 77 48 63 2 2 0 0.00 0.0 0 8.2 17 150 M M 0 22 160
12 81 43 62 1 3 0 0.00 0.0 0 9.3 21 170 M M 0 26 130
13 82 44 63 2 2 0 0.00 0.0 0 10.4 21 170 M M 0 1 26 170
14 84 55 70 9 0 5 0.00 0.0 0 15.0 23 140 M M 0 31 160
15 72 42 57 -4 8 0 0.00 0.0 0 14.1 29 340 M M 0 39 350
16 73 36 55 -7 10 0 0.00 0.0 0 5.6 17 340 M M 0 22 330
17 83 37 60 -2 5 0 0.00 0.0 0 9.6 25 170 M M 0 34 180
18 82 53 68 6 0 3 0.00 0.0 0 15.5 25 150 M M 1 34 130
19 92 58 75 13 0 10 0.18 0.0 0 16.1 31 170 M M 1 3 43 180
20 76 49 63 0 2 0 0.00 0.0 0 14.2 29 350 M M 2 40 360
21 74 48 61 -2 4 0 0.00 0.0 0 8.2 22 10 M M 0 27 30
22 55 46 51 -12 14 0 0.00 0.0 0 16.5 32 50 M M 6 39 30
23 60 37 49 -14 16 0 0.00 0.0 0 5.2 16 190 M M 7 20 190
24 73 38 56 -8 9 0 0.00 0.0 0 8.4 22 110 M M 9 28 110
25 69 54 62 -2 3 0 T 0.0 0 13.6 23 80 M M 7 28 70
26 63 50 57 -7 8 0 0.60 0.0 0 11.5 32 70 M M 10 13 36 70
27 65 49 57 -7 8 0 0.16 0.0 0 6.2 16 340 M M 8 1 21 360
28 63 47 55 -10 10 0 0.01 0.0 0 10.4 28 340 M M 6 1 35 350
29 74 49 62 -3 3 0 0.00 0.0 0 9.4 22 350 M M 0 29 350
30 76 48 62 -3 3 0 0.00 0.0 0 10.0 21 40 M M 0 27 30
================================================================================
SM 2230 1388 169 35 1.10 0.0 306.2 M 70
================================================================================
AV 74.3 46.3 10.2 FASTST M M 2 MAX(MPH)
MISC ----> # 32 50 43 180
================================================================================
NOTES:
# LAST OF SEVERAL OCCURRENCES
COLUMN 17 PEAK WIND IN M.P.H.
PRELIMINARY LOCAL CLIMATOLOGICAL DATA (WS FORM: F-6) , PAGE 2
STATION: LAWTON
MONTH: APRIL
YEAR: 2023
LATITUDE: 34 34 N
LONGITUDE: 98 25 W
[TEMPERATURE DATA] [PRECIPITATION DATA] SYMBOLS USED IN COLUMN 16
AVERAGE MONTHLY: 60.3 TOTAL FOR MONTH: 1.10 1 = FOG OR MIST
DPTR FM NORMAL: -1.4 DPTR FM NORMAL: -1.36 2 = FOG REDUCING VISIBILITY
HIGHEST: 92 ON 19 GRTST 24HR 0.76 ON 26-27 TO 1/4 MILE OR LESS
LOWEST: 36 ON 16 3 = THUNDER
SNOW, ICE PELLETS, HAIL 4 = ICE PELLETS
TOTAL MONTH: 0.0 INCH 5 = HAIL
GRTST 24HR 0.0 6 = FREEZING RAIN OR DRIZZLE
GRTST DEPTH: 0 7 = DUSTSTORM OR SANDSTORM:
VSBY 1/2 MILE OR LESS
8 = SMOKE OR HAZE
[NO. OF DAYS WITH] [WEATHER - DAYS WITH] 9 = BLOWING SNOW
X = TORNADO
MAX 32 OR BELOW: 0 0.01 INCH OR MORE: 6
MAX 90 OR ABOVE: 1 0.10 INCH OR MORE: 4
MIN 32 OR BELOW: 0 0.50 INCH OR MORE: 1
MIN 0 OR BELOW: 0 1.00 INCH OR MORE: 0
[HDD (BASE 65) ]
TOTAL THIS MO. 169 CLEAR (SCALE 0-3) 23
DPTR FM NORMAL 13 PTCLDY (SCALE 4-7) 5
TOTAL FM JUL 1 2968 CLOUDY (SCALE 8-10) 2
DPTR FM NORMAL -169
[CDD (BASE 65) ]
TOTAL THIS MO. 35
DPTR FM NORMAL -21 [PRESSURE DATA]
TOTAL FM JAN 1 46 HIGHEST SLP 30.37 ON 7
DPTR FM NORMAL -28 LOWEST SLP 29.39 ON 4
[REMARKS]
#FINAL-04-23#