000
CXUS54 KOUN 011447
CF6LAW
PRELIMINARY LOCAL CLIMATOLOGICAL DATA (WS FORM: F-6)
STATION: LAWTON
MONTH: JULY
YEAR: 2022
LATITUDE: 34 34 N
LONGITUDE: 98 25 W
TEMPERATURE IN F: :PCPN: SNOW: WIND :SUNSHINE: SKY :PK WND
================================================================================
1 2 3 4 5 6A 6B 7 8 9 10 11 12 13 14 15 16 17 18
12Z AVG MX 2MIN
DY MAX MIN AVG DEP HDD CDD WTR SNW DPTH SPD SPD DIR MIN PSBL S-S WX SPD DR
================================================================================
1 101 73 87 4 0 22 0.00 0.0 0 9.5 20 140 M M 0 26 130
2 102 71 87 4 0 22 0.00 0.0 0 8.1 17 150 M M 0 22 130
3 101 73 87 4 0 22 0.00 0.0 0 8.4 25 170 M M 0 33 160
4 102 70 86 3 0 21 0.00 0.0 0 9.9 21 160 M M 0 27 180
5 103 77 90 7 0 25 0.00 0.0 0 12.2 21 180 M M 0 29 170
6 106 76 91 8 0 26 0.00 0.0 0 11.8 20 190 M M 0 27 200
7 108 76 92 9 0 27 0.00 0.0 0 9.3 17 170 M M 1 26 180
8 110 74 92 8 0 27 0.46 0.0 0 6.2 26 260 M M 2 3 38 260
9 104 73 89 5 0 24 0.00 0.0 0 7.8 16 40 M M 0 23 50
10 103 72 88 4 0 23 0.00 0.0 0 6.1 15 80 M M 0 19 10
11 104 68 86 2 0 21 0.00 0.0 0 4.1 14 70 M M 0 20 60
12 102 69 86 2 0 21 0.00 0.0 0 8.6 16 60 M M 0 21 30
13 102 75 89 5 0 24 0.00 0.0 0 8.1 14 70 M M 0 17 140
14 108 72 90 6 0 25 0.00 0.0 0 7.0 23 170 M M 1 30 170
15 103 65 84 0 0 19 0.00 0.0 0 6.3 15 120 M M 0 21 160
16 104 70 87 3 0 22 0.00 0.0 0 7.1 16 140 M M 0 24 130
17 110 72 91 6 0 26 0.00 0.0 0 4.4 14 230 M M 0 20 240
18 108 79 94 9 0 29 0.00 0.0 0 9.4 18 20 M M 0 23 30
19 114 73 94 9 0 29 0.00 0.0 0 7.4 20 240 M M 0 27 230
20 111 81 96 11 0 31 0.00 0.0 0 7.7 21 260 M M 0 30 270
21 92 80 86 1 0 21 0.01 0.0 0 6.0 17 110 M M 3 24 110
22 98 77 88 3 0 23 0.02 0.0 0 9.9 20 190 M M 2 3 25 190
23 104 76 90 5 0 25 0.00 0.0 0 10.0 18 160 M M 0 26 160
24 105 76 91 6 0 26 0.00 0.0 0 9.2 16 210 M M 2 24 200
25 107 74 91 6 0 26 0.00 0.0 0 8.4 17 180 M M 1 23 200
26 105 72 89 4 0 24 0.00 0.0 0 9.1 17 180 M M 1 24 210
27 108 76 92 7 0 27 0.00 0.0 0 10.0 20 160 M M 1 26 160
28 106 76 91 6 0 26 0.00 0.0 0 9.7 28 30 M M 1 3 34 20
29 96 77 87 2 0 22 0.01 0.0 0 11.5 22 50 M M 1 29 40
30 98 76 87 2 0 22 0.00 0.0 0 9.7 18 360 M M 1 22 360
31 105 79 92 7 0 27 0.00 0.0 0 9.2 16 160 M M 0 22 160
================================================================================
SM 3230 2298 0 755 0.50 0.0 262.1 M 17
================================================================================
AV104.2 74.1 8.5 FASTST M M 1 MAX(MPH)
MISC ----> 28 30 38 260
================================================================================
NOTES:
# LAST OF SEVERAL OCCURRENCES
COLUMN 17 PEAK WIND IN M.P.H.
PRELIMINARY LOCAL CLIMATOLOGICAL DATA (WS FORM: F-6) , PAGE 2
STATION: LAWTON
MONTH: JULY
YEAR: 2022
LATITUDE: 34 34 N
LONGITUDE: 98 25 W
[TEMPERATURE DATA] [PRECIPITATION DATA] SYMBOLS USED IN COLUMN 16
AVERAGE MONTHLY: 89.2 TOTAL FOR MONTH: 0.50 1 = FOG OR MIST
DPTR FM NORMAL: 4.8 DPTR FM NORMAL: -1.50 2 = FOG REDUCING VISIBILITY
HIGHEST: 114 ON 19 GRTST 24HR 0.46 ON 8- 8 TO 1/4 MILE OR LESS
LOWEST: 65 ON 15 3 = THUNDER
SNOW, ICE PELLETS, HAIL 4 = ICE PELLETS
TOTAL MONTH: 0.0 INCH 5 = HAIL
GRTST 24HR 0.0 6 = FREEZING RAIN OR DRIZZLE
GRTST DEPTH: 0 7 = DUSTSTORM OR SANDSTORM:
VSBY 1/2 MILE OR LESS
8 = SMOKE OR HAZE
[NO. OF DAYS WITH] [WEATHER - DAYS WITH] 9 = BLOWING SNOW
X = TORNADO
MAX 32 OR BELOW: 0 0.01 INCH OR MORE: 4
MAX 90 OR ABOVE: 31 0.10 INCH OR MORE: 1
MIN 32 OR BELOW: 0 0.50 INCH OR MORE: 0
MIN 0 OR BELOW: 0 1.00 INCH OR MORE: 0
[HDD (BASE 65) ]
TOTAL THIS MO. 0 CLEAR (SCALE 0-3) 31
DPTR FM NORMAL 0 PTCLDY (SCALE 4-7) 0
TOTAL FM JUL 1 0 CLOUDY (SCALE 8-10) 0
DPTR FM NORMAL 0
[CDD (BASE 65) ]
TOTAL THIS MO. 755
DPTR FM NORMAL 155 [PRESSURE DATA]
TOTAL FM JAN 1 1712 HIGHEST SLP 30.09 ON 9
DPTR FM NORMAL 371 LOWEST SLP 29.63 ON 19
[REMARKS]
#FINAL-07-22#