000
CXUS54 KOUN 010810
CF6LAW
PRELIMINARY LOCAL CLIMATOLOGICAL DATA (WS FORM: F-6)
STATION: LAWTON
MONTH: JUNE
YEAR: 2021
LATITUDE: 34 34 N
LONGITUDE: 98 25 W
TEMPERATURE IN F: :PCPN: SNOW: WIND :SUNSHINE: SKY :PK WND
================================================================================
1 2 3 4 5 6A 6B 7 8 9 10 11 12 13 14 15 16 17 18
12Z AVG MX 2MIN
DY MAX MIN AVG DEP HDD CDD WTR SNW DPTH SPD SPD DIR MIN PSBL S-S WX SPD DR
================================================================================
1 76 59 68 -9 0 3 0.00 0.0 0 8.1 16 20 M M 7 1 21 10
2 78 54 66 -11 0 1 0.02 0.0 0 2.9 13 30 M M 3 1 15 30
3 85 57 71 -6 0 6 0.00 0.0 0 4.8 13 160 M M 2 1 17 160
4 86 59 73 -5 0 8 0.00 0.0 0 5.1 15 120 M M 1 12 24 130
5 82 60 71 -7 0 6 0.00 0.0 0 5.8 16 120 M M 2 1 20 110
6 87 66 77 -1 0 12 0.00 0.0 0 9.2 17 140 M M 5 23 170
7 85 68 77 -1 0 12 0.08 0.0 0 6.6 16 140 M M 3 13 21 140
8 91 70 81 2 0 16 0.00 0.0 0 6.9 14 130 M M 1 17 140
9 94 73 84 5 0 19 0.00 0.0 0 9.6 18 170 M M 5 1 23 130
10 95 72 84 5 0 19 0.00 0.0 0 8.6 17 150 M M 3 18 22 130
11 95 73 84 5 0 19 0.00 0.0 0 10.4 21 170 M M 1 27 170
12 93 69 81 1 0 16 0.20 0.0 0 7.2 43 20 M M 1 13 50 20
13 95 69 82 2 0 17 0.12 0.0 0 6.7 21 360 M M 2 3 27 360
14 96 71 84 4 0 19 0.00 0.0 0 6.0 13 60 M M 0 17 40
15 96 67 82 2 0 17 0.00 0.0 0 2.8 12 120 M M 0 1 17 130
16 98 65 82 2 0 17 0.00 0.0 0 4.5 13 180 M M 0 1 16 180
17 98 66 82 2 0 17 0.00 0.0 M 6.1 15 180 M M 0 18 19 190
18 98 67 83 2 0 18 0.00 0.0 0 8.3 17 170 M M 0 1 23 170
19 98 66 82 1 0 17 0.00 0.0 0 8.1 17 160 M M 0 1 24 160
20 99 67 83 2 0 18 0.00 0.0 0 10.6 22 180 M M 0 30 170
21 79 58 69 -12 0 4 T 0.0 0 12.0 38 360 M M 5 3 46 360
22 86 53 70 -11 0 5 0.00 0.0 0 9.1 20 130 M M 2 25 140
23 97 71 84 2 0 19 0.00 0.0 0 14.1 26 170 M M 2 32 170
24 98 77 88 6 0 23 0.00 0.0 0 12.7 23 190 M M 0 31 190
25 98 78 88 6 0 23 0.00 0.0 0 14.3 25 170 M M 1 31 170
26 88 70 79 -3 0 14 0.34 0.0 0 10.1 29 350 M M 7 13 35 350
27 86 68 77 -5 0 12 1.76 0.0 0 5.4 24 340 M M 5 13 31 330
28 87 70 79 -3 0 14 0.56 0.0 0 7.1 22 50 M M 5 1 27 100
29 83 72 78 -4 0 13 0.74 0.0 0 7.6 15 210 M M 8 138 22 210
30 90 71 81 -1 0 16 0.00 0.0 0 5.7 14 210 M M 3 1 18 220
================================================================================
SM 2717 2006 0 420 3.82 0.0 236.4 M 74
================================================================================
AV 90.6 66.9 7.9 FASTST M M 2 MAX(MPH)
MISC ----> 43 20 50 20
================================================================================
NOTES:
# LAST OF SEVERAL OCCURRENCES
COLUMN 17 PEAK WIND IN M.P.H.
PRELIMINARY LOCAL CLIMATOLOGICAL DATA (WS FORM: F-6) , PAGE 2
STATION: LAWTON
MONTH: JUNE
YEAR: 2021
LATITUDE: 34 34 N
LONGITUDE: 98 25 W
[TEMPERATURE DATA] [PRECIPITATION DATA] SYMBOLS USED IN COLUMN 16
AVERAGE MONTHLY: 78.7 TOTAL FOR MONTH: 3.82 1 = FOG OR MIST
DPTR FM NORMAL: -1.3 DPTR FM NORMAL: -0.16 2 = FOG REDUCING VISIBILITY
HIGHEST: 99 ON 20 GRTST 24HR 2.10 ON 26-27 TO 1/4 MILE OR LESS
LOWEST: 53 ON 22 3 = THUNDER
SNOW, ICE PELLETS, HAIL 4 = ICE PELLETS
TOTAL MONTH: 0.0 INCH 5 = HAIL
GRTST 24HR 0.0 6 = FREEZING RAIN OR DRIZZLE
GRTST DEPTH: 0 7 = DUSTSTORM OR SANDSTORM:
VSBY 1/2 MILE OR LESS
8 = SMOKE OR HAZE
[NO. OF DAYS WITH] [WEATHER - DAYS WITH] 9 = BLOWING SNOW
X = TORNADO
MAX 32 OR BELOW: 0 0.01 INCH OR MORE: 8
MAX 90 OR ABOVE: 17 0.10 INCH OR MORE: 6
MIN 32 OR BELOW: 0 0.50 INCH OR MORE: 3
MIN 0 OR BELOW: 0 1.00 INCH OR MORE: 1
[HDD (BASE 65) ]
TOTAL THIS MO. 0 CLEAR (SCALE 0-3) 20
DPTR FM NORMAL 0 PTCLDY (SCALE 4-7) 10
TOTAL FM JUL 1 3340 CLOUDY (SCALE 8-10) 0
DPTR FM NORMAL 177
[CDD (BASE 65) ]
TOTAL THIS MO. 420
DPTR FM NORMAL -31 [PRESSURE DATA]
TOTAL FM JAN 1 607 HIGHEST SLP M ON M
DPTR FM NORMAL -134 LOWEST SLP 29.62 ON 20
[REMARKS]
#FINAL-06-21#