000
CXUS54 KOUN 010810
CF6LAW
PRELIMINARY LOCAL CLIMATOLOGICAL DATA (WS FORM: F-6)
STATION: LAWTON
MONTH: MAY
YEAR: 2021
LATITUDE: 34 34 N
LONGITUDE: 98 25 W
TEMPERATURE IN F: :PCPN: SNOW: WIND :SUNSHINE: SKY :PK WND
================================================================================
1 2 3 4 5 6A 6B 7 8 9 10 11 12 13 14 15 16 17 18
12Z AVG MX 2MIN
DY MAX MIN AVG DEP HDD CDD WTR SNW DPTH SPD SPD DIR MIN PSBL S-S WX SPD DR
================================================================================
1 76 61 69 3 0 4 0.00 0.0 0 8.5 18 130 M M 7 1 23 130
2 80 64 72 6 0 7 0.00 0.0 0 9.7 20 160 M M 6 1 26 160
3 75 60 68 2 0 3 0.09 0.0 0 12.7 35 360 M M 3 43 10
4 71 48 60 -7 5 0 0.16 0.0 0 13.7 35 30 M M 3 41 30
5 75 43 59 -8 6 0 0.04 0.0 0 4.3 14 330 M M 1 3 19 320
6 81 54 68 1 0 3 0.11 0.0 0 5.6 13 40 M M 4 13 17 360
7 84 51 68 0 0 3 0.00 0.0 0 9.7 25 170 M M 0 33 170
8 87 60 74 6 0 9 0.00 0.0 0 16.2 29 170 M M 0 36 170
9 78 53 66 -2 0 1 0.00 0.0 0 17.3 30 350 M M 0 39 10
10 66 53 60 -9 5 0 0.03 0.0 0 11.0 22 60 M M 10 28 50
11 60 52 56 -13 9 0 0.39 0.0 0 13.8 30 100 M M 10 13 39 100
12 67 50 59 -11 6 0 0.00 0.0 0 8.2 17 10 M M 7 1 20 10
13 73 47 60 -10 5 0 0.00 0.0 0 3.4 10 110 M M 3 12 14 120
14 75 48 62 -8 3 0 0.01 0.0 0 9.1 46 170 M M 2 1 60 160
15 81 57 69 -2 0 4 0.00 0.0 0 10.8 21 160 M M 6 26 160
16 78 63 71 0 0 6 1.40 0.0 0 8.2 20 170 M M 5 13 26 180
17 82 63 73 2 0 8 0.64 0.0 0 7.5 22 200 M M 5 13 30 200
18 77 61 69 -3 0 4 0.17 0.0 0 7.3 28 120 M M 2 33 120
19 80 60 70 -2 0 5 0.05 0.0 0 6.1 15 250 M M 4 13 21 230
20 79 63 71 -2 0 6 0.00 0.0 0 8.3 17 130 M M 3 1 21 130
21 83 66 75 2 0 10 0.00 0.0 0 11.2 21 130 M M 6 24 130
22 80 69 75 2 0 10 0.06 0.0 0 11.1 20 130 M M 7 1 24 120
23 74 64 69 -5 0 4 0.08 0.0 0 10.4 22 130 M M 7 1 28 130
24 75 64 70 -4 0 5 0.03 0.0 0 9.9 20 130 M M 9 18 26 120
25 82 64 73 -1 0 8 0.03 0.0 0 7.0 18 160 M M 3 25 160
26 90 69 80 5 0 15 0.00 0.0 0 8.7 17 150 M M 5 23 160
27 89 68 79 4 0 14 0.30 0.0 0 12.8 33 10 M M 4 138 40 10
28 74 60 67 -9 0 2 0.00 0.0 0 9.2 24 30 M M 2 28 30
29 79 60 70 -6 0 5 0.00 0.0 0 9.0 16 60 M M 5 20 60
30 76 59 68 -8 0 3 0.00 0.0 0 10.1 17 110 M M 6 22 120
31 71 62 67 -9 0 2 1.19 0.0 0 10.4 21 130 M M 9 13 28 200
================================================================================
SM 2398 1816 39 141 4.78 0.0 301.2 M 144
================================================================================
AV 77.4 58.6 9.7 FASTST M M 5 MAX(MPH)
MISC ----> 46 170 60 160
================================================================================
NOTES:
# LAST OF SEVERAL OCCURRENCES
COLUMN 17 PEAK WIND IN M.P.H.
PRELIMINARY LOCAL CLIMATOLOGICAL DATA (WS FORM: F-6) , PAGE 2
STATION: LAWTON
MONTH: MAY
YEAR: 2021
LATITUDE: 34 34 N
LONGITUDE: 98 25 W
[TEMPERATURE DATA] [PRECIPITATION DATA] SYMBOLS USED IN COLUMN 16
AVERAGE MONTHLY: 68.0 TOTAL FOR MONTH: 4.78 1 = FOG OR MIST
DPTR FM NORMAL: -3.0 DPTR FM NORMAL: 1.06 2 = FOG REDUCING VISIBILITY
HIGHEST: 90 ON 26 GRTST 24HR 1.94 ON 16-17 TO 1/4 MILE OR LESS
LOWEST: 43 ON 5 3 = THUNDER
SNOW, ICE PELLETS, HAIL 4 = ICE PELLETS
TOTAL MONTH: 0.0 INCH 5 = HAIL
GRTST 24HR 0.0 6 = FREEZING RAIN OR DRIZZLE
GRTST DEPTH: 0 7 = DUSTSTORM OR SANDSTORM:
VSBY 1/2 MILE OR LESS
8 = SMOKE OR HAZE
[NO. OF DAYS WITH] [WEATHER - DAYS WITH] 9 = BLOWING SNOW
X = TORNADO
MAX 32 OR BELOW: 0 0.01 INCH OR MORE: 17
MAX 90 OR ABOVE: 1 0.10 INCH OR MORE: 8
MIN 32 OR BELOW: 0 0.50 INCH OR MORE: 3
MIN 0 OR BELOW: 0 1.00 INCH OR MORE: 2
[HDD (BASE 65) ]
TOTAL THIS MO. 39 CLEAR (SCALE 0-3) 9
DPTR FM NORMAL 11 PTCLDY (SCALE 4-7) 18
TOTAL FM JUL 1 3340 CLOUDY (SCALE 8-10) 4
DPTR FM NORMAL 178
[CDD (BASE 65) ]
TOTAL THIS MO. 141
DPTR FM NORMAL -75 [PRESSURE DATA]
TOTAL FM JAN 1 187 HIGHEST SLP M ON M
DPTR FM NORMAL -103 LOWEST SLP 29.39 ON 2
[REMARKS]
#FINAL-05-21#