000
CXUS54 KOUN 010810
CF6LAW
PRELIMINARY LOCAL CLIMATOLOGICAL DATA (WS FORM: F-6)
STATION: LAWTON
MONTH: MARCH
YEAR: 2021
LATITUDE: 34 34 N
LONGITUDE: 98 25 W
TEMPERATURE IN F: :PCPN: SNOW: WIND :SUNSHINE: SKY :PK WND
================================================================================
1 2 3 4 5 6A 6B 7 8 9 10 11 12 13 14 15 16 17 18
12Z AVG MX 2MIN
DY MAX MIN AVG DEP HDD CDD WTR SNW DPTH SPD SPD DIR MIN PSBL S-S WX SPD DR
================================================================================
1 59 37 48 -1 17 0 0.00 0.0 0 12.0 25 10 M M 1 32 10
2 64 25 45 -4 20 0 0.00 0.0 0 5.2 14 200 M M 0 19 220
3 72 25 49 -1 16 0 0.00 0.0 0 6.8 18 170 M M 0 24 160
4 77 39 58 8 7 0 0.00 0.0 0 12.1 30 130 M M 1 36 130
5 62 43 53 3 12 0 0.00 0.0 0 14.3 28 20 M M 4 34 10
6 65 31 48 -3 17 0 0.00 0.0 0 5.0 14 160 M M 0 1 16 170
7 68 29 49 -2 16 0 0.00 0.0 0 9.4 22 190 M M 0 1 27 160
8 72 31 52 1 13 0 0.00 0.0 0 10.4 24 160 M M 0 8 41 170
9 76 50 63 11 2 0 0.00 0.0 0 15.7 30 170 M M 3 38 170
10 85 60 73 21 0 8 0.00 0.0 0 16.5 29 180 M M 3 39 170
11 70 51 61 9 4 0 0.00 0.0 0 9.6 20 10 M M 4 18 23 10
12 72 52 62 9 3 0 0.00 0.0 0 8.3 15 160 M M 8 20 160
13 76 60 68 15 0 3 0.01 0.0 0 14.0 29 160 M M 8 41 140
14 68 53 61 8 4 0 0.49 0.0 0 12.7 25 200 M M 5 1 36 180
15 70 43 57 3 8 0 0.00 0.0 0 8.2 18 250 M M 1 27 250
16 79 44 62 8 3 0 0.00 0.0 0 9.7 23 140 M M 0 29 140
17 67 43 55 1 10 0 0.00 0.0 0 17.2 33 350 M M 5 46 340
18 56 38 47 -8 18 0 0.00 0.0 0 13.4 25 360 M M 2 35 340
19 66 35 51 -4 14 0 0.00 0.0 0 7.6 15 360 M M 1 18 40
20 70 33 52 -3 13 0 0.00 0.0 0 8.1 20 140 M M 0 27 130
21 70 45 58 2 7 0 0.00 0.0 0 16.4 24 160 M M 0 32 160
22 59 48 54 -2 11 0 0.79 0.0 0 13.0 35 120 M M 6 13 44 120
23 68 40 54 -2 11 0 0.00 0.0 0 9.9 17 20 M M 2 26 280
24 61 45 53 -3 12 0 0.06 0.0 0 12.2 23 30 M M 3 3 27 40
25 63 44 54 -3 11 0 0.00 0.0 0 7.3 15 240 M M 3 22 220
26 79 40 60 3 5 0 0.00 0.0 0 10.4 24 180 M M 0 31 170
27 76 45 61 4 4 0 0.00 0.0 0 12.1 26 10 M M 0 8 32 10
28 73 37 55 -3 10 0 0.00 0.0 0 5.1 13 40 M M 0 17 360
29 81 39 60 2 5 0 0.00 0.0 0 14.3 29 180 M M 0 1 38 190
30 71 49 60 2 5 0 0.00 0.0 0 13.9 28 30 M M 0 37 30
31 67 37 52 -6 13 0 0.00 0.0 0 13.0 30 30 M M 3 39 30
================================================================================
SM 2162 1291 291 11 1.35 0.0 343.8 M 63
================================================================================
AV 69.7 41.6 11.1 FASTST M M 2 MAX(MPH)
MISC ----> 35 120 46 340
================================================================================
NOTES:
# LAST OF SEVERAL OCCURRENCES
COLUMN 17 PEAK WIND IN M.P.H.
PRELIMINARY LOCAL CLIMATOLOGICAL DATA (WS FORM: F-6) , PAGE 2
STATION: LAWTON
MONTH: MARCH
YEAR: 2021
LATITUDE: 34 34 N
LONGITUDE: 98 25 W
[TEMPERATURE DATA] [PRECIPITATION DATA] SYMBOLS USED IN COLUMN 16
AVERAGE MONTHLY: 55.7 TOTAL FOR MONTH: 1.35 1 = FOG OR MIST
DPTR FM NORMAL: 1.9 DPTR FM NORMAL: -0.98 2 = FOG REDUCING VISIBILITY
HIGHEST: 85 ON 10 GRTST 24HR 0.79 ON 22-22 TO 1/4 MILE OR LESS
LOWEST: 25 ON 3, 2 3 = THUNDER
SNOW, ICE PELLETS, HAIL 4 = ICE PELLETS
TOTAL MONTH: 0.0 INCH 5 = HAIL
GRTST 24HR 0.0 6 = FREEZING RAIN OR DRIZZLE
GRTST DEPTH: 0 7 = DUSTSTORM OR SANDSTORM:
VSBY 1/2 MILE OR LESS
8 = SMOKE OR HAZE
[NO. OF DAYS WITH] [WEATHER - DAYS WITH] 9 = BLOWING SNOW
X = TORNADO
MAX 32 OR BELOW: 0 0.01 INCH OR MORE: 4
MAX 90 OR ABOVE: 0 0.10 INCH OR MORE: 2
MIN 32 OR BELOW: 5 0.50 INCH OR MORE: 1
MIN 0 OR BELOW: 0 1.00 INCH OR MORE: 0
[HDD (BASE 65) ]
TOTAL THIS MO. 291 CLEAR (SCALE 0-3) 24
DPTR FM NORMAL -73 PTCLDY (SCALE 4-7) 7
TOTAL FM JUL 1 3093 CLOUDY (SCALE 8-10) 0
DPTR FM NORMAL 111
[CDD (BASE 65) ]
TOTAL THIS MO. 11
DPTR FM NORMAL -6 [PRESSURE DATA]
TOTAL FM JAN 1 11 HIGHEST SLP M ON M
DPTR FM NORMAL -7 LOWEST SLP 29.50 ON 22
[REMARKS]
#FINAL-03-21#