174
CXUS54 KOUN 011525
CF6LAW
PRELIMINARY LOCAL CLIMATOLOGICAL DATA (WS FORM: F-6)
STATION: LAWTON
MONTH: JANUARY
YEAR: 2021
LATITUDE: 34 34 N
LONGITUDE: 98 25 W
TEMPERATURE IN F: :PCPN: SNOW: WIND :SUNSHINE: SKY :PK WND
================================================================================
1 2 3 4 5 6A 6B 7 8 9 10 11 12 13 14 15 16 17 18
12Z AVG MX 2MIN
DY MAX MIN AVG DEP HDD CDD WTR SNW DPTH SPD SPD DIR MIN PSBL S-S WX SPD DR
================================================================================
1 41 33 37 -3 28 0 0.12 2.2 2 11.6 23 350 M M 9 1 31 360
2 54 35 45 5 20 0 0.00 0.0 0 5.3 13 190 M M 4 16 210
3 57 27 42 2 23 0 0.00 0.0 0 3.0 9 190 M M 0 13 130
4 66 28 47 7 18 0 0.00 0.0 0 3.5 18 30 M M 0 21 20
5 62 27 45 5 20 0 0.00 0.0 0 7.0 18 180 M M 0 23 170
6 50 43 47 7 18 0 0.00 0.0 0 14.3 32 360 M M 8 38 10
7 47 36 42 2 23 0 0.00 0.0 0 12.4 18 360 M M 8 25 340
8 49 28 39 -1 26 0 0.00 0.0 0 7.7 16 10 M M 5 1 20 10
9 47 24 36 -4 29 0 0.00 0.0 0 4.3 14 20 M M 3 1 16 20
10 40 34 37 -3 28 0 0.01 T 0 8.0 15 10 M M 9 1 18 360
11 49 28 39 -1 26 0 0.00 0.0 0 3.7 10 250 M M 4 14 240
12 50 23 37 -3 28 0 0.00 0.0 0 3.5 10 210 M M 0 1 13 230
13 60 22 41 1 24 0 0.00 0.0 0 4.8 17 230 M M 3 12 24 240
14 58 30 44 4 21 0 0.00 0.0 0 13.1 36 350 M M 1 8 46 350
15 51 34 43 2 22 0 0.00 0.0 0 13.7 31 340 M M 1 41 340
16 54 23 39 -2 26 0 0.00 0.0 0 5.8 12 250 M M 0 17 240
17 57 28 43 2 22 0 0.00 0.0 0 6.4 18 360 M M 5 22 360
18 64 23 44 3 21 0 0.00 0.0 0 7.2 20 20 M M 0 25 20
19 51 31 41 0 24 0 0.00 0.0 0 12.4 24 20 M M 6 29 30
20 46 29 38 -3 27 0 T 0.0 0 5.8 16 190 M M 7 21 200
21 53 38 46 5 19 0 0.00 0.0 0 4.6 12 40 M M 0 1 14 30
22 59 41 50 9 15 0 0.00 0.0 0 9.2 17 40 M M 5 18 20 40
23 50 39 45 3 20 0 0.00 0.0 0 7.6 17 170 M M 10 128 20 160
24 56 44 50 8 15 0 0.05 0.0 0 10.5 22 20 M M 10 128 26 20
25 62 35 49 7 16 0 0.47 0.0 0 10.6 23 360 M M 5 13 29 360
26 44 28 36 -6 29 0 0.00 0.0 0 10.9 22 360 M M 2 27 10
27 43 23 33 -9 32 0 0.00 0.0 0 9.9 18 360 M M 3 1 24 340
28 48 19 34 -8 31 0 0.00 0.0 0 5.2 14 170 M M 0 1 17 170
29 58 26 42 0 23 0 0.00 0.0 0 9.4 22 140 M M 0 1 29 130
30 72 41 57 15 8 0 0.14 0.0 0 13.3 29 250 M M 3 13 43 240
31 56 35 46 4 19 0 0.00 0.0 0 11.6 24 350 M M 0 31 350
================================================================================
SM 1654 955 701 0 0.79 2.2 256.3 M 111
================================================================================
AV 53.4 30.8 8.3 FASTST M M 4 MAX(MPH)
MISC ----> 36 350 46 350
================================================================================
NOTES:
# LAST OF SEVERAL OCCURRENCES
COLUMN 17 PEAK WIND IN M.P.H.
PRELIMINARY LOCAL CLIMATOLOGICAL DATA (WS FORM: F-6) , PAGE 2
STATION: LAWTON
MONTH: JANUARY
YEAR: 2021
LATITUDE: 34 34 N
LONGITUDE: 98 25 W
[TEMPERATURE DATA] [PRECIPITATION DATA] SYMBOLS USED IN COLUMN 16
AVERAGE MONTHLY: 42.1 TOTAL FOR MONTH: 0.79 1 = FOG OR MIST
DPTR FM NORMAL: 1.3 DPTR FM NORMAL: -0.36 2 = FOG REDUCING VISIBILITY
HIGHEST: 72 ON 30 GRTST 24HR 1.32 ON 31- 1 TO 1/4 MILE OR LESS
LOWEST: 19 ON 28 3 = THUNDER
SNOW, ICE PELLETS, HAIL 4 = ICE PELLETS
TOTAL MONTH: 2.2 INCHES 5 = HAIL
GRTST 24HR 2.2 ON 1- 1 6 = FREEZING RAIN OR DRIZZLE
GRTST DEPTH: 2 ON 1 7 = DUSTSTORM OR SANDSTORM:
VSBY 1/2 MILE OR LESS
8 = SMOKE OR HAZE
[NO. OF DAYS WITH] [WEATHER - DAYS WITH] 9 = BLOWING SNOW
X = TORNADO
MAX 32 OR BELOW: 0 0.01 INCH OR MORE: 5
MAX 90 OR ABOVE: 0 0.10 INCH OR MORE: 3
MIN 32 OR BELOW: 18 0.50 INCH OR MORE: 0
MIN 0 OR BELOW: 0 1.00 INCH OR MORE: 0
[HDD (BASE 65) ]
TOTAL THIS MO. 701 CLEAR (SCALE 0-3) 16
DPTR FM NORMAL -49 PTCLDY (SCALE 4-7) 11
TOTAL FM JUL 1 1923 CLOUDY (SCALE 8-10) 4
DPTR FM NORMAL -137
[CDD (BASE 65) ]
TOTAL THIS MO. 0
DPTR FM NORMAL 0 [PRESSURE DATA]
TOTAL FM JAN 1 0 HIGHEST SLP 30.63 ON 28
DPTR FM NORMAL 0 LOWEST SLP 29.55 ON 30
[REMARKS]
#FINAL-01-21#