533
CXUS54 KOUN 271356
CF6LAW
PRELIMINARY LOCAL CLIMATOLOGICAL DATA (WS FORM: F-6)
STATION: LAWTON
MONTH: NOVEMBER
YEAR: 2020
LATITUDE: 34 34 N
LONGITUDE: 98 25 W
TEMPERATURE IN F: :PCPN: SNOW: WIND :SUNSHINE: SKY :PK WND
================================================================================
1 2 3 4 5 6A 6B 7 8 9 10 11 12 13 14 15 16 17 18
12Z AVG MX 2MIN
DY MAX MIN AVG DEP HDD CDD WTR SNW DPTH SPD SPD DIR MIN PSBL S-S WX SPD DR
================================================================================
1 70 40 55 -3 10 0 0.00 0.0 0 7.1 18 40 M M 0 18 23 30
2 70 34 52 -5 13 0 0.00 0.0 0 4.1 14 190 M M 0 1 18 190
3 76 35 56 -1 9 0 0.00 0.0 0 5.9 16 170 M M 0 1 24 190
4 77 40 59 3 6 0 0.00 0.0 0 8.3 21 170 M M 0 25 170
5 76 45 61 5 4 0 0.00 0.0 0 3.5 12 120 M M 0 18 13 130
6 78 47 63 8 2 0 0.00 0.0 0 8.1 18 130 M M 0 12 25 130
7 77 52 65 10 0 0 0.00 0.0 0 10.3 18 160 M M 1 24 150
8 78 57 68 14 0 3 0.00 0.0 0 15.6 28 170 M M 1 35 160
9 72 61 67 13 0 2 0.00 0.0 0 13.1 21 160 M M 5 8 28 140
10 65 43 54 0 11 0 T 0.0 0 6.7 14 350 M M 2 21 320
11 66 33 50 -3 15 0 0.00 0.0 0 3.0 9 210 M M 0 8 12 160
12 74 42 58 6 7 0 0.00 0.0 0 10.3 26 10 M M 1 34 20
13 58 38 48 -4 17 0 0.00 0.0 0 9.5 23 10 M M 5 30 20
14 83 51 67 15 0 2 0.00 0.0 0 12.3 36 360 M M 6 45 360
15 63 35 49 -2 16 0 0.00 0.0 0 8.3 30 350 M M 0 39 350
16 72 29 51 0 14 0 0.00 0.0 0 2.6 14 170 M M 0 18 17 180
17 73 32 53 3 12 0 0.00 0.0 0 5.0 17 170 M M 0 18 23 170
18 74 33 54 4 11 0 0.00 0.0 0 9.7 25 170 M M 0 33 190
19 76 50 63 14 2 0 0.00 0.0 0 12.7 24 190 M M 0 34 190
20 77 52 65 16 0 0 0.00 0.0 0 8.1 21 190 M M 2 8 25 180
21 67 52 60 12 5 0 0.00 0.0 0 9.0 20 10 M M 6 25 10
22 52 38 45 -3 20 0 0.08 0.0 0 12.2 23 30 M M 8 1 29 30
23 56 36 46 -2 19 0 0.00 0.0 0 8.5 16 160 M M 8 1 23 130
24 77 45 61 14 4 0 0.20 0.0 0 13.8 22 160 M M 6 13 32 280
25 63 36 50 3 15 0 0.00 0.0 0 5.9 17 300 M M 0 30 290
26 73 32 53 7 12 0 0.00 0.0 0 6.5 18 190 M M 0 24 230
27 61 40 51 5 14 0 0.00 0.0 0 12.7 24 20 M M 0 30 30
28 47 37 42 -3 23 0 0.14 0.0 0 9.7 20 10 M M 6 1 23 10
29 56 37 47 2 18 0 0.09 0.0 0 13.1 28 360 M M 7 1 35 360
30 51 25 38 -7 27 0 0.00 0.0 0 6.7 21 360 M M 0 26 360
================================================================================
SM 2058 1227 306 7 0.51 0.0 262.3 M 64
================================================================================
AV 68.6 40.9 8.7 FASTST M M 2 MAX(MPH)
MISC ----> 36 360 45 360
================================================================================
NOTES:
# LAST OF SEVERAL OCCURRENCES
COLUMN 17 PEAK WIND IN M.P.H.
PRELIMINARY LOCAL CLIMATOLOGICAL DATA (WS FORM: F-6) , PAGE 2
STATION: LAWTON
MONTH: NOVEMBER
YEAR: 2020
LATITUDE: 34 34 N
LONGITUDE: 98 25 W
[TEMPERATURE DATA] [PRECIPITATION DATA] SYMBOLS USED IN COLUMN 16
AVERAGE MONTHLY: 54.8 TOTAL FOR MONTH: 0.51 1 = FOG OR MIST
DPTR FM NORMAL: 3.8 DPTR FM NORMAL: -1.28 2 = FOG REDUCING VISIBILITY
HIGHEST: 83 ON 14 GRTST 24HR 0.23 ON 28-29 TO 1/4 MILE OR LESS
LOWEST: 25 ON 30 3 = THUNDER
SNOW, ICE PELLETS, HAIL 4 = ICE PELLETS
TOTAL MONTH: 0.0 INCH 5 = HAIL
GRTST 24HR 0.0 6 = FREEZING RAIN OR DRIZZLE
GRTST DEPTH: 0 7 = DUSTSTORM OR SANDSTORM:
VSBY 1/2 MILE OR LESS
8 = SMOKE OR HAZE
[NO. OF DAYS WITH] [WEATHER - DAYS WITH] 9 = BLOWING SNOW
X = TORNADO
MAX 32 OR BELOW: 0 0.01 INCH OR MORE: 4
MAX 90 OR ABOVE: 0 0.10 INCH OR MORE: 2
MIN 32 OR BELOW: 4 0.50 INCH OR MORE: 0
MIN 0 OR BELOW: 0 1.00 INCH OR MORE: 0
[HDD (BASE 65) ]
TOTAL THIS MO. 306 CLEAR (SCALE 0-3) 21
DPTR FM NORMAL -121 PTCLDY (SCALE 4-7) 9
TOTAL FM JUL 1 552 CLOUDY (SCALE 8-10) 0
DPTR FM NORMAL -11
[CDD (BASE 65) ]
TOTAL THIS MO. 7
DPTR FM NORMAL 1 [PRESSURE DATA]
TOTAL FM JAN 1 2221 HIGHEST SLP 30.56 ON 1
DPTR FM NORMAL -99 LOWEST SLP 29.58 ON 14
[REMARKS]
#FINAL-11-20#
CORRECTED MISSING SNOWFALL/SNOW DEPTH. LEFT SNOW DEPTHS MISSING FOR OPL DETERMINATION