000
CXUS54 KOUN 010810
CF6LAW
PRELIMINARY LOCAL CLIMATOLOGICAL DATA (WS FORM: F-6)
STATION: LAWTON
MONTH: JULY
YEAR: 2023
LATITUDE: 34 34 N
LONGITUDE: 98 25 W
TEMPERATURE IN F: :PCPN: SNOW: WIND :SUNSHINE: SKY :PK WND
================================================================================
1 2 3 4 5 6A 6B 7 8 9 10 11 12 13 14 15 16 17 18
12Z AVG MX 2MIN
DY MAX MIN AVG DEP HDD CDD WTR SNW DPTH SPD SPD DIR MIN PSBL S-S WX SPD DR
================================================================================
1 91 70 81 -2 0 16 0.15 0.0 0 6.3 24 200 M M 1 1 35 200
2 99 67 83 0 0 18 0.00 0.0 0 3.2 12 50 M M 0 14 50
3 99 69 84 1 0 19 0.40 0.0 0 6.6 30 30 M M 1 13 35 40
4 100 69 85 2 0 20 0.00 0.0 0 7.2 18 130 M M 1 23 130
5 97 72 85 2 0 20 0.36 0.0 0 9.3 25 70 M M 2 13 36 50
6 93 70 82 -1 0 17 T 0.0 0 8.0 23 40 M M 2 1 31 320
7 95 68 82 -1 0 17 1.05 0.0 0 10.3 32 340 M M 1 13 43 340
8 92 70 81 -3 0 16 0.00 0.0 0 5.8 16 80 M M 1 3 20 80
9 85 68 77 -7 0 12 1.38 0.0 0 9.2 28 320 M M 6 13 44 330
10 92 71 82 -2 0 17 0.00 0.0 0 6.9 15 120 M M 3 19 120
11 96 72 84 0 0 19 0.01 0.0 0 11.0 25 360 M M 2 3 34 20
12 106 77 92 8 0 27 0.00 0.0 0 9.6 17 190 M M 0 1 23 190
13 108 75 92 8 0 27 0.51 0.0 0 10.0 32 90 M M 1 13 39 90
14 95 76 86 2 0 21 T 0.0 0 8.0 25 170 M M 1 3 35 180
15 91 75 83 -1 0 18 0.01 0.0 0 8.1 23 10 M M 2 3 29 10
16 92 74 83 -1 0 18 0.01 0.0 0 4.9 13 140 M M 1 13 17 130
17 102 73 88 3 0 23 0.00 0.0 0 5.6 10 110 M M 0 14 190
18 106 69 88 3 0 23 0.00 0.0 0 8.1 20 230 M M 0 28 240
19 106 69 88 3 0 23 0.00 0.0 0 7.9 18 200 M M 0 26 200
20 102 72 87 2 0 22 0.00 0.0 0 7.2 16 30 M M 0 25 230
21 91 75 83 -2 0 18 0.00 0.0 0 11.0 24 360 M M 1 32 10
22 92 67 80 -5 0 15 0.00 0.0 0 5.4 12 20 M M 0 18 14 20
23 99 63 81 -4 0 16 0.00 0.0 0 5.8 14 110 M M 0 1 17 110
24 107 65 86 1 0 21 0.00 0.0 0 6.6 14 140 M M 0 22 180
25 107 67 87 2 0 22 0.00 0.0 0 8.8 18 190 M M 0 28 170
26 104 67 86 1 0 21 0.00 0.0 0 8.9 21 170 M M 0 27 180
27 105 70 88 3 0 23 0.00 0.0 0 7.7 16 170 M M 0 31 160
28 104 75 90 5 0 25 0.00 0.0 M 8.4 18 180 M M 0 24 200
29 105 71 88 3 0 23 0.00 0.0 0 6.6 15 100 M M 0 18 110
30 106 68 87 2 0 22 0.00 0.0 0 5.2 16 110 M M 0 22 110
31 107 69 88 3 0 23 0.00 0.0 0 6.5 17 180 M M 0 24 180
================================================================================
SM 3074 2183 0 622 3.88 0.0 234.1 M 26
================================================================================
AV 99.2 70.4 7.6 FASTST M M 1 MAX(MPH)
MISC ----> # 32 340 44 330
================================================================================
NOTES:
# LAST OF SEVERAL OCCURRENCES
COLUMN 17 PEAK WIND IN M.P.H.
PRELIMINARY LOCAL CLIMATOLOGICAL DATA (WS FORM: F-6) , PAGE 2
STATION: LAWTON
MONTH: JULY
YEAR: 2023
LATITUDE: 34 34 N
LONGITUDE: 98 25 W
[TEMPERATURE DATA] [PRECIPITATION DATA] SYMBOLS USED IN COLUMN 16
AVERAGE MONTHLY: 84.8 TOTAL FOR MONTH: 3.88 1 = FOG OR MIST
DPTR FM NORMAL: 0.4 DPTR FM NORMAL: 1.88 2 = FOG REDUCING VISIBILITY
HIGHEST: 108 ON 13 GRTST 24HR 1.38 ON 9- 9 TO 1/4 MILE OR LESS
LOWEST: 63 ON 23 3 = THUNDER
SNOW, ICE PELLETS, HAIL 4 = ICE PELLETS
TOTAL MONTH: 0.0 INCH 5 = HAIL
GRTST 24HR 0.0 6 = FREEZING RAIN OR DRIZZLE
GRTST DEPTH: 0 7 = DUSTSTORM OR SANDSTORM:
VSBY 1/2 MILE OR LESS
8 = SMOKE OR HAZE
[NO. OF DAYS WITH] [WEATHER - DAYS WITH] 9 = BLOWING SNOW
X = TORNADO
MAX 32 OR BELOW: 0 0.01 INCH OR MORE: 9
MAX 90 OR ABOVE: 30 0.10 INCH OR MORE: 6
MIN 32 OR BELOW: 0 0.50 INCH OR MORE: 3
MIN 0 OR BELOW: 0 1.00 INCH OR MORE: 2
[HDD (BASE 65) ]
TOTAL THIS MO. 0 CLEAR (SCALE 0-3) 30
DPTR FM NORMAL 0 PTCLDY (SCALE 4-7) 1
TOTAL FM JUL 1 0 CLOUDY (SCALE 8-10) 0
DPTR FM NORMAL 0
[CDD (BASE 65) ]
TOTAL THIS MO. 622
DPTR FM NORMAL 22 [PRESSURE DATA]
TOTAL FM JAN 1 1329 HIGHEST SLP M ON M
DPTR FM NORMAL -12 LOWEST SLP 29.66 ON 12
[REMARKS]
#FINAL-07-23#