000
CXUS56 KLOX 011155
CF6LAX
PRELIMINARY LOCAL CLIMATOLOGICAL DATA (WS FORM: F-6)
STATION: LOS ANGELES INTL AIRPORT CA
MONTH: APRIL
YEAR: 2023
LATITUDE: 33 55 N
LONGITUDE: 118 24 W
TEMPERATURE IN F: :PCPN: SNOW: WIND :SUNSHINE: SKY :PK WND
================================================================================
1 2 3 4 5 6A 6B 7 8 9 10 11 12 13 14 15 16 17 18
12Z AVG MX 2MIN
DY MAX MIN AVG DEP HDD CDD WTR SNW DPTH SPD SPD DIR MIN PSBL S-S WX SPD DR
================================================================================
1 66 48 57 -3 8 0 0.00 M M 6.9 17 240 M M 1 20 240
2 62 49 56 -4 9 0 0.00 M M 7.7 20 260 M M 2 23 250
3 62 52 57 -3 8 0 0.01 M M 14.0 35 260 M M 6 42 270
4 61 49 55 -5 10 0 0.00 M M 14.3 28 260 M M 4 32 280
5 65 47 56 -4 9 0 0.00 M M 8.0 22 260 M M 4 26 260
6 70 49 60 0 5 0 0.00 M M 7.6 18 250 M M 4 22 260
7 68 52 60 0 5 0 0.00 M M 7.9 18 260 M M 5 22 250
8 65 51 58 -2 7 0 0.00 M M 7.7 17 250 M M 5 1 21 250
9 62 52 57 -4 8 0 0.00 M M 6.0 16 270 M M 8 128 19 280
10 63 53 58 -3 7 0 0.00 M M 5.0 14 270 M M 9 128 18 280
11 61 53 57 -4 8 0 0.00 M M 6.3 15 270 M M 10 12 19 280
12 60 54 57 -4 8 0 0.02 M M 6.7 12 260 M M 10 18 17 140
13 60 53 57 -4 8 0 0.06 M M 6.8 12 270 M M 9 1 16 270
14 63 53 58 -3 7 0 T M M 7.9 15 260 M M 8 21 260
15 64 49 57 -4 8 0 0.00 M M 8.1 20 260 M M 2 8 23 270
16 61 52 57 -4 8 0 0.00 M M 7.4 14 240 M M 7 19 280
17 64 55 60 -1 5 0 0.00 M M 7.4 18 270 M M 7 22 270
18 65 53 59 -2 6 0 0.00 M M 9.4 22 270 M M 7 27 280
19 65 49 57 -4 8 0 0.00 M M 8.3 23 250 M M 2 27 250
20 73 52 63 1 2 0 0.00 M M 6.8 18 260 M M 3 22 260
21 82 56 69 7 0 4 0.00 M M 7.3 20 260 M M 0 24 270
22 81 57 69 7 0 4 0.00 M M 7.3 15 260 M M 3 19 290
23 69 57 63 1 2 0 0.00 M M 7.8 16 240 M M 5 1 20 220
24 67 57 62 0 3 0 0.00 M M 7.3 16 270 M M 8 21 260
25 67 57 62 0 3 0 0.00 M M 8.7 16 260 M M 6 8 22 250
26 65 54 60 -2 5 0 0.00 M M 8.5 18 260 M M 10 128 23 250
27 63 54 59 -3 6 0 0.00 M M 6.6 16 260 M M 10 128 20 240
28 63 54 59 -3 6 0 T M M 7.6 16 270 M M 10 18 21 280
29 63 54 59 -3 6 0 0.00 M M 7.1 18 250 M M 10 18 24 260
30 63 56 60 -2 5 0 0.00 M M 5.8 14 270 M M 10 18 18 280
================================================================================
SM 1963 1581 180 8 0.09 M 234.2 M 185
================================================================================
AV 65.4 52.7 7.8 FASTST M M 6 MAX(MPH)
MISC ----> 35 260 42 270
================================================================================
NOTES:
# LAST OF SEVERAL OCCURRENCES
COLUMN 17 PEAK WIND IN M.P.H.
PRELIMINARY LOCAL CLIMATOLOGICAL DATA (WS FORM: F-6) , PAGE 2
STATION: LOS ANGELES INTL AIRPORT CA
MONTH: APRIL
YEAR: 2023
LATITUDE: 33 55 N
LONGITUDE: 118 24 W
[TEMPERATURE DATA] [PRECIPITATION DATA] SYMBOLS USED IN COLUMN 16
AVERAGE MONTHLY: 59.1 TOTAL FOR MONTH: 0.09 1 = FOG OR MIST
DPTR FM NORMAL: -2.0 DPTR FM NORMAL: -0.51 2 = FOG REDUCING VISIBILITY
HIGHEST: 82 ON 21 GRTST 24HR 0.06 ON 12-13 TO 1/4 MILE OR LESS
LOWEST: 47 ON 5 3 = THUNDER
SNOW, ICE PELLETS, HAIL 4 = ICE PELLETS
TOTAL MONTH: M 5 = HAIL
GRTST 24HR M ON M 6 = FREEZING RAIN OR DRIZZLE
GRTST DEPTH: M ON M 7 = DUSTSTORM OR SANDSTORM:
VSBY 1/2 MILE OR LESS
8 = SMOKE OR HAZE
[NO. OF DAYS WITH] [WEATHER - DAYS WITH] 9 = BLOWING SNOW
X = TORNADO
MAX 32 OR BELOW: 0 0.01 INCH OR MORE: 3
MAX 90 OR ABOVE: 0 0.10 INCH OR MORE: 0
MIN 32 OR BELOW: 0 0.50 INCH OR MORE: 0
MIN 0 OR BELOW: 0 1.00 INCH OR MORE: 0
[HDD (BASE 65) ]
TOTAL THIS MO. 180 CLEAR (SCALE 0-3) 7
DPTR FM NORMAL 48 PTCLDY (SCALE 4-7) 13
TOTAL FM JUL 1 1441 CLOUDY (SCALE 8-10) 10
DPTR FM NORMAL 310
[CDD (BASE 65) ]
TOTAL THIS MO. 8
DPTR FM NORMAL -9 [PRESSURE DATA]
TOTAL FM JAN 1 8 HIGHEST SLP 30.15 ON 9
DPTR FM NORMAL -30 LOWEST SLP 29.77 ON 23
[REMARKS]
#FINAL-04-23#