000
CXUS56 KLOX 021851
CF6LAX
PRELIMINARY LOCAL CLIMATOLOGICAL DATA (WS FORM: F-6)
STATION: LOS ANGELES INTL AIRPORT CA
MONTH: SEPTEMBER
YEAR: 2023
LATITUDE: 33 55 N
LONGITUDE: 118 24 W
TEMPERATURE IN F: :PCPN: SNOW: WIND :SUNSHINE: SKY :PK WND
================================================================================
1 2 3 4 5 6A 6B 7 8 9 10 11 12 13 14 15 16 17 18
12Z AVG MX 2MIN
DY MAX MIN AVG DEP HDD CDD WTR SNW DPTH SPD SPD DIR MIN PSBL S-S WX SPD DR
================================================================================
1 81 67 74 3 0 9 0.00 M M 8.4 17 230 M M 7 18 22 150
2 78 67 73 2 0 8 0.02 M M 6.7 13 260 M M 10 1 20 150
3 77 66 72 1 0 7 0.00 M M 10.4 20 260 M M 5 23 270
4 74 62 68 -3 0 3 0.00 M M 6.9 15 270 M M 3 21 260
5 72 65 69 -2 0 4 0.00 M M 6.0 13 270 M M 7 16 240
6 76 66 71 0 0 6 0.00 M M 9.2 20 260 M M 5 24 260
7 75 63 69 -2 0 4 0.00 M M 6.8 15 260 M M 2 19 250
8 82 65 74 3 0 9 0.00 M M 6.3 17 260 M M 3 19 260
9 82 68 75 4 0 10 0.00 M M 7.4 20 250 M M 4 26 250
10 87 69 78 7 0 13 T M M 7.4 20 240 M M 5 25 240
11 85 68 77 6 0 12 0.00 M M 5.6 18 250 M M 6 24 220
12 76 66 71 1 0 6 0.00 M M 7.2 16 250 M M 3 1 20 250
13 76 66 71 1 0 6 0.00 M M 8.1 16 260 M M 7 22 220
14 74 66 70 0 0 5 0.00 M M 8.1 16 250 M M 7 23 230
15 73 66 70 0 0 5 0.00 M M 7.4 16 240 M M 9 23 250
16 69 65 67 -3 0 2 T M M 7.1 13 270 M M 10 1 19 300
17 71 64 68 -2 0 3 0.03 M M 7.9 17 260 M M 10 1 20 270
18 79 62 71 1 0 6 0.00 M M 8.1 16 260 M M 4 21 270
19 75 61 68 -2 0 3 0.00 M M 6.7 18 260 M M 4 23 250
20 73 65 69 -1 0 4 0.00 M M 7.6 17 270 M M 7 22 250
21 71 63 67 -3 0 2 0.00 M M 8.2 16 260 M M 6 22 240
22 72 61 67 -3 0 2 0.00 M M 6.6 16 240 M M 7 22 240
23 72 62 67 -3 0 2 0.00 M M 7.9 17 280 M M 4 1 22 280
24 73 61 67 -2 0 2 0.00 M M 7.8 20 270 M M 3 18 22 270
25 74 59 67 -2 0 2 0.00 M M 6.9 18 270 M M 3 1 21 240
26 75 59 67 -2 0 2 0.00 M M 5.3 16 260 M M 1 8 20 250
27 75 61 68 -1 0 3 0.00 M M 5.5 13 270 M M 5 16 280
28 73 63 68 -1 0 3 0.00 M M 6.2 14 270 M M 6 19 240
29 70 65 68 -1 0 3 0.00 M M 6.4 14 260 M M 9 17 250
30 69 62 66 -3 0 1 T M M 10.5 20 240 M M 8 24 280
================================================================================
SM 2259 1923 0 147 0.05 M 220.6 M 170
================================================================================
AV 75.3 64.1 7.4 FASTST M M 6 MAX(MPH)
MISC ----> # 20 260 26 250
================================================================================
NOTES:
# LAST OF SEVERAL OCCURRENCES
COLUMN 17 PEAK WIND IN M.P.H.
PRELIMINARY LOCAL CLIMATOLOGICAL DATA (WS FORM: F-6) , PAGE 2
STATION: LOS ANGELES INTL AIRPORT CA
MONTH: SEPTEMBER
YEAR: 2023
LATITUDE: 33 55 N
LONGITUDE: 118 24 W
[TEMPERATURE DATA] [PRECIPITATION DATA] SYMBOLS USED IN COLUMN 16
AVERAGE MONTHLY: 69.7 TOTAL FOR MONTH: 0.05 1 = FOG OR MIST
DPTR FM NORMAL: -0.4 DPTR FM NORMAL: -0.06 2 = FOG REDUCING VISIBILITY
HIGHEST: 87 ON 10 GRTST 24HR 0.03 ON 16-17 TO 1/4 MILE OR LESS
LOWEST: 59 ON 26,25 3 = THUNDER
SNOW, ICE PELLETS, HAIL 4 = ICE PELLETS
TOTAL MONTH: M 5 = HAIL
GRTST 24HR M ON M 6 = FREEZING RAIN OR DRIZZLE
GRTST DEPTH: M ON M 7 = DUSTSTORM OR SANDSTORM:
VSBY 1/2 MILE OR LESS
8 = SMOKE OR HAZE
[NO. OF DAYS WITH] [WEATHER - DAYS WITH] 9 = BLOWING SNOW
X = TORNADO
MAX 32 OR BELOW: 0 0.01 INCH OR MORE: 2
MAX 90 OR ABOVE: 0 0.10 INCH OR MORE: 0
MIN 32 OR BELOW: 0 0.50 INCH OR MORE: 0
MIN 0 OR BELOW: 0 1.00 INCH OR MORE: 0
[HDD (BASE 65) ]
TOTAL THIS MO. 0 CLEAR (SCALE 0-3) 6
DPTR FM NORMAL -2 PTCLDY (SCALE 4-7) 18
TOTAL FM JUL 1 4 CLOUDY (SCALE 8-10) 6
DPTR FM NORMAL 1
[CDD (BASE 65) ]
TOTAL THIS MO. 147
DPTR FM NORMAL -8 [PRESSURE DATA]
TOTAL FM JAN 1 462 HIGHEST SLP 30.08 ON 25
DPTR FM NORMAL -132 LOWEST SLP 29.80 ON 1
[REMARKS]
#FINAL-09-23#