000
CXUS54 KLUB 010830
CF6LBB
PRELIMINARY LOCAL CLIMATOLOGICAL DATA (WS FORM: F-6)
STATION: LUBBOCK
MONTH: NOVEMBER
YEAR: 2022
LATITUDE: 33 39 N
LONGITUDE: 101 49 W
TEMPERATURE IN F: :PCPN: SNOW: WIND :SUNSHINE: SKY :PK WND
================================================================================
1 2 3 4 5 6A 6B 7 8 9 10 11 12 13 14 15 16 17 18
12Z AVG MX 2MIN
DY MAX MIN AVG DEP HDD CDD WTR SNW DPTH SPD SPD DIR MIN PSBL S-S WX SPD DR
================================================================================
1 71 48 60 4 5 0 0.00 0.0 0 10.8 21 180 M M 2 1 28 170
2 73 52 63 8 2 0 0.00 0.0 0 15.8 24 180 M M 5 1 31 190
3 78 58 68 13 0 3 0.00 0.0 0 18.6 29 180 M M 6 37 210
4 66 36 51 -3 14 0 0.02 0.0 0 13.2 35 290 M M 4 1 49 280
5 72 34 53 -1 12 0 0.00 0.0 0 16.7 31 250 M M 3 8 44 240
6 76 44 60 6 5 0 0.00 0.0 0 9.9 21 240 M M 4 28 240
7 70 40 55 2 10 0 0.00 0.0 0 10.0 18 130 M M 6 25 130
8 74 59 67 14 0 2 T 0.0 0 16.1 30 160 M M 9 1 38 160
9 78 60 69 17 0 4 0.00 0.0 0 20.5 32 190 M M 6 8 43 180
10 73 47 60 8 5 0 0.01 0.0 0 13.7 32 190 M M 4 1 45 190
11 47 28 38 -14 27 0 0.00 0.0 0 15.3 29 30 M M 2 38 30
12 52 24 38 -13 27 0 0.00 0.0 0 7.5 14 170 M M 3 21 180
13 57 29 43 -8 22 0 0.00 0.0 0 13.4 26 180 M M 5 35 160
14 43 25 34 -16 31 0 0.00 0.0 0 12.7 28 340 M M 4 37 340
15 49 21 35 -15 30 0 0.00 0.0 0 7.1 14 60 M M 3 22 80
16 50 28 39 -11 26 0 0.00 0.0 0 4.8 13 180 M M 8 14 180
17 55 25 40 -9 25 0 0.00 0.0 0 11.5 24 210 M M 0 31 220
18 34 25 30 -19 35 0 0.00 0.0 0 13.8 23 60 M M 7 32 30
19 45 28 37 -12 28 0 0.00 0.0 0 5.4 15 10 M M 8 21 350
20 50 23 37 -11 28 0 0.00 0.0 0 7.3 17 190 M M 3 23 200
21 59 25 42 -6 23 0 0.00 0.0 0 6.6 13 230 M M 0 1 16 240
22 63 26 45 -3 20 0 0.00 0.0 0 9.0 17 220 M M 3 24 230
23 62 39 51 4 14 0 T 0.0 0 11.6 21 190 M M 7 12 25 190
24 48 35 42 -5 23 0 0.08 0.0 0 15.9 28 20 M M 8 1 39 10
25 42 35 39 -7 26 0 0.22 T 0 14.3 25 30 M M 9 1 33 40
26 45 35 40 -6 25 0 0.26 0.0 0 6.8 14 290 M M 7 1 17 40
27 53 32 43 -3 22 0 0.00 0.0 0 7.7 18 360 M M 2 24 360
28 62 39 51 5 14 0 0.00 0.0 0 14.6 24 230 M M 5 34 220
29 69 28 49 4 16 0 0.00 0.0 0 17.3 29 260 M M 0 37 40
30 41 21 31 -14 34 0 0.00 0.0 0 6.6 16 150 M M 4 20 150
================================================================================
SM 1757 1049 549 9 0.59 T 354.5 M 137
================================================================================
AV 58.6 35.0 11.8 FASTST M M 5 MAX(MPH)
MISC ----> 35 290 49 280
================================================================================
NOTES:
# LAST OF SEVERAL OCCURRENCES
COLUMN 17 PEAK WIND IN M.P.H.
PRELIMINARY LOCAL CLIMATOLOGICAL DATA (WS FORM: F-6) , PAGE 2
STATION: LUBBOCK
MONTH: NOVEMBER
YEAR: 2022
LATITUDE: 33 39 N
LONGITUDE: 101 49 W
[TEMPERATURE DATA] [PRECIPITATION DATA] SYMBOLS USED IN COLUMN 16
AVERAGE MONTHLY: 46.8 TOTAL FOR MONTH: 0.59 1 = FOG OR MIST
DPTR FM NORMAL: -3.2 DPTR FM NORMAL: -0.21 2 = FOG REDUCING VISIBILITY
HIGHEST: 78 ON 9, 3 GRTST 24HR 0.46 ON 25-26 TO 1/4 MILE OR LESS
LOWEST: 21 ON 30,15 3 = THUNDER
SNOW, ICE PELLETS, HAIL 4 = ICE PELLETS
TOTAL MONTH: T 5 = HAIL
GRTST 24HR T ON 25-25 6 = FREEZING RAIN OR DRIZZLE
GRTST DEPTH: 0 7 = DUSTSTORM OR SANDSTORM:
VSBY 1/2 MILE OR LESS
8 = SMOKE OR HAZE
[NO. OF DAYS WITH] [WEATHER - DAYS WITH] 9 = BLOWING SNOW
X = TORNADO
MAX 32 OR BELOW: 0 0.01 INCH OR MORE: 5
MAX 90 OR ABOVE: 0 0.10 INCH OR MORE: 2
MIN 32 OR BELOW: 15 0.50 INCH OR MORE: 0
MIN 0 OR BELOW: 0 1.00 INCH OR MORE: 0
[HDD (BASE 65) ]
TOTAL THIS MO. 549 CLEAR (SCALE 0-3) 10
DPTR FM NORMAL 97 PTCLDY (SCALE 4-7) 18
TOTAL FM JUL 1 698 CLOUDY (SCALE 8-10) 2
DPTR FM NORMAL 66
[CDD (BASE 65) ]
TOTAL THIS MO. 9
DPTR FM NORMAL 5 [PRESSURE DATA]
TOTAL FM JAN 1 2503 HIGHEST SLP M ON M
DPTR FM NORMAL 555 LOWEST SLP 29.56 ON 29
[REMARKS]
#FINAL-11-22#