000
CXUS55 KLBF 011410
CF6LBF
PRELIMINARY LOCAL CLIMATOLOGICAL DATA (WS FORM: F-6)
STATION: NORTH PLATTE
MONTH: APRIL
YEAR: 2022
LATITUDE: 41 7 N
LONGITUDE: 100 41 W
TEMPERATURE IN F: :PCPN: SNOW: WIND :SUNSHINE: SKY :PK WND
================================================================================
1 2 3 4 5 6A 6B 7 8 9 10 11 12 13 14 15 16 17 18
12Z AVG MX 2MIN
DY MAX MIN AVG DEP HDD CDD WTR SNW DPTH SPD SPD DIR MIN PSBL S-S WX SPD DR
================================================================================
1 56 27 42 -3 23 0 T 0.0 0 10.9 26 320 M M 2 35 310
2 67 30 49 4 16 0 0.00 0.0 0 7.1 20 180 M M 3 27 200
3 62 31 47 2 18 0 0.00 0.0 0 10.8 30 320 M M 0 41 310
4 70 22 46 0 19 0 0.00 0.0 0 12.7 31 200 M M 0 41 210
5 60 36 48 2 17 0 T 0.0 0 17.1 39 300 M M 4 53 310
6 50 36 43 -3 22 0 T T 0 24.3 46 320 M M 5 63 330
7 53 34 44 -2 21 0 T T 0 27.0 47 320 M M 5 68 320
8 59 27 43 -3 22 0 0.00 0.0 0 11.9 24 350 M M 0 38 310
9 83 24 54 7 11 0 0.00 0.0 0 12.7 28 20 M M 0 39 360
10 62 33 48 1 17 0 0.00 0.0 0 19.0 39 290 M M 2 52 20
11 67 33 50 3 15 0 0.00 0.0 0 13.4 30 190 M M 0 41 190
12 76 29 53 6 12 0 0.00 0.0 0 23.8 41 320 M M 1 54 340
13 47 14 31 -17 34 0 0.00 0.0 0 17.5 33 300 M M 1 54 300
14 57 20 39 -9 26 0 0.00 0.0 0 13.5 23 290 M M 0 34 300
15 51 19 35 -13 30 0 0.00 0.0 0 8.8 18 40 M M 0 26 10
16 53 19 36 -12 29 0 0.00 0.0 0 8.0 20 120 M M 1 25 100
17 70 37 54 6 11 0 0.00 0.0 0 13.0 28 310 M M 4 38 300
18 59 32 46 -3 19 0 0.00 0.0 0 7.4 14 150 M M 4 23 160
19 73 39 56 7 9 0 0.00 0.0 0 18.6 35 170 M M 1 50 190
20 72 41 57 8 8 0 T 0.0 0 11.9 25 310 M M 3 37 310
21 80 29 55 6 10 0 0.00 0.0 0 13.5 30 130 M M 4 1 45 120
22 97 58 78 28 0 13 0.00 0.0 0 22.7 45 170 M M 6 1 71 180
23 74 42 58 8 7 0 0.19 0.0 0 25.8 47 170 M M 6 13 71 160
24 60 35 48 -2 17 0 0.00 0.0 0 23.1 38 300 M M 5 51 290
25 61 24 43 -7 22 0 0.00 0.0 0 9.0 21 320 M M 0 29 350
26 79 28 54 3 11 0 0.00 0.0 0 12.1 29 190 M M 0 46 180
27 75 42 59 8 6 0 0.00 0.0 0 9.3 20 60 M M 0 27 50
28 84 42 63 12 2 0 0.00 0.0 0 8.9 22 40 M M 0 30 50
29 65 49 57 5 8 0 0.83 0.0 0 18.7 45 300 M M 9 13 63 280
30 62 38 50 -2 15 0 0.41 0.0 0 25.5 40 320 M M 6 58 310
================================================================================
SM 1984 970 477 13 1.43 T 458.0 M 72
================================================================================
AV 66.1 32.3 15.3 FASTST M M 2 MAX(MPH)
MISC ----> # 47 320 # 71 180
================================================================================
NOTES:
# LAST OF SEVERAL OCCURRENCES
COLUMN 17 PEAK WIND IN M.P.H.
PRELIMINARY LOCAL CLIMATOLOGICAL DATA (WS FORM: F-6) , PAGE 2
STATION: NORTH PLATTE
MONTH: APRIL
YEAR: 2022
LATITUDE: 41 7 N
LONGITUDE: 100 41 W
[TEMPERATURE DATA] [PRECIPITATION DATA] SYMBOLS USED IN COLUMN 16
AVERAGE MONTHLY: 49.2 TOTAL FOR MONTH: 1.43 1 = FOG OR MIST
DPTR FM NORMAL: 1.0 DPTR FM NORMAL: -0.86 2 = FOG REDUCING VISIBILITY
HIGHEST: 97 ON 22 GRTST 24HR 1.12 ON 29-30 TO 1/4 MILE OR LESS
LOWEST: 14 ON 13 3 = THUNDER
SNOW, ICE PELLETS, HAIL 4 = ICE PELLETS
TOTAL MONTH: T 5 = HAIL
GRTST 24HR T ON 6- 6 6 = FREEZING RAIN OR DRIZZLE
GRTST DEPTH: 1 ON M 7 = DUSTSTORM OR SANDSTORM:
VSBY 1/2 MILE OR LESS
8 = SMOKE OR HAZE
[NO. OF DAYS WITH] [WEATHER - DAYS WITH] 9 = BLOWING SNOW
X = TORNADO
MAX 32 OR BELOW: 0 0.01 INCH OR MORE: 3
MAX 90 OR ABOVE: 1 0.10 INCH OR MORE: 3
MIN 32 OR BELOW: 15 0.50 INCH OR MORE: 1
MIN 0 OR BELOW: 0 1.00 INCH OR MORE: 0
[HDD (BASE 65) ]
TOTAL THIS MO. 477 CLEAR (SCALE 0-3) 19
DPTR FM NORMAL -29 PTCLDY (SCALE 4-7) 10
TOTAL FM JUL 1 5559 CLOUDY (SCALE 8-10) 1
DPTR FM NORMAL -536
[CDD (BASE 65) ]
TOTAL THIS MO. 13
DPTR FM NORMAL 11 [PRESSURE DATA]
TOTAL FM JAN 1 13 HIGHEST SLP 30.47 ON 18
DPTR FM NORMAL 11 LOWEST SLP 29.12 ON 12
[REMARKS]
#FINAL-04-22#