000
CXUS53 KLBF 091141
CLMLBF
CLIMATE REPORT
NATIONAL WEATHER SERVICE NORTH PLATTE NE
641 AM CDT MON OCT 09 2023
...................................
...THE NORTH PLATTE CLIMATE SUMMARY FOR THE MONTH OF SEPTEMBER 2023...
CLIMATE NORMAL PERIOD 1991 TO 2020
CLIMATE RECORD PERIOD 1874 TO 2023
WEATHER OBSERVED NORMAL DEPART LAST YEAR`S
VALUE DATE(S) VALUE FROM VALUE DATE(S)
NORMAL
................................................................
TEMPERATURE (F)
RECORD
HIGH 105 09/05/1931
LOW 17 09/29/1984
HIGHEST 102 09/02 95 7 103 09/08
LOWEST 40 09/25 29 11 38 09/26
AVG. MAXIMUM 83.8 80.0 3.8 85.9
AVG. MINIMUM 50.0 48.3 1.7 49.8
MEAN 66.9 64.2 2.7 67.8
DAYS MAX >= 90 11 5.1 5.9 12
DAYS MAX <= 32 0 0.0 0.0 0
DAYS MIN <= 32 0 1.0 -1.0 0
DAYS MIN <= 0 0 0.0 0.0 0
PRECIPITATION (INCHES)
RECORD
MAXIMUM 7.54 1942
MINIMUM T 1953
TOTALS 1.67 1.61 0.06 0.91
DAILY AVG. 0.06 0.05 0.01 0.03
DAYS >= .01 9 6.7 2.3 6
DAYS >= .10 4 3.4 0.6 2
DAYS >= .50 1 0.9 0.1 1
DAYS >= 1.00 0 0.3 -0.3 0
GREATEST
24 HR. TOTAL 0.84 09/09 TO 09/10 0.64 09/16 TO 09/16
SNOWFALL (INCHES)
RECORDS
TOTAL 3.1 1985
TOTALS 0.0 0.1 -0.1 0.0
SINCE 7/1 T 0.1 -0.1 MM
SNOWDEPTH AVG. 0 0
DAYS >= 1.0 0 0.0 0.0 0
GREATEST
SNOW DEPTH 0 0 MM
24 HR TOTAL MM
DEGREE DAYS
HEATING TOTAL 45 120 -75 52
SINCE 7/1 57 134 -77 MM
COOLING TOTAL 109 94 15 146
SINCE 1/1 890 897 -7 MM
................................................................
WIND (MPH)
AVERAGE WIND SPEED 7.1
HIGHEST WIND SPEED/DIRECTION 40/330 DATE 09/04
HIGHEST GUST SPEED/DIRECTION 76/320 DATE 09/04
SKY COVER
POSSIBLE SUNSHINE (PERCENT) MM
AVERAGE SKY COVER 0.14
NUMBER OF DAYS FAIR 24
NUMBER OF DAYS PC 6
NUMBER OF DAYS CLOUDY 0
AVERAGE RH (PERCENT) 65
WEATHER CONDITIONS. NUMBER OF DAYS WITH
THUNDERSTORM 8 MIXED PRECIP 0
HEAVY RAIN 3 RAIN 4
LIGHT RAIN 8 FREEZING RAIN 0
LT FREEZING RAIN 0 HAIL 0
HEAVY SNOW 0 SNOW 0
LIGHT SNOW 0 SLEET 0
FOG 18 FOG W/VIS <= 1/4 MILE 2
HAZE 5
- INDICATES NEGATIVE NUMBERS.
R INDICATES RECORD WAS SET OR TIED.
MM INDICATES DATA IS MISSING.
T INDICATES TRACE AMOUNT.
$$