000
CXUS54 KHGX 011515
CF6LBX
PRELIMINARY LOCAL CLIMATOLOGICAL DATA (WS FORM: F-6)
STATION: ANGLETON/LAKE_JACKS
MONTH: MAY
YEAR: 2020
LATITUDE: 29 6 N
LONGITUDE: 95 28 W
TEMPERATURE IN F: :PCPN: SNOW: WIND :SUNSHINE: SKY :PK WND
================================================================================
1 2 3 4 5 6A 6B 7 8 9 10 11 12 13 14 15 16 17 18
12Z AVG MX 2MIN
DY MAX MIN AVG DEP HDD CDD WTR SNW DPTH SPD SPD DIR MIN PSBL S-S WX SPD DR
================================================================================
1 82 56 69 -3 0 4 0.00 0.0 0 7.7 18 170 M M 0 27 170
2 84 65 75 3 0 10 0.00 0.0 0 10.8 20 180 M M 3 25 180
3 84 71 78 5 0 13 0.00 0.0 0 11.5 17 180 M M 5 22 170
4 86 68 77 4 0 12 0.00 0.0 0 10.2 18 170 M M 4 128 22 170
5 91 72 82 9 0 17 0.39 0.0 0 8.6 20 180 M M 7 13 23 180
6 85 60 73 0 0 8 0.03 0.0 0 8.4 20 50 M M 5 1 26 40
7 84 57 71 -3 0 6 0.00 0.0 0 11.6 23 170 M M 3 1 32 150
8 89 70 80 6 0 15 0.15 0.0 0 13.9 26 360 M M 7 138 33 360
9 73 64 69 -5 0 4 0.00 0.0 0 11.3 23 40 M M 7 30 60
10 82 60 71 -3 0 6 0.00 0.0 0 6.9 14 50 M M 4 16 40
11 81 59 70 -4 0 5 0.00 0.0 0 7.9 16 140 M M 3 27 150
12 84 71 78 3 0 13 0.01 0.0 0 11.8 25 140 M M 4 33 160
13 86 70 78 3 0 13 0.21 0.0 0 9.9 18 140 M M 5 13 23 160
14 86 70 78 3 0 13 0.13 0.0 0 5.8 23 170 M M 5 1 27 170
15 89 67 78 3 0 13 0.14 0.0 0 11.3 24 160 M M 7 13 32 160
16 81 66 74 -2 0 9 0.94 0.0 0 4.0 26 320 M M 3 138 37 330
17 87 65 76 0 0 11 T 0.0 0 4.7 13 310 M M 0 18 300
18 90 63 77 1 0 12 0.00 0.0 0 4.2 14 180 M M 0 128 17 180
19 89 66 78 2 0 13 0.00 0.0 0 8.1 17 190 M M 3 12 26 200
20 90 76 83 7 0 18 0.00 0.0 0 9.2 17 170 M M 6 1 21 180
21 89 72 81 4 0 16 0.00 0.0 0 8.3 18 140 M M 5 1 24 160
22 89 77 83 6 0 18 T 0.0 0 12.0 24 180 M M 7 29 180
23 89 80 85 8 0 20 T 0.0 0 13.0 21 160 M M 7 25 150
24 89 69 79 2 0 14 0.20 0.0 0 11.5 23 150 M M 6 138 28 150
25 85 66 76 -2 0 11 0.42 0.0 0 5.7 30 180 M M 4 3 48 190
26 86 67 77 -1 0 12 0.19 0.0 0 5.4 17 350 M M 4 13 26 340
27 88 65 77 -1 0 12 0.01 0.0 0 8.0 25 10 M M 2 1 35 20
28 90 65 78 0 0 13 1.25 0.0 0 7.4 28 90 M M 3 13 37 70
29 88 69 79 1 0 14 T 0.0 0 5.8 16 360 M M 4 1 21 10
30 88 69 79 0 0 14 0.00 0.0 0 6.0 14 110 M M 1 1 18 50
31 81 71 76 -3 0 11 1.32 0.0 0 3.8 20 100 M M 5 13 24 110
================================================================================
SM 2665 2086 0 370 5.39 0.0 264.7 M 129
================================================================================
AV 86.0 67.3 8.5 FASTST M M 4 MAX(MPH)
MISC ----> # 30 180 # 48 190
================================================================================
NOTES:
# LAST OF SEVERAL OCCURRENCES
COLUMN 17 PEAK WIND IN M.P.H.
PRELIMINARY LOCAL CLIMATOLOGICAL DATA (WS FORM: F-6) , PAGE 2
STATION: ANGLETON/LAKE_JACKS
MONTH: MAY
YEAR: 2020
LATITUDE: 29 6 N
LONGITUDE: 95 28 W
[TEMPERATURE DATA] [PRECIPITATION DATA] SYMBOLS USED IN COLUMN 16
AVERAGE MONTHLY: 76.6 TOTAL FOR MONTH: 5.39 1 = FOG OR MIST
DPTR FM NORMAL: 1.1 DPTR FM NORMAL: 1.36 2 = FOG REDUCING VISIBILITY
HIGHEST: 91 ON 5 GRTST 24HR 1.32 ON 31-31 TO 1/4 MILE OR LESS
LOWEST: 56 ON 1 3 = THUNDER
SNOW, ICE PELLETS, HAIL 4 = ICE PELLETS
TOTAL MONTH: 0.0 INCH 5 = HAIL
GRTST 24HR 0.0 6 = FREEZING RAIN OR DRIZZLE
GRTST DEPTH: 0 7 = DUSTSTORM OR SANDSTORM:
VSBY 1/2 MILE OR LESS
8 = SMOKE OR HAZE
[NO. OF DAYS WITH] [WEATHER - DAYS WITH] 9 = BLOWING SNOW
X = TORNADO
MAX 32 OR BELOW: 0 0.01 INCH OR MORE: 14
MAX 90 OR ABOVE: 4 0.10 INCH OR MORE: 11
MIN 32 OR BELOW: 0 0.50 INCH OR MORE: 3
MIN 0 OR BELOW: 0 1.00 INCH OR MORE: 2
[HDD (BASE 65) ]
TOTAL THIS MO. 0 CLEAR (SCALE 0-3) 10
DPTR FM NORMAL -1 PTCLDY (SCALE 4-7) 21
TOTAL FM JUL 1 952 CLOUDY (SCALE 8-10) 0
DPTR FM NORMAL -362
[CDD (BASE 65) ]
TOTAL THIS MO. 370
DPTR FM NORMAL 43 [PRESSURE DATA]
TOTAL FM JAN 1 859 HIGHEST SLP 30.22 ON 11
DPTR FM NORMAL 291 LOWEST SLP 29.63 ON 25
[REMARKS]
#FINAL-05-20#