000
CXUS54 KLCH 010830
CF6LCH
PRELIMINARY LOCAL CLIMATOLOGICAL DATA (WS FORM: F-6)
STATION: LAKE CHARLES
MONTH: APRIL
YEAR: 2022
LATITUDE: 30 7 N
LONGITUDE: 93 13 W
TEMPERATURE IN F: :PCPN: SNOW: WIND :SUNSHINE: SKY :PK WND
================================================================================
1 2 3 4 5 6A 6B 7 8 9 10 11 12 13 14 15 16 17 18
12Z AVG MX 2MIN
DY MAX MIN AVG DEP HDD CDD WTR SNW DPTH SPD SPD DIR MIN PSBL S-S WX SPD DR
================================================================================
1 76 48 62 -4 3 0 0.00 0.0 M 7.9 15 60 M M 0 22 50
2 80 55 68 2 0 3 0.00 0.0 M 5.8 17 360 M M 5 12 22 340
3 82 54 68 1 0 3 0.00 0.0 M 7.2 16 190 M M 3 12 21 150
4 81 54 68 1 0 3 0.08 0.0 M 8.8 17 130 M M 7 12 23 120
5 79 70 75 8 0 10 0.00 0.0 M 10.2 16 220 M M 8 18 24 240
6 87 62 75 8 0 10 0.00 0.0 M 11.9 28 360 M M 8 18 36 360
7 75 49 62 -5 3 0 0.00 0.0 M 13.3 28 310 M M 1 42 320
8 73 47 60 -8 5 0 0.00 0.0 M 12.3 29 310 M M 0 39 290
9 76 40 58 -10 7 0 0.00 0.0 M 7.8 17 200 M M 0 25 260
10 78 58 68 0 0 3 0.00 0.0 M 15.0 32 180 M M 1 44 180
11 80 62 71 3 0 6 0.27 0.0 0 13.1 30 160 M M 9 138 39 160
12 77 67 72 4 0 7 0.08 0.0 M 15.2 41 140 M M 9 138 56 140
13 79 64 72 3 0 7 0.10 0.0 M 15.8 31 180 M M 10 18 45 180
14 82 57 70 1 0 5 0.00 0.0 M 12.5 22 70 M M 2 30 50
15 80 60 70 1 0 5 T 0.0 M 12.2 23 160 M M 9 1 35 150
16 82 72 77 8 0 12 0.00 0.0 M 9.6 17 210 M M 7 1 27 230
17 81 72 77 8 0 12 0.00 0.0 M 9.4 20 200 M M 8 18 28 210
18 76 55 66 -4 0 1 T 0.0 M 12.4 22 10 M M 3 1 30 30
19 74 51 63 -7 2 0 0.00 0.0 M 10.8 21 110 M M 0 29 120
20 80 61 71 1 0 6 0.00 0.0 M 14.3 31 160 M M 10 43 160
21 85 65 75 5 0 10 0.00 0.0 M 12.9 23 170 M M 4 1 29 160
22 84 65 75 5 0 10 0.00 0.0 M 12.2 23 150 M M 5 1 31 160
23 83 62 73 2 0 8 0.01 0.0 M 13.7 26 170 M M 7 18 35 160
24 85 69 77 6 0 12 0.00 0.0 M 14.0 22 160 M M 6 18 31 170
25 84 64 74 3 0 9 0.05 0.0 M 9.0 25 30 M M 8 13 33 30
26 80 56 68 -3 0 3 0.00 0.0 M 10.8 22 50 M M 5 27 50
27 81 51 66 -6 0 1 0.00 0.0 M 6.9 15 70 M M 0 23 50
28 80 53 67 -5 0 2 0.00 0.0 M 5.4 15 210 M M 0 1 22 210
29 81 58 70 -2 0 5 0.00 0.0 M 8.1 17 160 M M 0 22 200
30 84 62 73 1 0 8 0.00 0.0 M 9.0 20 180 M M 4 1 26 180
================================================================================
SM 2405 1763 20 161 0.59 0.0 327.5 M 139
================================================================================
AV 80.2 58.8 10.9 FASTST M M 5 MAX(MPH)
MISC ----> 41 140 56 140
================================================================================
NOTES:
# LAST OF SEVERAL OCCURRENCES
COLUMN 17 PEAK WIND IN M.P.H.
PRELIMINARY LOCAL CLIMATOLOGICAL DATA (WS FORM: F-6) , PAGE 2
STATION: LAKE CHARLES
MONTH: APRIL
YEAR: 2022
LATITUDE: 30 7 N
LONGITUDE: 93 13 W
[TEMPERATURE DATA] [PRECIPITATION DATA] SYMBOLS USED IN COLUMN 16
AVERAGE MONTHLY: 69.5 TOTAL FOR MONTH: 0.59 1 = FOG OR MIST
DPTR FM NORMAL: 0.4 DPTR FM NORMAL: -3.85 2 = FOG REDUCING VISIBILITY
HIGHEST: 87 ON 6 GRTST 24HR 0.27 ON 11-11 TO 1/4 MILE OR LESS
LOWEST: 40 ON 9 3 = THUNDER
SNOW, ICE PELLETS, HAIL 4 = ICE PELLETS
TOTAL MONTH: 0.0 INCH 5 = HAIL
GRTST 24HR 0.0 6 = FREEZING RAIN OR DRIZZLE
GRTST DEPTH: 0 7 = DUSTSTORM OR SANDSTORM:
VSBY 1/2 MILE OR LESS
8 = SMOKE OR HAZE
[NO. OF DAYS WITH] [WEATHER - DAYS WITH] 9 = BLOWING SNOW
X = TORNADO
MAX 32 OR BELOW: 0 0.01 INCH OR MORE: 6
MAX 90 OR ABOVE: 0 0.10 INCH OR MORE: 2
MIN 32 OR BELOW: 0 0.50 INCH OR MORE: 0
MIN 0 OR BELOW: 0 1.00 INCH OR MORE: 0
[HDD (BASE 65) ]
TOTAL THIS MO. 20 CLEAR (SCALE 0-3) 10
DPTR FM NORMAL -14 PTCLDY (SCALE 4-7) 13
TOTAL FM JUL 1 1317 CLOUDY (SCALE 8-10) 7
DPTR FM NORMAL 5
[CDD (BASE 65) ]
TOTAL THIS MO. 161
DPTR FM NORMAL 2 [PRESSURE DATA]
TOTAL FM JAN 1 221 HIGHEST SLP 30.30 ON 26
DPTR FM NORMAL -47 LOWEST SLP 29.63 ON 5
[REMARKS]
#FINAL-04-22#