000
CXUS54 KSHV 011400
CF6LFK
PRELIMINARY LOCAL CLIMATOLOGICAL DATA (WS FORM: F-6)
STATION: LUFKIN
MONTH: DECEMBER
YEAR: 2021
LATITUDE: 31 14 N
LONGITUDE: 94 45 W
TEMPERATURE IN F: :PCPN: SNOW: WIND :SUNSHINE: SKY :PK WND
================================================================================
1 2 3 4 5 6A 6B 7 8 9 10 11 12 13 14 15 16 17 18
12Z AVG MX 2MIN
DY MAX MIN AVG DEP HDD CDD WTR SNW DPTH SPD SPD DIR MIN PSBL S-S WX SPD DR
================================================================================
1 76 46 61 8 4 0 0.00 0.0 0 3.3 16 220 M M 3 12 19 220
2 77 49 63 10 2 0 0.00 0.0 0 3.0 13 200 M M 5 12 16 190
3 77 60 69 17 0 4 0.00 0.0 0 5.7 13 210 M M 8 12 16 200
4 81 67 74 22 0 9 0.00 0.0 0 4.6 13 200 M M 6 1 17 190
5 77 68 73 21 0 8 0.00 0.0 0 8.0 14 160 M M 7 19 190
6 73 52 63 11 2 0 0.72 0.0 0 7.6 16 360 M M 8 13 23 350
7 61 47 54 2 11 0 0.00 0.0 0 5.5 12 100 M M 7 15 40
8 64 49 57 6 8 0 0.00 0.0 0 5.0 9 190 M M 7 1 12 80
9 81 56 69 18 0 4 0.00 0.0 0 6.7 17 210 M M 7 12 23 220
10 83 72 78 27 0 13 0.00 0.0 0 10.0 21 200 M M 9 29 200
11 75 40 58 7 7 0 0.44 0.0 0 8.1 22 280 M M 4 13 32 290
12 61 31 46 -5 19 0 0.00 0.0 0 2.8 15 80 M M 0 19 70
13 64 41 53 3 12 0 0.01 0.0 0 3.3 9 110 M M 6 1 12 110
14 78 62 70 20 0 5 0.00 0.0 0 7.8 14 160 M M 9 1 18 150
15 81 68 75 25 0 10 0.00 0.0 0 10.7 24 190 M M 7 33 160
16 82 70 76 26 0 11 T 0.0 0 8.1 15 200 M M 6 23 200
17 80 66 73 23 0 8 0.00 0.0 0 7.8 18 190 M M 5 1 24 210
18 72 50 61 11 4 0 1.11 0.0 0 8.2 18 10 M M 7 1 26 360
19 56 40 48 -2 17 0 0.00 0.0 0 6.3 18 10 M M 4 26 10
20 51 38 45 -4 20 0 0.09 0.0 0 3.1 9 40 M M 8 1 12 50
21 59 32 46 -3 19 0 0.00 0.0 0 1.3 8 290 M M 2 12 11 300
22 68 36 52 3 13 0 0.00 0.0 0 4.4 14 140 M M 0 18 170
23 74 47 61 12 4 0 0.00 0.0 0 9.1 17 180 M M 4 23 180
24 79 57 68 19 0 3 0.00 0.0 0 10.2 21 190 M M 4 1 28 200
25 75 61 68 19 0 3 0.00 0.0 0 4.9 14 200 M M 7 1 19 200
26 80 59 70 21 0 5 0.00 0.0 0 7.7 18 200 M M 7 12 26 200
27 81 64 73 24 0 8 0.00 0.0 0 9.1 20 210 M M 7 1 28 210
28 78 66 72 23 0 7 T 0.0 0 8.1 21 210 M M 8 1 30 200
29 82 64 73 25 0 8 0.00 0.0 0 4.8 14 190 M M 7 12 18 220
30 82 56 69 21 0 4 0.00 0.0 0 2.8 9 150 M M 3 12 12 160
31 82 65 74 26 0 9 0.00 0.0 0 9.0 18 160 M M 7 12 27 150
================================================================================
SM 2290 1679 142 119 2.37 0.0 197.0 M 179
================================================================================
AV 73.9 54.2 6.4 FASTST M M 6 MAX(MPH)
MISC ----> 24 190 33 160
================================================================================
NOTES:
# LAST OF SEVERAL OCCURRENCES
COLUMN 17 PEAK WIND IN M.P.H.
PRELIMINARY LOCAL CLIMATOLOGICAL DATA (WS FORM: F-6) , PAGE 2
STATION: LUFKIN
MONTH: DECEMBER
YEAR: 2021
LATITUDE: 31 14 N
LONGITUDE: 94 45 W
[TEMPERATURE DATA] [PRECIPITATION DATA] SYMBOLS USED IN COLUMN 16
AVERAGE MONTHLY: 64.0 TOTAL FOR MONTH: 2.37 1 = FOG OR MIST
DPTR FM NORMAL: 13.8 DPTR FM NORMAL: -2.31 2 = FOG REDUCING VISIBILITY
HIGHEST: 83 ON 10 GRTST 24HR 1.11 ON 18-18 TO 1/4 MILE OR LESS
LOWEST: 31 ON 12 3 = THUNDER
SNOW, ICE PELLETS, HAIL 4 = ICE PELLETS
TOTAL MONTH: 0.0 INCH 5 = HAIL
GRTST 24HR 0.0 6 = FREEZING RAIN OR DRIZZLE
GRTST DEPTH: 0 7 = DUSTSTORM OR SANDSTORM:
VSBY 1/2 MILE OR LESS
8 = SMOKE OR HAZE
[NO. OF DAYS WITH] [WEATHER - DAYS WITH] 9 = BLOWING SNOW
X = TORNADO
MAX 32 OR BELOW: 0 0.01 INCH OR MORE: 5
MAX 90 OR ABOVE: 0 0.10 INCH OR MORE: 3
MIN 32 OR BELOW: 2 0.50 INCH OR MORE: 2
MIN 0 OR BELOW: 0 1.00 INCH OR MORE: 1
[HDD (BASE 65) ]
TOTAL THIS MO. 142 CLEAR (SCALE 0-3) 3
DPTR FM NORMAL -328 PTCLDY (SCALE 4-7) 24
TOTAL FM JUL 1 396 CLOUDY (SCALE 8-10) 4
DPTR FM NORMAL -413
[CDD (BASE 65) ]
TOTAL THIS MO. 119
DPTR FM NORMAL 108 [PRESSURE DATA]
TOTAL FM JAN 1 2981 HIGHEST SLP 30.36 ON 19
DPTR FM NORMAL 458 LOWEST SLP 29.66 ON 28
[REMARKS]
#FINAL-12-21#