000
CXUS51 KOKX 011010
CF6LGA
PRELIMINARY LOCAL CLIMATOLOGICAL DATA (WS FORM: F-6)
STATION: LAGUARDIA NY
MONTH: NOVEMBER
YEAR: 2022
LATITUDE: 40 46 N
LONGITUDE: 73 54 W
TEMPERATURE IN F: :PCPN: SNOW: WIND :SUNSHINE: SKY :PK WND
================================================================================
1 2 3 4 5 6A 6B 7 8 9 10 11 12 13 14 15 16 17 18
12Z AVG MX 2MIN
DY MAX MIN AVG DEP HDD CDD WTR SNW DPTH SPD SPD DIR MIN PSBL S-S WX SPD DR
================================================================================
1 67 59 63 9 2 0 0.16 0.0 0 8.7 15 300 M M 8 1 19 300
2 71 57 64 10 1 0 0.00 0.0 0 6.0 15 40 M M 2 20 40
3 68 53 61 8 4 0 0.00 0.0 0 5.2 12 120 M M 1 16 90
4 72 52 62 9 3 0 0.00 0.0 0 6.1 15 180 M M 6 128 18 190
5 75 63 69 17 0 4 0.00 0.0 0 10.5 21 170 M M 8 27 170
6 75 63 69 17 0 4 0.01 0.0 0 7.8 15 160 M M 8 19 170
7 78 56 67 15 0 2 0.02 0.0 0 12.9 25 330 M M 4 33 330
8 58 47 53 1 12 0 0.00 0.0 0 13.6 22 360 M M 3 28 20
9 54 41 48 -3 17 0 0.00 0.0 0 7.3 16 360 M M 2 22 20
10 67 48 58 7 7 0 0.00 0.0 0 5.8 14 160 M M 3 16 160
11 69 57 63 13 2 0 1.23 0.0 0 9.3 28 190 M M 10 1 39 200
12 69 61 65 15 0 0 0.09 0.0 0 12.2 26 170 M M 7 1 33 300
13 62 43 53 3 12 0 0.02 0.0 0 15.5 26 300 M M 7 34 290
14 46 38 42 -8 23 0 0.00 0.0 0 13.2 25 310 M M 2 34 320
15 48 36 42 -7 23 0 0.49 0.0 0 12.6 29 60 M M 7 1 36 60
16 51 39 45 -4 20 0 0.20 0.0 0 17.0 29 60 M M 9 1 36 60
17 47 39 43 -6 22 0 0.00 0.0 0 15.6 26 260 M M 7 33 270
18 44 36 40 -8 25 0 0.00 0.0 0 16.0 25 230 M M 4 33 250
19 41 32 37 -11 28 0 0.00 0.0 0 11.2 21 270 M M 2 29 260
20 40 31 36 -12 29 0 0.00 0.0 0 18.4 32 280 M M 3 42 280
21 42 29 36 -11 29 0 0.00 0.0 0 11.3 23 210 M M 2 8 32 240
22 51 39 45 -2 20 0 0.00 0.0 0 8.9 17 240 M M 2 23 230
23 55 43 49 2 16 0 0.00 0.0 0 7.6 16 300 M M 0 21 300
24 53 41 47 1 18 0 0.00 0.0 0 6.2 13 170 M M 3 15 170
25 56 47 52 6 13 0 T 0.0 0 13.3 32 320 M M 8 40 320
26 57 44 51 5 14 0 0.00 0.0 0 13.2 28 320 M M 4 33 320
27 61 49 55 10 10 0 0.54 0.0 0 10.8 26 260 M M 8 18 34 270
28 56 42 49 4 16 0 T 0.0 0 16.1 30 260 M M 4 37 250
29 44 38 41 -4 24 0 0.00 0.0 0 6.1 13 330 M M 6 20 60
30 59 39 49 5 16 0 0.43 0.0 0 14.5 36 180 M M 9 1 48 180
================================================================================
SM 1736 1362 406 10 3.19 0.0 332.9 M 149
================================================================================
AV 57.9 45.4 11.1 FASTST M M 5 MAX(MPH)
MISC ----> 36 180 48 180
================================================================================
NOTES:
# LAST OF SEVERAL OCCURRENCES
COLUMN 17 PEAK WIND IN M.P.H.
PRELIMINARY LOCAL CLIMATOLOGICAL DATA (WS FORM: F-6) , PAGE 2
STATION: LAGUARDIA NY
MONTH: NOVEMBER
YEAR: 2022
LATITUDE: 40 46 N
LONGITUDE: 73 54 W
[TEMPERATURE DATA] [PRECIPITATION DATA] SYMBOLS USED IN COLUMN 16
AVERAGE MONTHLY: 51.6 TOTAL FOR MONTH: 3.19 1 = FOG OR MIST
DPTR FM NORMAL: 2.5 DPTR FM NORMAL: 0.04 2 = FOG REDUCING VISIBILITY
HIGHEST: 78 ON 7 GRTST 24HR 1.32 ON 11-12 TO 1/4 MILE OR LESS
LOWEST: 29 ON 21 3 = THUNDER
SNOW, ICE PELLETS, HAIL 4 = ICE PELLETS
TOTAL MONTH: 0.0 INCH 5 = HAIL
GRTST 24HR 0.0 6 = FREEZING RAIN OR DRIZZLE
GRTST DEPTH: 0 7 = DUSTSTORM OR SANDSTORM:
VSBY 1/2 MILE OR LESS
8 = SMOKE OR HAZE
[NO. OF DAYS WITH] [WEATHER - DAYS WITH] 9 = BLOWING SNOW
X = TORNADO
MAX 32 OR BELOW: 0 0.01 INCH OR MORE: 10
MAX 90 OR ABOVE: 0 0.10 INCH OR MORE: 6
MIN 32 OR BELOW: 3 0.50 INCH OR MORE: 2
MIN 0 OR BELOW: 0 1.00 INCH OR MORE: 1
[HDD (BASE 65) ]
TOTAL THIS MO. 406 CLEAR (SCALE 0-3) 10
DPTR FM NORMAL -72 PTCLDY (SCALE 4-7) 16
TOTAL FM JUL 1 630 CLOUDY (SCALE 8-10) 4
DPTR FM NORMAL -66
[CDD (BASE 65) ]
TOTAL THIS MO. 10
DPTR FM NORMAL 9 [PRESSURE DATA]
TOTAL FM JAN 1 1538 HIGHEST SLP M ON M
DPTR FM NORMAL 130 LOWEST SLP 29.36 ON 27
[REMARKS]
#FINAL-11-22#