000
CXUS51 KOKX 010910
CF6LGA
PRELIMINARY LOCAL CLIMATOLOGICAL DATA (WS FORM: F-6)
STATION: LAGUARDIA NY
MONTH: OCTOBER
YEAR: 2022
LATITUDE: 40 46 N
LONGITUDE: 73 54 W
TEMPERATURE IN F: :PCPN: SNOW: WIND :SUNSHINE: SKY :PK WND
================================================================================
1 2 3 4 5 6A 6B 7 8 9 10 11 12 13 14 15 16 17 18
12Z AVG MX 2MIN
DY MAX MIN AVG DEP HDD CDD WTR SNW DPTH SPD SPD DIR MIN PSBL S-S WX SPD DR
================================================================================
1 63 53 58 -7 7 0 0.66 0.0 0 17.5 30 50 M M 10 1 36 50
2 62 53 58 -7 7 0 0.07 0.0 0 22.9 36 50 M M 10 47 50
3 55 49 52 -12 13 0 0.45 0.0 0 18.7 29 40 M M 10 36 40
4 59 46 53 -11 12 0 1.77 0.0 0 15.6 23 30 M M 10 138 30 40
5 59 54 57 -7 8 0 0.42 0.0 0 10.7 16 350 M M 9 13 22 350
6 76 57 67 4 0 2 0.00 0.0 0 3.9 12 320 M M 5 14 20
7 78 59 69 6 0 4 T 0.0 0 8.8 21 320 M M 5 25 320
8 59 50 55 -8 10 0 0.02 0.0 0 10.8 22 320 M M 5 26 320
9 64 46 55 -7 10 0 0.00 0.0 0 7.9 17 260 M M 2 24 300
10 69 53 61 -1 4 0 0.00 0.0 0 7.3 16 270 M M 5 23 250
11 72 54 63 2 2 0 0.00 0.0 0 5.6 14 180 M M 0 18 180
12 70 58 64 3 1 0 0.00 0.0 0 7.8 21 170 M M 5 26 180
13 71 55 63 2 2 0 0.78 0.0 0 12.3 25 300 M M 9 13 32 170
14 69 53 61 1 4 0 0.20 0.0 0 8.2 20 310 M M 5 1 26 310
15 69 53 61 1 4 0 0.00 0.0 0 8.0 22 180 M M 2 28 190
16 67 54 61 1 4 0 0.00 0.0 0 4.2 12 360 M M 5 14 220
17 68 57 63 4 2 0 0.13 0.0 0 7.7 17 310 M M 9 1 22 160
18 58 49 54 -5 11 0 T 0.0 0 10.9 20 300 M M 6 26 300
19 55 44 50 -8 15 0 0.00 0.0 0 11.1 21 220 M M 3 29 230
20 60 45 53 -5 12 0 0.00 0.0 0 12.2 22 220 M M 2 29 240
21 64 49 57 -1 8 0 0.00 0.0 0 5.3 14 270 M M 1 17 280
22 67 50 59 2 6 0 0.00 0.0 0 4.4 13 160 M M 3 16 170
23 62 56 59 2 6 0 T 0.0 0 13.5 23 40 M M 9 30 50
24 62 55 59 2 6 0 0.46 0.0 0 13.1 22 60 M M 10 18 26 60
25 67 61 64 8 1 0 0.01 0.0 0 7.3 14 50 M M 10 12 16 40
26 74 62 68 12 0 3 T 0.0 0 6.4 18 260 M M 8 128 25 270
27 65 52 59 3 6 0 0.00 0.0 0 13.8 23 320 M M 1 29 320
28 58 46 52 -3 13 0 0.00 0.0 0 10.6 21 40 M M 6 27 60
29 59 45 52 -3 13 0 0.00 0.0 0 5.8 14 50 M M 3 18 70
30 64 47 56 1 9 0 0.00 0.0 0 3.7 9 50 M M 4 15 70
31 66 52 59 5 6 0 0.07 0.0 0 6.0 13 220 M M 8 17 210
================================================================================
SM 2011 1617 202 9 5.04 0.0 302.0 M 180
================================================================================
AV 64.9 52.2 9.7 FASTST M M 6 MAX(MPH)
MISC ----> 36 50 47 50
================================================================================
NOTES:
# LAST OF SEVERAL OCCURRENCES
COLUMN 17 PEAK WIND IN M.P.H.
PRELIMINARY LOCAL CLIMATOLOGICAL DATA (WS FORM: F-6) , PAGE 2
STATION: LAGUARDIA NY
MONTH: OCTOBER
YEAR: 2022
LATITUDE: 40 46 N
LONGITUDE: 73 54 W
[TEMPERATURE DATA] [PRECIPITATION DATA] SYMBOLS USED IN COLUMN 16
AVERAGE MONTHLY: 58.5 TOTAL FOR MONTH: 5.04 1 = FOG OR MIST
DPTR FM NORMAL: -1.1 DPTR FM NORMAL: 1.23 2 = FOG REDUCING VISIBILITY
HIGHEST: 78 ON 7 GRTST 24HR 1.95 ON 3- 4 TO 1/4 MILE OR LESS
LOWEST: 44 ON 19 3 = THUNDER
SNOW, ICE PELLETS, HAIL 4 = ICE PELLETS
TOTAL MONTH: 0.0 INCH 5 = HAIL
GRTST 24HR 0.0 6 = FREEZING RAIN OR DRIZZLE
GRTST DEPTH: 0 7 = DUSTSTORM OR SANDSTORM:
VSBY 1/2 MILE OR LESS
8 = SMOKE OR HAZE
[NO. OF DAYS WITH] [WEATHER - DAYS WITH] 9 = BLOWING SNOW
X = TORNADO
MAX 32 OR BELOW: 0 0.01 INCH OR MORE: 12
MAX 90 OR ABOVE: 0 0.10 INCH OR MORE: 8
MIN 32 OR BELOW: 0 0.50 INCH OR MORE: 3
MIN 0 OR BELOW: 0 1.00 INCH OR MORE: 1
[HDD (BASE 65) ]
TOTAL THIS MO. 202 CLEAR (SCALE 0-3) 9
DPTR FM NORMAL 4 PTCLDY (SCALE 4-7) 12
TOTAL FM JUL 1 224 CLOUDY (SCALE 8-10) 10
DPTR FM NORMAL 5
[CDD (BASE 65) ]
TOTAL THIS MO. 9
DPTR FM NORMAL -23 [PRESSURE DATA]
TOTAL FM JAN 1 1528 HIGHEST SLP M ON M
DPTR FM NORMAL 121 LOWEST SLP 29.58 ON 17
[REMARKS]
#FINAL-10-22#