000
CXUS54 KFWD 010731
CF6LHB
PRELIMINARY LOCAL CLIMATOLOGICAL DATA (WS FORM: F-6)
STATION: HEARNE
MONTH: MARCH
YEAR: 2024
LATITUDE: 30 52 N
LONGITUDE: 96 36 W
TEMPERATURE IN F: :PCPN: SNOW: WIND :SUNSHINE: SKY :PK WND
================================================================================
1 2 3 4 5 6A 6B 7 8 9 10 11 12 13 14 15 16 17 18
12Z AVG MX 2MIN
DY MAX MIN AVG DEP HDD CDD WTR SNW DPTH SPD SPD DIR MIN PSBL S-S WX SPD DR
================================================================================
1 70 45 58 M 7 0 0.00 M M 1.4 7 150 M M 5 1 M M
2 79 49 64 M 1 0 0.00 M M 6.2 14 160 M M 1 12 18 160
3 82 59 71 M 0 6 0.00 M M 8.5 15 170 M M 5 12 22 170
4 85 65 75 M 0 10 0.00 M M 7.0 14 210 M M 6 1 17 190
5 88 64 76 M 0 11 0.00 M M 3.5 8 260 M M 2 12 M M
6 82 65 74 M 0 9 0.00 M M 6.3 8 160 M M 3 18 M M
7 76 64 70 M 0 5 0.00 M M 7.1 14 160 M M 7 1 18 160
8 78 54 66 M 0 1 0.07 M M 6.7 22 330 M M 6 18 36 300
9 62 44 53 M 12 0 0.00 M M 12.0 21 330 M M 7 8 31 320
10 69 38 54 M 11 0 0.00 M M 1.3 9 360 M M 0 18 M M
11 74 52 63 M 2 0 0.00 M M 3.5 10 180 M M 4 M M
12 79 53 66 M 0 1 0.00 M M 8.9 16 180 M M 4 22 160
13 83 65 74 M 0 9 0.00 M M 8.9 17 150 M M 8 1 23 150
14 84 73 79 M 0 14 0.00 M M 10.3 15 160 M M 9 25 160
15 75 64 70 M 0 5 0.44 M M 6.8 14 10 M M 9 13 28 10
16 73 63 68 M 0 3 0.11 M M 4.9 8 60 M M 10 13 M M
17 68 59 64 M 1 0 0.77 M M 8.5 14 350 M M 9 3 28 310
18 67 44 56 M 9 0 0.00 M M 9.4 18 20 M M 3 24 20
19 67 38 53 M 12 0 0.00 M M 3.2 8 180 M M 1 8 M M
20 67 51 59 M 6 0 0.00 M M 3.5 9 170 M M 9 8 M M
21 64 57 61 M 4 0 2.01 M M 3.7 9 90 M M 9 8 26 110
22 69 50 60 M 5 0 0.00 M M 5.8 15 310 M M 7 128 21 320
23 73 48 61 M 4 0 0.00 M M 1.4 7 350 M M 2 12 M M
24 73 59 66 M 0 1 0.00 M M 10.0 18 150 M M 5 8 29 150
25 76 56 66 M 0 1 0.31 M M 4.8 12 160 M M 6 38 25 140
26 63 45 54 M 11 0 0.00 M M 6.8 12 330 M M 0 8 18 330
27 67 46 57 M 8 0 M M M 2.8 9 180 M M 3 18 M M
28 76 43 60 M 5 0 0.00 M M 4.1 9 150 M M 0 18 17 180
29 77 56 67 M 0 2 0.00 M M 11.2 23 170 M M 1 28 170
30 79 59 69 M 0 4 0.00 M M 7.6 13 150 M M 4 22 170
31 81 63 72 M 0 7 0.00 M M 8.2 15 160 M M 8 23 160
================================================================================
SM 2306 1691 98 89 3.71 M 194.3 M 153
================================================================================
AV 74.4 54.5 6.3 FASTST M M 5 MAX(MPH)
MISC ----> 23 170 36 300
================================================================================
NOTES:
# LAST OF SEVERAL OCCURRENCES
COLUMN 17 PEAK WIND IN M.P.H.
PRELIMINARY LOCAL CLIMATOLOGICAL DATA (WS FORM: F-6) , PAGE 2
STATION: HEARNE
MONTH: MARCH
YEAR: 2024
LATITUDE: 30 52 N
LONGITUDE: 96 36 W
[TEMPERATURE DATA] [PRECIPITATION DATA] SYMBOLS USED IN COLUMN 16
AVERAGE MONTHLY: 64.5 TOTAL FOR MONTH: 3.71 1 = FOG OR MIST
DPTR FM NORMAL: 0.0 DPTR FM NORMAL: M 2 = FOG REDUCING VISIBILITY
HIGHEST: 88 ON 5 GRTST 24HR 2.01 ON 21-21 TO 1/4 MILE OR LESS
LOWEST: 38 ON 19,10 3 = THUNDER
SNOW, ICE PELLETS, HAIL 4 = ICE PELLETS
TOTAL MONTH: M 5 = HAIL
GRTST 24HR M ON M 6 = FREEZING RAIN OR DRIZZLE
GRTST DEPTH: M ON M 7 = DUSTSTORM OR SANDSTORM:
VSBY 1/2 MILE OR LESS
8 = SMOKE OR HAZE
[NO. OF DAYS WITH] [WEATHER - DAYS WITH] 9 = BLOWING SNOW
X = TORNADO
MAX 32 OR BELOW: 0 0.01 INCH OR MORE: 6
MAX 90 OR ABOVE: 0 0.10 INCH OR MORE: 5
MIN 32 OR BELOW: 0 0.50 INCH OR MORE: 2
MIN 0 OR BELOW: 0 1.00 INCH OR MORE: 1
[HDD (BASE 65) ]
TOTAL THIS MO. 98 CLEAR (SCALE 0-3) 9
DPTR FM NORMAL M PTCLDY (SCALE 4-7) 16
TOTAL FM JUL 1 1471 CLOUDY (SCALE 8-10) 6
DPTR FM NORMAL M
[CDD (BASE 65) ]
TOTAL THIS MO. 89
DPTR FM NORMAL M [PRESSURE DATA]
TOTAL FM JAN 1 129 HIGHEST SLP M ON M
DPTR FM NORMAL M LOWEST SLP M ON M
[REMARKS]
#FINAL-03-24#