000
CXHW51 PHFO 011616
CLMLIH
CLIMATE REPORT
NATIONAL WEATHER SERVICE HONOLULU HI
616 AM HST SAT APR 01 2023
...................................
...THE LIHUE HI CLIMATE SUMMARY FOR THE MONTH OF MARCH 2023...
CLIMATE NORMAL PERIOD 1991 TO 2020
CLIMATE RECORD PERIOD 1950 TO 2023
WEATHER OBSERVED NORMAL DEPART LAST YEAR`S
VALUE DATE(S) VALUE FROM VALUE DATE(S)
NORMAL
................................................................
TEMPERATURE (F)
RECORD
HIGH 88 03/06/1986
LOW 51 03/25/1955
HIGHEST 84 03/15 78 6 82 03/21
LOWEST 59 03/11 67 -8 60 03/05
AVG. MAXIMUM 80.7 78.5 2.2 79.4
AVG. MINIMUM 68.8 67.3 1.5 67.4
MEAN 74.7 72.9 1.8 73.4
DAYS MAX >= 90 0 0
DAYS MAX >= 93 0 0
DAYS MAX <= 80 13 22
DAYS MIN >= 72 6 8
DAYS MIN <= 60 0 0
DAYS MIN <= 55 0 0
PRECIPITATION (INCHES)
RECORD
MAXIMUM 36.13 2006
MINIMUM T 2010
TOTALS 6.12 5.61 0.51 3.22
DAILY AVG. 0.20 0.18 0.02 0.10
DAYS >= .01 18 15.1 2.9 11
DAYS >= .10 11 6.3 4.7 6
DAYS >= .50 3 2.2 0.8 2
DAYS >= 1.00 3 1.6 1.4 1
GREATEST
24 HR. TOTAL 1.65 03/28 TO 03/29 1.50
SNOWFALL (INCHES)
RECORDS
TOTAL MM 0
TOTALS MM 0.0 MM MM
SINCE 7/1 MM 0.0 MM MM
SNOWDEPTH AVG. MM MM
DAYS >= 1.0 MM 0.0 MM MM
GREATEST
SNOW DEPTH MM MM MM
24 HR TOTAL MM MM
DEGREE DAYS
HEATING TOTAL 0 0 0 0
SINCE 7/1 0 0 0 MM
COOLING TOTAL 309 245 64 267
SINCE 1/1 863 671 192 MM
................................................................
WIND (MPH)
AVERAGE WIND SPEED 10.8
HIGHEST WIND SPEED/DIRECTION 37/060 DATE 03/01
HIGHEST GUST SPEED/DIRECTION 47/230 DATE 03/08
SKY COVER
POSSIBLE SUNSHINE (PERCENT) MM
AVERAGE SKY COVER 0.49
NUMBER OF DAYS FAIR 10
NUMBER OF DAYS PC 16
NUMBER OF DAYS CLOUDY 5
AVERAGE RH (PERCENT) 77
WEATHER CONDITIONS. NUMBER OF DAYS WITH
THUNDERSTORM 1 MIXED PRECIP MM
HEAVY RAIN 7 RAIN 11
LIGHT RAIN 24 FREEZING RAIN MM
LT FREEZING RAIN MM HAIL MM
HEAVY SNOW MM SNOW MM
LIGHT SNOW MM SLEET MM
FOG 17 FOG W/VIS <= 1/4 MILE MM
HAZE 3
- INDICATES NEGATIVE NUMBERS.
R INDICATES RECORD WAS SET OR TIED.
MM INDICATES DATA IS MISSING.
T INDICATES TRACE AMOUNT.
$$