000
CXUS54 KLZK 011130
CF6LIT
PRELIMINARY LOCAL CLIMATOLOGICAL DATA (WS FORM: F-6)
STATION: LITTLE ROCK ADAMS FIELD
MONTH: JULY
YEAR: 2021
LATITUDE: 34 43 N
LONGITUDE: 92 14 W
TEMPERATURE IN F: :PCPN: SNOW: WIND :SUNSHINE: SKY :PK WND
================================================================================
1 2 3 4 5 6A 6B 7 8 9 10 11 12 13 14 15 16 17 18
12Z AVG MX 2MIN
DY MAX MIN AVG DEP HDD CDD WTR SNW DPTH SPD SPD DIR MIN PSBL S-S WX SPD DR
================================================================================
1 89 75 82 2 0 17 0.53 0.0 0 5.2 28 290 M M 9 13 33 300
2 87 68 78 -3 0 13 0.00 0.0 0 8.3 20 40 M M 6 25 60
3 84 63 74 -7 0 9 0.00 0.0 0 6.2 15 80 M M 1 19 60
4 86 60 73 -8 0 8 0.00 0.0 0 3.7 12 90 M M 3 16 80
5 89 66 78 -3 0 13 0.00 0.0 0 3.5 12 80 M M 3 17 70
6 92 70 81 0 0 16 0.00 0.0 0 4.8 15 80 M M 4 17 90
7 93 73 83 2 0 18 0.00 0.0 0 4.3 14 230 M M 4 8 20 220
8 96 73 85 4 0 20 0.00 0.0 0 6.7 16 230 M M 5 21 220
9 93 76 85 4 0 20 0.00 0.0 0 10.4 18 200 M M 6 25 210
10 93 68 81 0 0 16 0.55 0.0 0 10.6 28 330 M M 6 13 42 320
11 83 68 76 -5 0 11 0.49 0.0 0 8.8 21 250 M M 8 13 25 250
12 88 68 78 -3 0 13 0.34 0.0 0 6.9 23 330 M M 6 1 30 300
13 91 69 80 -1 0 15 0.00 0.0 0 5.4 15 220 M M 4 20 220
14 92 72 82 0 0 17 0.00 0.0 0 6.7 16 220 M M 3 8 20 210
15 91 74 83 1 0 18 0.00 0.0 0 8.2 16 200 M M 4 21 190
16 87 72 80 -2 0 15 T 0.0 0 7.9 23 330 M M 8 31 310
17 81 72 77 -5 0 12 0.38 0.0 0 4.8 21 130 M M 8 13 27 140
18 86 73 80 -2 0 15 0.04 0.0 0 3.8 10 350 M M 9 13 13 350
19 86 72 79 -3 0 14 0.02 0.0 0 6.8 21 50 M M 8 3 25 40
20 88 71 80 -2 0 15 0.00 0.0 0 9.7 20 50 M M 4 25 60
21 89 71 80 -2 0 15 0.00 0.0 0 8.1 15 50 M M 4 18 50
22 91 74 83 1 0 18 1.00 0.0 0 3.5 18 250 M M 6 138 24 240
23 92 74 83 1 0 18 0.22 0.0 0 2.8 22 260 M M 6 13 27 270
24 92 75 84 2 0 19 T 0.0 0 5.2 18 300 M M 3 22 300
25 96 75 86 4 0 21 T 0.0 0 3.8 29 10 M M 4 3 35 360
26 94 76 85 3 0 20 0.05 0.0 0 3.6 24 320 M M 5 1 29 320
27 96 78 87 5 0 22 0.00 0.0 0 3.0 10 110 M M 5 1 15 50
28 95 78 87 5 0 22 0.00 0.0 0 3.7 12 40 M M 2 14 100
29 96 74 85 3 0 20 0.00 0.0 0 2.4 9 170 M M 2 1 11 30
30 99 75 87 5 0 22 0.00 0.0 0 3.3 9 360 M M 5 1 12 340
31 99 77 88 6 0 23 0.00 0.0 0 6.6 14 220 M M 3 1 17 230
================================================================================
SM 2814 2230 0 515 3.62 0.0 178.7 M 154
================================================================================
AV 90.8 71.9 5.8 FASTST M M 5 MAX(MPH)
MISC ----> 29 10 42 320
================================================================================
NOTES:
# LAST OF SEVERAL OCCURRENCES
COLUMN 17 PEAK WIND IN M.P.H.
PRELIMINARY LOCAL CLIMATOLOGICAL DATA (WS FORM: F-6) , PAGE 2
STATION: LITTLE ROCK ADAMS FIELD
MONTH: JULY
YEAR: 2021
LATITUDE: 34 43 N
LONGITUDE: 92 14 W
[TEMPERATURE DATA] [PRECIPITATION DATA] SYMBOLS USED IN COLUMN 16
AVERAGE MONTHLY: 81.4 TOTAL FOR MONTH: 3.62 1 = FOG OR MIST
DPTR FM NORMAL: 0.0 DPTR FM NORMAL: 0.29 2 = FOG REDUCING VISIBILITY
HIGHEST: 99 ON 30,31 GRTST 24HR 1.20 ON 22-23 TO 1/4 MILE OR LESS
LOWEST: 60 ON 4 3 = THUNDER
SNOW, ICE PELLETS, HAIL 4 = ICE PELLETS
TOTAL MONTH: 0.0 INCH 5 = HAIL
GRTST 24HR 0.0 6 = FREEZING RAIN OR DRIZZLE
GRTST DEPTH: 0 7 = DUSTSTORM OR SANDSTORM:
VSBY 1/2 MILE OR LESS
8 = SMOKE OR HAZE
[NO. OF DAYS WITH] [WEATHER - DAYS WITH] 9 = BLOWING SNOW
X = TORNADO
MAX 32 OR BELOW: 0 0.01 INCH OR MORE: 10
MAX 90 OR ABOVE: 18 0.10 INCH OR MORE: 7
MIN 32 OR BELOW: 0 0.50 INCH OR MORE: 3
MIN 0 OR BELOW: 0 1.00 INCH OR MORE: 1
[HDD (BASE 65) ]
TOTAL THIS MO. 0 CLEAR (SCALE 0-3) 7
DPTR FM NORMAL 0 PTCLDY (SCALE 4-7) 19
TOTAL FM JUL 1 0 CLOUDY (SCALE 8-10) 5
DPTR FM NORMAL 0
[CDD (BASE 65) ]
TOTAL THIS MO. 515
DPTR FM NORMAL 5 [PRESSURE DATA]
TOTAL FM JAN 1 1120 HIGHEST SLP 30.21 ON 14
DPTR FM NORMAL -22 LOWEST SLP 29.83 ON 11
[REMARKS]
#FINAL-07-21#