000
CXUS54 KLZK 011230
CF6LIT
PRELIMINARY LOCAL CLIMATOLOGICAL DATA (WS FORM: F-6)
STATION: LITTLE ROCK ADAMS FIELD
MONTH: FEBRUARY
YEAR: 2021
LATITUDE: 34 43 N
LONGITUDE: 92 14 W
TEMPERATURE IN F: :PCPN: SNOW: WIND :SUNSHINE: SKY :PK WND
================================================================================
1 2 3 4 5 6A 6B 7 8 9 10 11 12 13 14 15 16 17 18
12Z AVG MX 2MIN
DY MAX MIN AVG DEP HDD CDD WTR SNW DPTH SPD SPD DIR MIN PSBL S-S WX SPD DR
================================================================================
1 49 33 41 -1 24 0 0.00 0.0 0 10.4 22 340 M M 5 28 310
2 46 27 37 -5 28 0 0.00 0.0 0 3.7 10 30 M M 5 20 40
3 52 25 39 -3 26 0 0.00 0.0 0 5.4 15 110 M M 4 1 18 110
4 58 39 49 7 16 0 0.01 0.0 0 10.8 28 290 M M 7 1 35 280
5 58 25 42 0 23 0 0.00 0.0 0 5.3 13 170 M M 3 16 170
6 52 39 46 3 19 0 0.25 0.0 0 7.0 20 100 M M 10 1 26 80
7 39 32 36 -7 29 0 0.00 0.0 0 9.6 16 60 M M 10 1 19 70
8 46 31 39 -4 26 0 0.00 0.0 0 7.8 14 90 M M 10 17 90
9 44 31 38 -5 27 0 T 0.0 0 9.1 14 20 M M 10 1 17 60
10 34 30 32 -12 33 0 0.01 0.0 0 8.2 15 30 M M 10 126 19 30
11 31 27 29 -15 36 0 0.24 0.1 T 10.3 18 10 M M 10 1346 21 360
12 29 25 27 -17 38 0 0.00 0.0 T 11.6 17 360 M M 10 23 350
13 32 22 27 -17 38 0 0.00 0.0 T 11.4 17 350 M M 8 22 340
14 23 14 19 -25 46 0 0.07 0.7 T 13.5 20 10 M M 10 148 25 360
15 14 7 11 -34 54 0 0.69 7.7 3 12.7 18 340 M M 10 12 25 330
16 20 -1 10 -35 55 0 T T 7 5.5 13 330 M M 8 16 320
17 21 15 18 -27 47 0 0.66 11.8 7 8.7 14 350 M M 10 128 17 350
18 32 21 27 -19 38 0 0.02 T 15 8.3 16 10 M M 9 18 19 30
19 34 9 22 -24 43 0 0.00 0.0 11 3.8 12 340 M M 1 13 340
20 38 9 24 -22 41 0 0.00 0.0 9 4.8 12 120 M M 0 1 13 120
21 53 16 35 -11 30 0 0.06 0.0 5 5.9 21 200 M M 6 1 30 200
22 63 28 46 -1 19 0 0.00 0.0 2 5.4 12 220 M M 1 1 14 230
23 74 37 56 9 9 0 0.00 0.0 T 9.2 20 220 M M 1 25 200
24 71 51 61 14 4 0 0.00 0.0 0 9.6 18 190 M M 4 26 200
25 54 43 49 1 16 0 0.27 0.0 0 11.5 22 50 M M 8 1 26 40
26 48 41 45 -3 20 0 1.34 0.0 0 5.0 16 110 M M 10 123 20 90
27 53 45 49 1 16 0 0.18 0.0 0 4.3 13 100 M M 10 123 15 90
28 76 51 64 16 1 0 1.22 0.0 0 9.1 26 210 M M 10 123 34 220
================================================================================
SM 1244 772 802 0 5.02 20.3 227.9 M 200
================================================================================
AV 44.4 27.6 8.1 FASTST M M 7 MAX(MPH)
MISC ----> 28 290 35 280
================================================================================
NOTES:
# LAST OF SEVERAL OCCURRENCES
COLUMN 17 PEAK WIND IN M.P.H.
PRELIMINARY LOCAL CLIMATOLOGICAL DATA (WS FORM: F-6) , PAGE 2
STATION: LITTLE ROCK ADAMS FIELD
MONTH: FEBRUARY
YEAR: 2021
LATITUDE: 34 43 N
LONGITUDE: 92 14 W
[TEMPERATURE DATA] [PRECIPITATION DATA] SYMBOLS USED IN COLUMN 16
AVERAGE MONTHLY: 36.0 TOTAL FOR MONTH: 5.02 1 = FOG OR MIST
DPTR FM NORMAL: -8.8 DPTR FM NORMAL: 1.36 2 = FOG REDUCING VISIBILITY
HIGHEST: 76 ON 28 GRTST 24HR 1.61 ON 25-26 TO 1/4 MILE OR LESS
LOWEST: -1 ON 16 3 = THUNDER
SNOW, ICE PELLETS, HAIL 4 = ICE PELLETS
TOTAL MONTH: 20.3 INCHES 5 = HAIL
GRTST 24HR 11.8 ON 17-17 6 = FREEZING RAIN OR DRIZZLE
GRTST DEPTH: 15 ON 18 7 = DUSTSTORM OR SANDSTORM:
VSBY 1/2 MILE OR LESS
8 = SMOKE OR HAZE
[NO. OF DAYS WITH] [WEATHER - DAYS WITH] 9 = BLOWING SNOW
X = TORNADO
MAX 32 OR BELOW: 8 0.01 INCH OR MORE: 13
MAX 90 OR ABOVE: 0 0.10 INCH OR MORE: 8
MIN 32 OR BELOW: 19 0.50 INCH OR MORE: 4
MIN 0 OR BELOW: 1 1.00 INCH OR MORE: 2
[HDD (BASE 65) ]
TOTAL THIS MO. 802 CLEAR (SCALE 0-3) 5
DPTR FM NORMAL 235 PTCLDY (SCALE 4-7) 9
TOTAL FM JUL 1 2631 CLOUDY (SCALE 8-10) 14
DPTR FM NORMAL 117
[CDD (BASE 65) ]
TOTAL THIS MO. 0
DPTR FM NORMAL -1 [PRESSURE DATA]
TOTAL FM JAN 1 0 HIGHEST SLP 30.56 ON 19
DPTR FM NORMAL -1 LOWEST SLP 29.63 ON 4
[REMARKS]
#FINAL-02-21#