000
CXUS54 KLZK 210256 AAB
CLSLIT
CLIMATE REPORT...UPDATED WITH SUPPLEMENTAL DATA
NATIONAL WEATHER SERVICE LITTLE ROCK AR
937 PM CST FRI DEC 02 2022
...................................
...THE LITTLE ROCK ADAMS FIELD CLIMATE SUMMARY FOR THE SEASON, FROM
9/1/2022 TO 11/30/2022...
CLIMATE NORMAL PERIOD 1991 TO 2020
CLIMATE RECORD PERIOD 1874 TO 2022
WEATHER OBSERVED NORMAL DEPART LAST YEAR`S
VALUE DATE(S) VALUE FROM VALUE DATE(S)
NORMAL
................................................................
TEMPERATURE (F)
RECORD
HIGH 106 09/01/1947
LOW 10 11/18/1880
HIGHEST 101 09/21 MM MM 100 09/01
LOWEST 25 11/21 MM MM 29 11/26
11/17
AVG. MAXIMUM 76.9 73.7 3.2 76.2
AVG. MINIMUM 52.9 51.4 1.5 53.1
MEAN 64.9 62.5 2.4 64.7
DAYS MAX >= 90 21 11.5 9.5 11
DAYS MAX <= 32 0 0.0 0.0 0
DAYS MIN <= 32 8 5.3 2.7 5
DAYS MIN <= 0 0 0.0 0.0 0
PRECIPITATION (INCHES)
TOTALS 7.25 12.20 -4.95 7.01
DAILY AVG. 0.08 0.13 -0.05 0.08
DAYS >= .01 21 23.2 -2.2 21
DAYS >= .10 15 15.9 -0.9 13
DAYS >= .50 5 7.5 -2.5 5
DAYS >= 1.00 2 3.7 -1.7 2
GREATEST
24 HR. TOTAL 2.01 11/23 TO 11/24 1.57 10/01 TO 10/02
STORM TOTAL 1.96 1.56
(MM/DD(HH)) MM
SNOWFALL (INCHES)
RECORDS
TOTAL 9.4 1880
24 HR TOTAL 9.4 11/17/1880 TO 11/17/1880
SNOW DEPTH 3 11/23/1971
11/09/1892
TOTALS T 0.0 0.0 0.0
LIQUID EQUIV T T 0.00 0.00
SINCE 7/1 T 0.0 0.0 MM
LIQUID 7/1 -0.10 0.00 -0.10 MM
SNOWDEPTH AVG. 0 0
DAYS >= TRACE 2 0.1 1.9 0
DAYS >= 1.0 0 0.0 0.0 0
GREATEST
SNOW DEPTH 0 0 MM
24 HR TOTAL T 1MM14 TO 11/14 0.0
11/12 TO 11/12
STORM TOTAL T 0.0
(MM/DD(HH)) MM
DEGREE DAYS
HEATING TOTAL 488 581 -93 500
SINCE 7/1 488 582 -94 MM
COOLING TOTAL 500 356 144 495
SINCE 1/1 2566 1989 577 MM
FREEZE DATES
RECORD
EARLIEST 10/20/1989
LATEST 04/19/1983
EARLIEST 11/12
LATEST 03/13
................................................................
WIND (MPH)
AVERAGE WIND SPEED 6.4
HIGHEST WIND SPEED/DIRECTION 39/250 DATE 09/24
HIGHEST GUST SPEED/DIRECTION 56/250 DATE 09/24
SKY COVER
AVERAGE SKY COVER 0.40
NUMBER OF DAYS FAIR 43
NUMBER OF DAYS PC 31
NUMBER OF DAYS CLOUDY 17
WEATHER CONDITIONS. NUMBER OF DAYS WITH
THUNDERSTORM 11 MIXED PRECIP 0
HEAVY RAIN 9 RAIN 14
LIGHT RAIN 23 FREEZING RAIN 0
LT FREEZING RAIN 0 HAIL 0
HEAVY SNOW 0 SLEET 2
FOG 25 FOG W/VIS <= 1/4 MILE 3
HAZE 20
- INDICATES NEGATIVE NUMBERS.
R INDICATES RECORD WAS SET OR TIED.
MM INDICATES DATA IS MISSING.
T INDICATES TRACE AMOUNT.
&&
.SEASONAL TEMPERATURES...
THE AVERAGE HIGH TEMPERATURE OF 76.9 WAS TIED FOR THE 13TH HOTTEST
SEASON AND WARMEST SINCE 2016.
THE AVERAGE LOW TEMPERATURE OF 52.9 WAS TIED FOR THE 64TH COLDEST
SEASON AND COOLEST SINCE 2020.
THE AVERAGE TEMPERATURE OF 64.9 WAS TIED FOR THE 28TH HOTTEST SEASON
AND WARMEST SINCE 2016.
THE HOTTEST TEMPERATURE OF 101 DEGREES OCCURRED ON SEPT 21ST, WHICH
WAS THE HOTTEST READING SINCE 2013 AND TIED FOR 10TH HOTTEST
TEMPERATURE FOR THE SEASON.
THERE WERE TWO 100-DEGREE DAYS, SEPT 20TH AND 21ST.
THE LAST 90-DEGREE DAY WAS ON OCT 15TH. THERE WERE 21 DAYS WITH
HIGHS OF 90 DEGREES OR GREATER.
THE LAST 80-DEGREE DAY WAS ON NOV 9TH.
THE COLDEST TEMPERATURE OF 25 DEGREES OCCURRED ON NOV 17TH AND 21ST,
WHICH WAS THE COLDEST READING SINCE 2019 AND TIED FOR THE 49TH
COLDEST TEMPERATURE FOR THE SEASON.
THE FIRST FREEZE OCCURRED ON NOV 12TH. THERE WERE 8 DAYS WITH LOWS
OF 32 DEGREES OR LESS.
.SEASONAL RAINFALL...
THE SEASONAL RAINFALL TOTAL OF 7.25 WAS THE 33RD DRIEST ON RECORD.
.SEASONAL SNOWFALL...
THE SEASONAL SNOWFALL WAS A TRACE. THERE WAS NO MEASURABLE SEASONAL
SNOWFALL FOR THE FOURTH CONSECUTIVE YEAR.
$$
70