000
CXUS55 KPIH 011454
CF6LLJ
PRELIMINARY LOCAL CLIMATOLOGICAL DATA (WS FORM: F-6)
STATION: CHALLIS
MONTH: JUNE
YEAR: 2021
LATITUDE: 44 31 N
LONGITUDE: 114 13 W
TEMPERATURE IN F: :PCPN: SNOW: WIND :SUNSHINE: SKY :PK WND
================================================================================
1 2 3 4 5 6A 6B 7 8 9 10 11 12 13 14 15 16 17 18
12Z AVG MX 2MIN
DY MAX MIN AVG DEP HDD CDD WTR SNW DPTH SPD SPD DIR MIN PSBL S-S WX SPD DR
================================================================================
1 88 49 69 11 0 4 0.00 M M 4.9 14 330 M M 0 17 40
2 92 52 72 14 0 7 0.00 M M 3.8 12 310 M M 0 17 30
3 93 55 74 16 0 9 T M M 4.3 20 140 M M 1 3 30 330
4 95 56 76 18 0 11 0.00 M M 8.8 25 280 M M 0 35 270
5 85 56 71 13 0 6 0.00 M M 11.1 35 280 M M 0 51 290
6 81 42 62 4 3 0 0.00 M M 8.0 29 220 M M 0 42 220
7 82 49 66 7 0 1 0.00 M M 9.1 20 190 M M 0 30 160
8 86 53 70 11 0 5 T M M 7.9 31 200 M M 0 3 43 200
9 82 47 65 6 0 0 0.00 M M 9.2 30 190 M M 0 47 200
10 73 39 56 -3 9 0 0.00 M M 11.5 33 280 M M 5 45 270
11 73 31 52 -8 13 0 0.00 M M 5.4 18 190 M M 2 26 150
12 84 46 65 5 0 0 0.00 M M 5.9 18 260 M M 2 24 290
13 96 49 73 13 0 8 0.00 M M 5.6 24 210 M M 0 38 220
14 97 51 74 14 0 9 0.00 M M 6.6 26 210 M M 0 35 170
15 91 51 71 11 0 6 0.00 M M 10.6 32 240 M M 0 48 220
16 91 52 72 11 0 7 0.00 M M 7.9 24 270 M M 0 33 270
17 90 47 69 8 0 4 0.00 M M 4.6 16 240 M M 0 27 350
18 93 50 72 11 0 7 0.00 M M 4.2 14 280 M M 0 21 300
19 92 53 73 11 0 8 0.00 M M 8.0 28 260 M M 0 38 290
20 83 57 70 8 0 5 0.00 M M 8.1 16 40 M M 0 24 30
21 93 51 72 10 0 7 0.00 M M 4.8 22 300 M M 0 29 300
22 92 53 73 11 0 8 0.27 M M 5.6 33 190 M M 1 3 44 160
23 89 55 72 9 0 7 0.00 M M 5.2 20 340 M M 1 28 340
24 83 58 71 8 0 6 0.02 M M 5.8 32 270 M M 2 3 42 280
25 86 54 70 6 0 5 0.00 M M 5.2 14 20 M M 3 22 10
26 87 57 72 8 0 7 0.00 M M 7.0 18 350 M M 0 25 350
27 90 56 73 9 0 8 0.00 M M 5.1 16 30 M M 0 25 340
28 96 59 78 14 0 13 0.00 M M 5.8 18 10 M M 0 25 10
29 98 56 77 12 0 12 0.00 M M 4.7 25 150 M M 0 42 150
30 98 61 80 15 0 15 0.00 M M 5.0 20 250 M M 0 3 26 250
================================================================================
SM 2659 1545 25 185 0.29 M 199.7 M 17
================================================================================
AV 88.6 51.5 6.7 FASTST M M 1 MAX(MPH)
MISC ----> 35 280 51 290
================================================================================
NOTES:
# LAST OF SEVERAL OCCURRENCES
COLUMN 17 PEAK WIND IN M.P.H.
PRELIMINARY LOCAL CLIMATOLOGICAL DATA (WS FORM: F-6) , PAGE 2
STATION: CHALLIS
MONTH: JUNE
YEAR: 2021
LATITUDE: 44 31 N
LONGITUDE: 114 13 W
[TEMPERATURE DATA] [PRECIPITATION DATA] SYMBOLS USED IN COLUMN 16
AVERAGE MONTHLY: 70.1 TOTAL FOR MONTH: 0.29 1 = FOG OR MIST
DPTR FM NORMAL: 9.2 DPTR FM NORMAL: -0.64 2 = FOG REDUCING VISIBILITY
HIGHEST: 98 ON 30,29 GRTST 24HR 0.27 ON 22-22 TO 1/4 MILE OR LESS
LOWEST: 31 ON 11 3 = THUNDER
SNOW, ICE PELLETS, HAIL 4 = ICE PELLETS
TOTAL MONTH: M 5 = HAIL
GRTST 24HR M ON M 6 = FREEZING RAIN OR DRIZZLE
GRTST DEPTH: M ON M 7 = DUSTSTORM OR SANDSTORM:
VSBY 1/2 MILE OR LESS
8 = SMOKE OR HAZE
[NO. OF DAYS WITH] [WEATHER - DAYS WITH] 9 = BLOWING SNOW
X = TORNADO
MAX 32 OR BELOW: 0 0.01 INCH OR MORE: 2
MAX 90 OR ABOVE: 16 0.10 INCH OR MORE: 1
MIN 32 OR BELOW: 1 0.50 INCH OR MORE: 0
MIN 0 OR BELOW: 0 1.00 INCH OR MORE: 0
[HDD (BASE 65) ]
TOTAL THIS MO. 25 CLEAR (SCALE 0-3) 28
DPTR FM NORMAL -129 PTCLDY (SCALE 4-7) 2
TOTAL FM JUL 1 7555 CLOUDY (SCALE 8-10) 0
DPTR FM NORMAL -239
[CDD (BASE 65) ]
TOTAL THIS MO. 185
DPTR FM NORMAL 153 [PRESSURE DATA]
TOTAL FM JAN 1 185 HIGHEST SLP 30.21 ON 11
DPTR FM NORMAL 149 LOWEST SLP 29.42 ON 10
[REMARKS]
2ND: HIGH OF 92 BREAKS OLD RECORD OF 89 SET IN 1986.
3RD: HIGH OF 93 BREAKS OLD RECORD OF 90 SET IN 1969.
4TH: HIGH OF 95 BREAKS OLD RECORD OF 93 SET IN 1969.
13TH: HIGH OF 96 BREAKS OLD RECORD OF 92 SET IN 1933.
14TH: HIGH OF 97 BREAKS OLD RECORD OF 94 SET IN 1974.
18TH: HIGH OF 93 TIES RECORD SET IN 1940.
29TH: HIGH OF 97 BREAKS OLD RECORD OF 96 SET IN 2008.
30TH: HIGH OF 98 TIES RECORD OF SET IN 1974.
#FINAL-06-21#